000
CXUS53 KILX 011000
CF6DEC
PRELIMINARY LOCAL CLIMATOLOGICAL DATA (WS FORM: F-6)
STATION: DECATUR IL AIRPORT
MONTH: NOVEMBER
YEAR: 2022
LATITUDE: 39 49 N
LONGITUDE: 88 51 W
TEMPERATURE IN F: :PCPN: SNOW: WIND :SUNSHINE: SKY :PK WND
================================================================================
1 2 3 4 5 6A 6B 7 8 9 10 11 12 13 14 15 16 17 18
12Z AVG MX 2MIN
DY MAX MIN AVG DEP HDD CDD WTR SNW DPTH SPD SPD DIR MIN PSBL S-S WX SPD DR
================================================================================
1 70 42 56 7 9 0 0.00 M M 3.2 13 230 M M 2 128 16 250
2 73 42 58 10 7 0 0.00 M M 6.2 15 200 M M 0 1 18 190
3 73 49 61 13 4 0 0.00 M M 12.2 22 180 M M 0 28 180
4 78 59 69 22 0 4 T M M 17.9 30 190 M M 5 42 200
5 67 42 55 8 10 0 0.46 M M 18.7 36 220 M M 6 13 58 190
6 66 42 54 7 11 0 0.00 M M 10.9 21 190 M M 0 27 200
7 58 40 49 3 16 0 0.00 M M 10.4 17 40 M M 0 22 20
8 64 37 51 5 14 0 0.00 M M 11.5 20 100 M M 2 25 100
9 77 47 62 17 3 0 0.00 M M 8.5 16 180 M M 1 21 170
10 73 51 62 17 3 0 0.00 M M 12.8 25 200 M M 0 33 200
11 55 30 43 -1 22 0 0.00 M M 15.7 25 310 M M 4 38 320
12 34 30 32 -12 33 0 T M M 13.3 22 300 M M 10 29 300
13 39 21 30 -14 35 0 0.00 M M 5.9 15 300 M M 4 20 310
14 43 17 30 -13 35 0 0.00 M M 6.9 15 140 M M 1 23 150
15 36 33 35 -8 30 0 0.03 M M 8.1 15 270 M M 10 1 20 270
16 36 28 32 -10 33 0 0.01 M M 13.4 21 260 M M 10 1 30 300
17 39 26 33 -9 32 0 0.00 M M 12.6 23 290 M M 8 33 260
18 31 20 26 -16 39 0 0.00 M M 12.7 26 270 M M 7 37 280
19 33 18 26 -15 39 0 0.00 M M 14.6 25 290 M M 3 37 250
20 38 13 26 -15 39 0 0.00 M M 11.1 18 200 M M 0 25 200
21 53 28 41 1 24 0 0.00 M M 12.7 23 240 M M 0 30 240
22 59 22 41 1 24 0 0.00 M M 8.5 21 210 M M 0 26 220
23 61 29 45 5 20 0 0.00 M M 8.1 14 170 M M 0 18 170
24 50 33 42 3 23 0 0.05 M M 6.6 15 200 M M 8 12 18 190
25 51 27 39 0 26 0 0.00 M M 5.3 14 330 M M 5 128 20 320
26 55 23 39 0 26 0 0.02 M M 6.8 15 180 M M 2 1 19 190
27 49 40 45 7 20 0 1.16 M M 12.6 26 40 M M 9 1 35 50
28 46 40 43 5 22 0 0.00 M M 6.2 13 160 M M 9 18 19 170
29 61 33 47 9 18 0 0.03 M M 17.6 30 300 M M 5 1 45 310
30 33 24 29 -8 36 0 0.00 M M 16.5 30 290 M M 2 43 280
================================================================================
SM 1601 986 653 4 1.76 M 327.5 M 113
================================================================================
AV 53.4 32.9 10.9 FASTST M M 4 MAX(MPH)
MISC ----> 36 220 58 190
================================================================================
NOTES:
# LAST OF SEVERAL OCCURRENCES
COLUMN 17 PEAK WIND IN M.P.H.
PRELIMINARY LOCAL CLIMATOLOGICAL DATA (WS FORM: F-6) , PAGE 2
STATION: DECATUR IL AIRPORT
MONTH: NOVEMBER
YEAR: 2022
LATITUDE: 39 49 N
LONGITUDE: 88 51 W
[TEMPERATURE DATA] [PRECIPITATION DATA] SYMBOLS USED IN COLUMN 16
AVERAGE MONTHLY: 43.1 TOTAL FOR MONTH: 1.76 1 = FOG OR MIST
DPTR FM NORMAL: 0.4 DPTR FM NORMAL: -1.21 2 = FOG REDUCING VISIBILITY
HIGHEST: 78 ON 4 GRTST 24HR 1.18 ON 26-27 TO 1/4 MILE OR LESS
LOWEST: 13 ON 20 3 = THUNDER
SNOW, ICE PELLETS, HAIL 4 = ICE PELLETS
TOTAL MONTH: M 5 = HAIL
GRTST 24HR M ON M 6 = FREEZING RAIN OR DRIZZLE
GRTST DEPTH: M ON M 7 = DUSTSTORM OR SANDSTORM:
VSBY 1/2 MILE OR LESS
8 = SMOKE OR HAZE
[NO. OF DAYS WITH] [WEATHER - DAYS WITH] 9 = BLOWING SNOW
X = TORNADO
MAX 32 OR BELOW: 1 0.01 INCH OR MORE: 7
MAX 90 OR ABOVE: 0 0.10 INCH OR MORE: 2
MIN 32 OR BELOW: 15 0.50 INCH OR MORE: 1
MIN 0 OR BELOW: 0 1.00 INCH OR MORE: 1
[HDD (BASE 65) ]
TOTAL THIS MO. 653 CLEAR (SCALE 0-3) 16
DPTR FM NORMAL -15 PTCLDY (SCALE 4-7) 9
TOTAL FM JUL 1 1077 CLOUDY (SCALE 8-10) 5
DPTR FM NORMAL 15
[CDD (BASE 65) ]
TOTAL THIS MO. 4
DPTR FM NORMAL 3 [PRESSURE DATA]
TOTAL FM JAN 1 1231 HIGHEST SLP 30.56 ON 8
DPTR FM NORMAL 126 LOWEST SLP 29.33 ON 27
[REMARKS]
#FINAL-11-22#