000
CXUS56 KOTX 011010
CF6DEW
PRELIMINARY LOCAL CLIMATOLOGICAL DATA (WS FORM: F-6)
STATION: DEER_PARK WA AIRPORT
MONTH: FEBRUARY
YEAR: 2023
LATITUDE: 47 58 N
LONGITUDE: 117 25 W
TEMPERATURE IN F: :PCPN: SNOW: WIND :SUNSHINE: SKY :PK WND
================================================================================
1 2 3 4 5 6A 6B 7 8 9 10 11 12 13 14 15 16 17 18
12Z AVG MX 2MIN
DY MAX MIN AVG DEP HDD CDD WTR SNW DPTH SPD SPD DIR MIN PSBL S-S WX SPD DR
================================================================================
1 33 19 26 -3 39 0 T M M 2.7 8 350 M M 9 10 350
2 40 17 29 0 36 0 0.00 M M 3.1 7 40 M M 0 1 9 30
3 40 16 28 -1 37 0 0.02 M M 4.3 16 240 M M 5 29 240
4 42 33 38 9 27 0 0.06 M M 6.2 13 30 M M 7 1 17 30
5 37 34 36 7 29 0 0.08 M M 5.8 14 180 M M 9 12 17 40
6 39 33 36 7 29 0 0.00 M M 7.4 13 180 M M 10 1 15 160
7 38 34 36 7 29 0 0.33 M M 8.6 17 190 M M 9 1 21 200
8 38 20 29 0 36 0 0.00 M M 6.1 17 190 M M 0 20 190
9 39 20 30 1 35 0 0.00 M M 5.9 12 40 M M 6 14 40
10 42 23 33 4 32 0 0.00 M M 2.1 7 340 M M 4 9 40
11 41 17 29 0 36 0 0.00 M M 1.0 9 320 M M 0 1 10 320
12 40 19 30 0 35 0 0.00 M M 2.0 7 320 M M 6 1 8 320
13 41 28 35 5 30 0 T M M 6.4 15 190 M M 9 18 300
14 40 22 31 1 34 0 0.00 M M 2.5 8 160 M M 5 14 170
15 38 16 27 -3 38 0 0.00 M M 1.0 9 230 M M 2 12 11 230
16 42 17 30 0 35 0 0.00 M M 2.6 7 50 M M 2 8 40
17 40 32 36 6 29 0 T M M 5.9 13 150 M M 10 15 140
18 43 24 34 4 31 0 T M M 5.1 24 100 M M 5 27 100
19 44 24 34 3 31 0 0.00 M M 7.0 16 200 M M 8 22 240
20 48 35 42 11 23 0 0.00 M M 12.4 24 200 M M 7 30 220
21 40 19 30 -1 35 0 0.10 M M 15.6 30 50 M M 8 12 37 50
22 19 10 15 -16 50 0 T M M 20.9 30 50 M M 8 39 50
23 13 5 9 -23 56 0 0.00 M M 19.0 30 50 M M 6 40 50
24 21 3 12 -20 53 0 0.00 M M 6.1 14 40 M M 0 18 40
25 31 2 17 -15 48 0 0.00 M M 2.6 8 320 M M 1 9 320
26 34 12 23 -9 42 0 0.21 M M 5.3 16 240 M M 6 12 21 240
27 37 11 24 -9 41 0 0.08 M M 5.1 14 30 M M 6 1 16 40
28 35 10 23 -10 42 0 0.26 M M 5.5 14 200 M M 9 128 18 200
================================================================================
SM 1035 555 1018 0 1.14 M 178.2 M 157
================================================================================
AV 37.0 19.8 6.4 FASTST M M 6 MAX(MPH)
MISC ----> # 30 50 40 50
================================================================================
NOTES:
# LAST OF SEVERAL OCCURRENCES
COLUMN 17 PEAK WIND IN M.P.H.
PRELIMINARY LOCAL CLIMATOLOGICAL DATA (WS FORM: F-6) , PAGE 2
STATION: DEER_PARK WA AIRPORT
MONTH: FEBRUARY
YEAR: 2023
LATITUDE: 47 58 N
LONGITUDE: 117 25 W
[TEMPERATURE DATA] [PRECIPITATION DATA] SYMBOLS USED IN COLUMN 16
AVERAGE MONTHLY: 28.4 TOTAL FOR MONTH: 1.14 1 = FOG OR MIST
DPTR FM NORMAL: -1.8 DPTR FM NORMAL: -0.49 2 = FOG REDUCING VISIBILITY
HIGHEST: 48 ON 20 GRTST 24HR 0.34 ON 27-28 TO 1/4 MILE OR LESS
LOWEST: 2 ON 25 3 = THUNDER
SNOW, ICE PELLETS, HAIL 4 = ICE PELLETS
TOTAL MONTH: M 5 = HAIL
GRTST 24HR M ON M 6 = FREEZING RAIN OR DRIZZLE
GRTST DEPTH: M ON M 7 = DUSTSTORM OR SANDSTORM:
VSBY 1/2 MILE OR LESS
8 = SMOKE OR HAZE
[NO. OF DAYS WITH] [WEATHER - DAYS WITH] 9 = BLOWING SNOW
X = TORNADO
MAX 32 OR BELOW: 4 0.01 INCH OR MORE: 8
MAX 90 OR ABOVE: 0 0.10 INCH OR MORE: 4
MIN 32 OR BELOW: 23 0.50 INCH OR MORE: 0
MIN 0 OR BELOW: 0 1.00 INCH OR MORE: 0
[HDD (BASE 65) ]
TOTAL THIS MO. 1018 CLEAR (SCALE 0-3) 7
DPTR FM NORMAL 44 PTCLDY (SCALE 4-7) 12
TOTAL FM JUL 1 5165 CLOUDY (SCALE 8-10) 9
DPTR FM NORMAL -81
[CDD (BASE 65) ]
TOTAL THIS MO. 0
DPTR FM NORMAL 0 [PRESSURE DATA]
TOTAL FM JAN 1 0 HIGHEST SLP M ON M
DPTR FM NORMAL 0 LOWEST SLP 29.39 ON 21
[REMARKS]
#FINAL-02-23#