000
CXUS53 KIWX 010910
CF6DFI
PRELIMINARY LOCAL CLIMATOLOGICAL DATA (WS FORM: F-6)
STATION: DEFIANCE MEMORIAL
MONTH: DECEMBER
YEAR: 2022
LATITUDE: 41 20 N
LONGITUDE: 84 26 W
TEMPERATURE IN F: :PCPN: SNOW: WIND :SUNSHINE: SKY :PK WND
================================================================================
1 2 3 4 5 6A 6B 7 8 9 10 11 12 13 14 15 16 17 18
12Z AVG MX 2MIN
DY MAX MIN AVG DEP HDD CDD WTR SNW DPTH SPD SPD DIR MIN PSBL S-S WX SPD DR
================================================================================
1 34 23 29 -6 36 0 0.00 M M 7.9 15 250 M M 5 25 240
2 54 31 43 9 22 0 T M M 13.8 26 200 M M 10 41 210
3 54 24 39 5 26 0 T M M 11.7 29 300 M M 7 1 46 250
4 37 16 27 -7 38 0 0.00 M M 6.8 15 210 M M 0 21 230
5 47 21 34 1 31 0 0.00 M M 6.0 15 200 M M 4 21 180
6 49 40 45 12 20 0 0.00 M M 3.0 12 30 M M 10 18 17 180
7 47 41 44 11 21 0 0.00 M M 3.8 9 30 M M 10 128 13 30
8 44 30 37 5 28 0 0.00 M M 5.6 10 30 M M 8 1 15 40
9 41 30 36 4 29 0 0.09 M M 9.6 21 100 M M 8 1 29 50
10 38 33 36 4 29 0 T M M 5.0 14 30 M M 10 1 19 60
11 42 36 39 8 26 0 T M M 3.3 9 300 M M 10 1 12 290
12 38 35 37 6 28 0 0.00 M M 5.3 10 80 M M 10 15 80
13 39 32 36 5 29 0 0.00 M M 10.3 21 110 M M 6 27 110
14 42 33 38 7 27 0 0.07 M M 14.2 21 80 M M 7 1 32 80
15 46 34 40 10 25 0 0.24 M M 8.7 22 90 M M 8 1 34 80
16 36 29 33 3 32 0 T M M 10.4 17 230 M M 10 28 230
17 30 25 28 -2 37 0 T M M 10.5 18 230 M M 10 1 31 220
18 26 21 24 -6 41 0 0.00 M M 9.3 16 230 M M 10 25 220
19 27 21 24 -5 41 0 0.00 M M 4.1 12 290 M M 10 15 250
20 37 20 29 0 36 0 0.00 M M 2.5 8 150 M M 5 12 150
21 33 20 27 -2 38 0 0.00 M M 2.8 10 90 M M 6 18 15 90
22 41 21 31 2 34 0 0.19 M M 7.3 28 300 M M 9 18 38 290
23 21 -6 8 -20 57 0 T M M 17.4 25 240 M M 10 1 47 240
24 13 -1 6 -22 59 0 T M M 11.5 25 230 M M 10 8 42 240
25 13 7 10 -18 55 0 T M M 10.2 20 230 M M 7 8 30 220
26 22 8 15 -13 50 0 T M M 6.2 12 210 M M 9 1 17 210
27 30 17 24 -4 41 0 0.00 M M 7.8 21 200 M M 9 18 27 200
28 45 28 37 10 28 0 0.00 M M 13.0 22 190 M M 1 33 190
29 55 38 47 20 18 0 0.00 M M 11.4 18 200 M M 7 27 200
30 56 45 51 24 14 0 0.58 M M 8.0 20 200 M M 10 1 27 200
31 45 37 41 14 24 0 0.45 M M 4.7 12 300 M M 10 1 15 280
================================================================================
SM 1182 789 1020 0 1.62 M 252.1 M 246
================================================================================
AV 38.1 25.5 8.1 FASTST M M 8 MAX(MPH)
MISC ----> 29 300 47 240
================================================================================
NOTES:
# LAST OF SEVERAL OCCURRENCES
COLUMN 17 PEAK WIND IN M.P.H.
PRELIMINARY LOCAL CLIMATOLOGICAL DATA (WS FORM: F-6) , PAGE 2
STATION: DEFIANCE MEMORIAL
MONTH: DECEMBER
YEAR: 2022
LATITUDE: 41 20 N
LONGITUDE: 84 26 W
[TEMPERATURE DATA] [PRECIPITATION DATA] SYMBOLS USED IN COLUMN 16
AVERAGE MONTHLY: 31.8 TOTAL FOR MONTH: 1.62 1 = FOG OR MIST
DPTR FM NORMAL: 1.5 DPTR FM NORMAL: -0.26 2 = FOG REDUCING VISIBILITY
HIGHEST: 56 ON 30 GRTST 24HR 1.00 ON 30-31 TO 1/4 MILE OR LESS
LOWEST: -6 ON 23 3 = THUNDER
SNOW, ICE PELLETS, HAIL 4 = ICE PELLETS
TOTAL MONTH: M 5 = HAIL
GRTST 24HR M ON M 6 = FREEZING RAIN OR DRIZZLE
GRTST DEPTH: M ON M 7 = DUSTSTORM OR SANDSTORM:
VSBY 1/2 MILE OR LESS
8 = SMOKE OR HAZE
[NO. OF DAYS WITH] [WEATHER - DAYS WITH] 9 = BLOWING SNOW
X = TORNADO
MAX 32 OR BELOW: 8 0.01 INCH OR MORE: 6
MAX 90 OR ABOVE: 0 0.10 INCH OR MORE: 4
MIN 32 OR BELOW: 21 0.50 INCH OR MORE: 1
MIN 0 OR BELOW: 2 1.00 INCH OR MORE: 0
[HDD (BASE 65) ]
TOTAL THIS MO. 1020 CLEAR (SCALE 0-3) 2
DPTR FM NORMAL -56 PTCLDY (SCALE 4-7) 10
TOTAL FM JUL 1 2144 CLOUDY (SCALE 8-10) 19
DPTR FM NORMAL -192
[CDD (BASE 65) ]
TOTAL THIS MO. 0
DPTR FM NORMAL 0 [PRESSURE DATA]
TOTAL FM JAN 1 955 HIGHEST SLP 30.55 ON 1
DPTR FM NORMAL 208 LOWEST SLP 29.50 ON 15
[REMARKS]
#FINAL-12-22#