000
CXUS54 KFWD 120320
CF6DFW
PRELIMINARY LOCAL CLIMATOLOGICAL DATA (WS FORM: F-6)
STATION: DALLAS/FORT WORTH
MONTH: FEBRUARY
YEAR: 2022
LATITUDE: 32 54 N
LONGITUDE: 97 2 W
TEMPERATURE IN F: :PCPN: SNOW: WIND :SUNSHINE: SKY :PK WND
================================================================================
1 2 3 4 5 6A 6B 7 8 9 10 11 12 13 14 15 16 17 18
12Z AVG MX 2MIN
DY MAX MIN AVG DEP HDD CDD WTR SNW DPTH SPD SPD DIR MIN PSBL S-S WX SPD DR
================================================================================
1 73 55 64 16 1 0 0.00 0.0 0 10.5 21 160 M M 8 30 170
2 59 31 45 -3 20 0 1.10 0.2 0 15.6 26 10 M M 10 146 37 20
3 31 20 26 -22 39 0 0.29 1.5 1 18.8 26 340 M M 10 146 33 330
4 35 20 28 -20 37 0 0.00 0.0 1 14.4 23 330 M M 5 28 320
5 47 19 33 -15 32 0 0.00 0.0 T 6.8 16 180 M M 0 21 180
6 56 27 42 -7 23 0 0.00 0.0 T 7.2 16 180 M M 1 21 180
7 59 33 46 -3 19 0 0.00 0.0 0 9.2 21 360 M M 1 27 350
8 68 32 50 1 15 0 0.00 0.0 0 11.2 21 210 M M 1 28 210
9 70 35 53 4 12 0 0.00 0.0 0 5.9 15 340 M M 2 19 340
10 73 37 55 6 10 0 0.00 0.0 0 5.7 13 210 M M 2 17 320
11 78 41 60 10 5 0 0.00 0.0 0 12.1 24 40 M M 2 34 30
12 56 33 45 -5 20 0 T T 0 16.9 33 10 M M 6 46 10
13 66 29 48 -2 17 0 0.00 0.0 0 6.7 18 250 M M 1 23 240
14 73 35 54 4 11 0 0.00 0.0 0 10.1 21 180 M M 0 30 170
15 72 42 57 7 8 0 0.00 0.0 0 19.3 35 200 M M 2 46 200
16 68 61 65 14 0 0 T 0.0 0 19.9 33 190 M M 10 46 180
17 68 32 50 -1 15 0 0.08 0.0 0 21.1 33 330 M M 9 1 43 330
18 54 26 40 -11 25 0 0.00 0.0 0 5.7 20 350 M M 2 24 340
19 66 32 49 -2 16 0 0.00 0.0 0 5.8 16 140 M M 1 19 140
20 68 39 54 2 11 0 0.00 0.0 0 15.1 26 190 M M 6 35 190
21 85 56 71 19 0 6 0.02 0.0 0 15.5 31 170 M M 9 1 46 160
22 71 32 52 0 13 0 0.44 0.0 0 16.1 29 330 M M 8 13 35 330
23 33 23 28 -24 37 0 0.08 T T 16.0 24 10 M M 10 1346 31 10
24 30 22 26 -27 39 0 0.01 0.0 T 12.4 22 360 M M 10 16 30 330
25 38 23 31 -22 34 0 0.00 0.0 0 13.3 24 10 M M 7 32 30
26 40 34 37 -16 28 0 0.01 0.0 0 8.0 14 30 M M 10 1 18 30
27 58 30 44 -9 21 0 0.00 0.0 0 8.2 20 10 M M 1 27 330
28 66 27 47 -7 18 0 0.00 0.0 0 4.1 10 210 M M 4 15 240
================================================================================
SM 1661 926 526 6 2.03 1.7 331.6 M 138
================================================================================
AV 59.3 33.1 11.8 FASTST M M 5 MAX(MPH)
MISC ----> 35 200 # 46 10
================================================================================
NOTES:
# LAST OF SEVERAL OCCURRENCES
COLUMN 17 PEAK WIND IN M.P.H.
PRELIMINARY LOCAL CLIMATOLOGICAL DATA (WS FORM: F-6) , PAGE 2
STATION: DALLAS/FORT WORTH
MONTH: FEBRUARY
YEAR: 2022
LATITUDE: 32 54 N
LONGITUDE: 97 2 W
[TEMPERATURE DATA] [PRECIPITATION DATA] SYMBOLS USED IN COLUMN 16
AVERAGE MONTHLY: 46.2 TOTAL FOR MONTH: 2.03 1 = FOG OR MIST
DPTR FM NORMAL: -4.3 DPTR FM NORMAL: -0.73 2 = FOG REDUCING VISIBILITY
HIGHEST: 85 ON 21 GRTST 24HR 5.19 ON 2- 3 TO 1/4 MILE OR LESS
LOWEST: 19 ON 5 3 = THUNDER
SNOW, ICE PELLETS, HAIL 4 = ICE PELLETS
TOTAL MONTH: 1.7 INCHES 5 = HAIL
GRTST 24HR 1.5 ON 3- 3 6 = FREEZING RAIN OR DRIZZLE
GRTST DEPTH: 1 ON 4, 3 7 = DUSTSTORM OR SANDSTORM:
VSBY 1/2 MILE OR LESS
8 = SMOKE OR HAZE
[NO. OF DAYS WITH] [WEATHER - DAYS WITH] 9 = BLOWING SNOW
X = TORNADO
MAX 32 OR BELOW: 2 0.01 INCH OR MORE: 8
MAX 90 OR ABOVE: 0 0.10 INCH OR MORE: 3
MIN 32 OR BELOW: 16 0.50 INCH OR MORE: 1
MIN 0 OR BELOW: 0 1.00 INCH OR MORE: 1
[HDD (BASE 65) ]
TOTAL THIS MO. 526 CLEAR (SCALE 0-3) 13
DPTR FM NORMAL 113 PTCLDY (SCALE 4-7) 5
TOTAL FM JUL 1 1533 CLOUDY (SCALE 8-10) 10
DPTR FM NORMAL -347
[CDD (BASE 65) ]
TOTAL THIS MO. 6
DPTR FM NORMAL -2 [PRESSURE DATA]
TOTAL FM JAN 1 6 HIGHEST SLP 30.65 ON 4
DPTR FM NORMAL 4 LOWEST SLP 29.61 ON 21
[REMARKS]
#FINAL-02-22#