000
CXUS55 KCYS 011530
CLMDGW
CLIMATE REPORT
NATIONAL WEATHER SERVICE CHEYENNE WY
930 AM MDT SAT APR 01 2023
...................................
...THE CONVERSE CO (DOUGLAS) WY ARPT CLIMATE SUMMARY FOR THE MONTH OF MARCH 2023...
CLIMATE NORMAL PERIOD 1991 TO 2020
CLIMATE RECORD PERIOD 1998 TO 2023
WEATHER OBSERVED NORMAL DEPART LAST YEAR`S
VALUE DATE(S) VALUE FROM VALUE DATE(S)
NORMAL
................................................................
TEMPERATURE (F)
RECORD
HIGH 81 03/31/2012
LOW -20 03/10/2022
HIGHEST 64 03/30 MM MM 76
LOWEST 3 03/04 MM MM -20
AVG. MAXIMUM 41.7 50.2 -8.5 49.3
AVG. MINIMUM 17.8 22.8 -5.0 19.2
MEAN 29.8 36.5 -6.7 34.3
DAYS MAX >= 90 0 0.0 0.0 0
DAYS MAX <= 32 2 2.9 -0.9 7
DAYS MIN <= 32 30 27.1 2.9 30
DAYS MIN <= 0 0 1.0 -1.0 5
PRECIPITATION (INCHES)
RECORD
MAXIMUM 1.91 2017
TOTALS 0.01 0.68 -0.67 0.10
DAYS >= .01 1 6.8 -5.8 MM
DAYS >= .10 0 2.3 -2.3 MM
DAYS >= .50 0 0.2 -0.2 MM
DAYS >= 1.00 0 0.0 0.0 MM
GREATEST
24 HR. TOTAL 0.01 03/31 TO 03/31 0.08 03/06 TO 03/06
DEGREE DAYS
HEATING TOTAL 1086 884 202 946
SINCE 7/1 6696 6168 528 MM
COOLING TOTAL 0 0 0 0
SINCE 1/1 0 0 0 MM
................................................................
WIND (MPH)
AVERAGE WIND SPEED 12.4
HIGHEST WIND SPEED/DIRECTION 44/230 DATE 03/10
HIGHEST GUST SPEED/DIRECTION 60/230 DATE 03/10
SKY COVER
POSSIBLE SUNSHINE (PERCENT) MM
AVERAGE SKY COVER 0.41
NUMBER OF DAYS FAIR 16
NUMBER OF DAYS PC 8
NUMBER OF DAYS CLOUDY 7
AVERAGE RH (PERCENT) 63
WEATHER CONDITIONS. NUMBER OF DAYS WITH
THUNDERSTORM 0 MIXED PRECIP 0
HEAVY RAIN 0 RAIN 0
LIGHT RAIN 0 FREEZING RAIN 0
LT FREEZING RAIN 0 HAIL 0
HEAVY SNOW 0 SNOW 2
LIGHT SNOW 13 SLEET 0
FOG 10 FOG W/VIS <= 1/4 MILE 3
HAZE 2
- INDICATES NEGATIVE NUMBERS.
R INDICATES RECORD WAS SET OR TIED.
MM INDICATES DATA IS MISSING.
T INDICATES TRACE AMOUNT.
$$