000
CXUS54 KAMA 011548
CF6DHT
PRELIMINARY LOCAL CLIMATOLOGICAL DATA (WS FORM: F-6)
STATION: DALHART
MONTH: APRIL
YEAR: 2020
LATITUDE: 36 1 N
LONGITUDE: 102 33 W
TEMPERATURE IN F: :PCPN: SNOW: WIND :SUNSHINE: SKY :PK WND
================================================================================
1 2 3 4 5 6A 6B 7 8 9 10 11 12 13 14 15 16 17 18
12Z AVG MX 2MIN
DY MAX MIN AVG DEP HDD CDD WTR SNW DPTH SPD SPD DIR MIN PSBL S-S WX SPD DR
================================================================================
1 83 43 63 13 2 0 0.00 0.0 0 13.9 26 240 M M 0 8 34 230
2 79 31 55 5 10 0 0.00 0.0 0 16.9 33 20 M M 1 42 20
3 51 24 38 -12 27 0 0.00 0.0 0 16.0 35 10 M M 2 40 10
4 64 26 45 -5 20 0 0.00 0.0 0 11.0 24 160 M M 0 29 150
5 79 35 57 7 8 0 0.00 0.0 0 17.4 32 180 M M 1 12 41 160
6 83 37 60 9 5 0 0.00 0.0 0 13.4 29 220 M M 1 12 36 210
7 85 43 64 13 1 0 0.00 0.0 0 8.7 21 220 M M 0 28 210
8 82 43 63 12 2 0 0.00 0.0 0 12.8 29 20 M M 0 34 20
9 63 43 53 1 12 0 0.00 0.0 0 11.4 21 70 M M 0 25 140
10 69 38 54 2 11 0 0.00 0.0 0 16.3 31 190 M M 4 39 190
11 81 38 60 8 5 0 0.00 0.0 0 14.7 29 210 M M 0 1 40 210
12 55 32 44 -8 21 0 0.00 0.0 0 26.7 41 10 M M 5 8 50 10
13 32 24 28 -25 37 0 0.06 0.7 0 9.8 24 30 M M 10 168 29 20
14 43 25 34 -19 31 0 0.06 0.5 0 6.9 15 200 M M 8 16 17 220
15 65 23 44 -9 21 0 0.00 0.0 0 8.7 17 120 M M 0 1 22 230
16 81 28 55 1 10 0 T 0.0 0 16.0 41 10 M M 0 50 10
17 55 27 41 -13 24 0 0.00 0.0 0 11.2 35 10 M M 1 41 10
18 79 34 57 3 8 0 0.00 0.0 0 16.1 33 210 M M 0 41 230
19 74 42 58 3 7 0 0.00 0.0 0 10.4 25 360 M M 2 29 10
20 72 45 59 4 6 0 T 0.0 0 9.2 23 330 M M 3 138 29 340
21 75 42 59 4 6 0 0.01 0.0 0 11.0 26 50 M M 4 34 50
22 74 42 58 2 7 0 0.04 0.0 0 12.9 40 350 M M 4 38 52 340
23 79 42 61 5 4 0 0.00 0.0 0 9.8 23 230 M M 1 29 240
24 70 46 58 2 7 0 0.00 0.0 0 16.8 33 360 M M 1 42 10
25 71 35 53 -3 12 0 0.00 0.0 0 8.3 20 120 M M 2 26 140
26 83 36 60 3 5 0 0.00 0.0 0 13.5 28 210 M M 0 32 200
27 85 53 69 12 0 4 0.00 0.0 0 11.5 22 360 M M 0 26 360
28 87 46 67 9 0 2 0.00 0.0 0 15.6 33 10 M M 0 44 30
29 78 43 61 3 4 0 0.00 0.0 0 11.4 26 360 M M 0 36 20
30 94 42 68 10 0 3 0.00 0.0 0 15.1 30 220 M M 0 36 230
================================================================================
SM 2171 1108 313 9 0.17 1.2 393.4 M 50
================================================================================
AV 72.4 36.9 13.1 FASTST M M 2 MAX(MPH)
MISC ----> # 41 10 52 340
================================================================================
NOTES:
# LAST OF SEVERAL OCCURRENCES
COLUMN 17 PEAK WIND IN M.P.H.
PRELIMINARY LOCAL CLIMATOLOGICAL DATA (WS FORM: F-6) , PAGE 2
STATION: DALHART
MONTH: APRIL
YEAR: 2020
LATITUDE: 36 1 N
LONGITUDE: 102 33 W
[TEMPERATURE DATA] [PRECIPITATION DATA] SYMBOLS USED IN COLUMN 16
AVERAGE MONTHLY: 54.7 TOTAL FOR MONTH: 0.17 1 = FOG OR MIST
DPTR FM NORMAL: 1.1 DPTR FM NORMAL: -0.91 2 = FOG REDUCING VISIBILITY
HIGHEST: 94 ON 30 GRTST 24HR 0.12 ON 13-14 TO 1/4 MILE OR LESS
LOWEST: 23 ON 15 3 = THUNDER
SNOW, ICE PELLETS, HAIL 4 = ICE PELLETS
TOTAL MONTH: 1.2 INCHES 5 = HAIL
GRTST 24HR 0.7 ON 13-13 6 = FREEZING RAIN OR DRIZZLE
GRTST DEPTH: 0 7 = DUSTSTORM OR SANDSTORM:
VSBY 1/2 MILE OR LESS
8 = SMOKE OR HAZE
[NO. OF DAYS WITH] [WEATHER - DAYS WITH] 9 = BLOWING SNOW
X = TORNADO
MAX 32 OR BELOW: 1 0.01 INCH OR MORE: 4
MAX 90 OR ABOVE: 1 0.10 INCH OR MORE: 0
MIN 32 OR BELOW: 9 0.50 INCH OR MORE: 0
MIN 0 OR BELOW: 0 1.00 INCH OR MORE: 0
[HDD (BASE 65) ]
TOTAL THIS MO. 313 CLEAR (SCALE 0-3) 24
DPTR FM NORMAL -35 PTCLDY (SCALE 4-7) 5
TOTAL FM JUL 1 4218 CLOUDY (SCALE 8-10) 1
DPTR FM NORMAL -383
[CDD (BASE 65) ]
TOTAL THIS MO. 9
DPTR FM NORMAL 3 [PRESSURE DATA]
TOTAL FM JAN 1 10 HIGHEST SLP 30.35 ON 14
DPTR FM NORMAL 4 LOWEST SLP 29.33 ON 12
[REMARKS]
#FINAL-04-20#