000
CXUS54 KAMA 010710
CF6DHT
PRELIMINARY LOCAL CLIMATOLOGICAL DATA (WS FORM: F-6)
STATION: DALHART
MONTH: OCTOBER
YEAR: 2023
LATITUDE: 36 1 N
LONGITUDE: 102 33 W
TEMPERATURE IN F: :PCPN: SNOW: WIND :SUNSHINE: SKY :PK WND
================================================================================
1 2 3 4 5 6A 6B 7 8 9 10 11 12 13 14 15 16 17 18
12Z AVG MX 2MIN
DY MAX MIN AVG DEP HDD CDD WTR SNW DPTH SPD SPD DIR MIN PSBL S-S WX SPD DR
================================================================================
1 80 59 70 7 0 5 0.35 M M 10.8 26 190 M M 6 13 35 190
2 82 59 71 8 0 6 0.94 M M 14.1 37 280 M M 5 13 51 180
3 82 53 68 6 0 3 0.00 M M 12.4 28 210 M M 3 38 240
4 72 50 61 -1 4 0 0.00 M M 11.7 25 30 M M 0 34 30
5 78 48 63 1 2 0 0.00 M M 6.8 13 90 M M 0 17 40
6 72 45 59 -2 6 0 0.00 M M 11.4 29 20 M M 3 39 20
7 73 45 59 -2 6 0 0.00 M M 8.8 22 190 M M 4 33 220
8 81 42 62 2 3 0 0.00 M M 6.9 13 50 M M 0 18 70
9 85 48 67 7 0 2 0.00 M M 7.3 16 120 M M 0 20 150
10 86 44 65 5 0 0 0.01 M M 12.6 26 200 M M 1 3 34 220
11 87 44 66 7 0 1 0.00 M M 13.0 31 220 M M 0 43 220
12 79 50 65 6 0 0 0.00 M M 15.6 35 270 M M 0 8 48 270
13 64 42 53 -5 12 0 0.00 M M 16.8 30 360 M M 0 37 360
14 60 31 46 -12 19 0 0.00 M M 6.3 15 360 M M 0 19 30
15 72 30 51 -6 14 0 0.00 M M 6.5 17 20 M M 0 1 22 20
16 76 36 56 -1 9 0 0.00 M M 5.7 12 230 M M 0 18 22 250
17 84 36 60 3 5 0 0.00 M M 8.7 20 190 M M 0 29 190
18 75 45 60 4 5 0 0.00 M M 14.2 38 10 M M 0 8 50 10
19 87 43 65 9 0 0 0.00 M M 9.3 24 270 M M 0 8 31 270
20 89 44 67 12 0 2 0.00 M M 7.8 21 210 M M 0 8 29 220
21 87 45 66 11 0 1 0.00 M M 6.8 15 170 M M 0 8 23 150
22 88 40 64 9 1 0 0.00 M M 10.2 23 170 M M 0 33 170
23 86 50 68 14 0 3 T M M 15.9 30 170 M M 0 1 39 170
24 83 48 66 12 0 1 T M M 10.8 26 230 M M 1 1 37 210
25 79 48 64 11 1 0 T M M 11.6 25 200 M M 1 33 210
26 83 41 62 9 3 0 0.00 M M 12.5 32 10 M M 0 41 20
27 58 38 48 -5 17 0 0.00 M M 12.6 31 10 M M 0 40 360
28 44 29 37 -15 28 0 T M M 11.7 23 30 M M 9 168 30 30
29 36 25 31 -21 34 0 0.00 M M 18.6 31 10 M M 8 1 40 360
30 48 17 33 -19 32 0 0.00 M M 7.5 14 210 M M 1 8 21 250
31 54 21 38 -13 27 0 0.00 M M 8.7 16 40 M M 0 18 200
================================================================================
SM 2310 1296 228 24 1.30 M 333.6 M 42
================================================================================
AV 74.5 41.8 10.8 FASTST M M 1 MAX(MPH)
MISC ----> 38 10 51 180
================================================================================
NOTES:
# LAST OF SEVERAL OCCURRENCES
COLUMN 17 PEAK WIND IN M.P.H.
PRELIMINARY LOCAL CLIMATOLOGICAL DATA (WS FORM: F-6) , PAGE 2
STATION: DALHART
MONTH: OCTOBER
YEAR: 2023
LATITUDE: 36 1 N
LONGITUDE: 102 33 W
[TEMPERATURE DATA] [PRECIPITATION DATA] SYMBOLS USED IN COLUMN 16
AVERAGE MONTHLY: 58.2 TOTAL FOR MONTH: 1.30 1 = FOG OR MIST
DPTR FM NORMAL: 1.1 DPTR FM NORMAL: -0.34 2 = FOG REDUCING VISIBILITY
HIGHEST: 89 ON 20 GRTST 24HR 0.94 ON 2- 2 TO 1/4 MILE OR LESS
LOWEST: 17 ON 30 3 = THUNDER
SNOW, ICE PELLETS, HAIL 4 = ICE PELLETS
TOTAL MONTH: M 5 = HAIL
GRTST 24HR M ON M 6 = FREEZING RAIN OR DRIZZLE
GRTST DEPTH: M ON M 7 = DUSTSTORM OR SANDSTORM:
VSBY 1/2 MILE OR LESS
8 = SMOKE OR HAZE
[NO. OF DAYS WITH] [WEATHER - DAYS WITH] 9 = BLOWING SNOW
X = TORNADO
MAX 32 OR BELOW: 0 0.01 INCH OR MORE: 3
MAX 90 OR ABOVE: 0 0.10 INCH OR MORE: 2
MIN 32 OR BELOW: 6 0.50 INCH OR MORE: 1
MIN 0 OR BELOW: 0 1.00 INCH OR MORE: 0
[HDD (BASE 65) ]
TOTAL THIS MO. 228 CLEAR (SCALE 0-3) 26
DPTR FM NORMAL -37 PTCLDY (SCALE 4-7) 4
TOTAL FM JUL 1 232 CLOUDY (SCALE 8-10) 1
DPTR FM NORMAL -73
[CDD (BASE 65) ]
TOTAL THIS MO. 24
DPTR FM NORMAL 4 [PRESSURE DATA]
TOTAL FM JAN 1 1347 HIGHEST SLP M ON M
DPTR FM NORMAL -56 LOWEST SLP 29.26 ON 11
[REMARKS]
#FINAL-10-23#