000
CXUS53 KEAX 010736
CF6DMO
PRELIMINARY LOCAL CLIMATOLOGICAL DATA (WS FORM: F-6)
STATION: SEDALIA MO
MONTH: MAY
YEAR: 2022
LATITUDE: 38 42 N
LONGITUDE: 93 6 W
TEMPERATURE IN F: :PCPN: SNOW: WIND :SUNSHINE: SKY :PK WND
================================================================================
1 2 3 4 5 6A 6B 7 8 9 10 11 12 13 14 15 16 17 18
12Z AVG MX 2MIN
DY MAX MIN AVG DEP HDD CDD WTR SNW DPTH SPD SPD DIR MIN PSBL S-S WX SPD DR
================================================================================
1 70 48 59 0 6 0 0.00 M M 11.2 21 260 M M 0 30 250
2 61 49 55 -5 10 0 0.95 M M 10.4 17 100 M M 6 13 25 100
3 59 48 54 -6 11 0 T M M 9.7 18 300 M M 10 1 25 300
4 54 50 52 -8 13 0 0.57 M M 8.5 21 140 M M 10 3 35 110
5 61 59 60 -1 5 0 0.09 M M 8.4 9 100 M M 10 M M
6 65 53 59 -2 6 0 0.07 M M 8.8 15 320 M M 7 19 330
7 73 48 61 0 4 0 0.00 M M 9.0 21 120 M M 0 28 120
8 77 56 67 5 0 2 0.00 M M 16.1 28 150 M M 6 40 150
9 92 67 80 18 0 15 0.00 M M 18.2 28 180 M M 1 40 190
10 90 74 82 20 0 17 0.00 M M 11.5 21 190 M M 2 28 180
11 91 70 81 18 0 16 0.00 M M 8.5 16 210 M M 1 23 200
12 92 68 80 17 0 15 0.00 M M 9.5 16 170 M M 0 22 200
13 85 69 77 14 0 12 0.00 M M 6.1 22 300 M M 1 29 300
14 88 64 76 12 0 11 0.00 M M 3.4 10 20 M M 1 3 14 360
15 75 55 65 1 0 0 0.14 M M 7.9 29 320 M M 2 3 44 310
16 79 52 66 2 0 1 0.00 M M 5.9 13 330 M M 0 20 300
17 81 55 68 3 0 3 T M M 10.7 21 200 M M 1 29 180
18 81 63 72 7 0 7 0.51 M M 7.8 20 220 M M 4 3 29 210
19 81 61 71 6 0 6 T M M 7.8 18 190 M M 0 29 170
20 85 56 71 5 0 6 0.02 M M 13.7 24 210 M M 5 38 37 210
21 62 49 56 -10 9 0 0.31 M M 10.3 24 260 M M 8 3 35 260
22 67 46 57 -9 8 0 0.00 M M 7.7 16 10 M M 0 25 10
23 66 44 55 -12 10 0 0.00 M M 7.7 20 110 M M 5 28 110
24 68 55 62 -5 3 0 0.22 M M 10.8 23 100 M M 10 33 100
25 75 58 67 0 0 2 0.11 M M 9.9 26 190 M M 7 8 37 200
26 62 56 59 -9 6 0 0.45 M M 7.5 20 310 M M 9 1 34 310
27 77 54 66 -2 0 1 0.00 M M 8.1 16 310 M M 4 8 24 330
28 80 53 67 -1 0 2 0.00 M M 11.5 21 170 M M 0 29 170
29 90 68 79 10 0 14 0.00 M M 20.4 31 160 M M 0 44 180
30 87 69 78 9 0 13 0.00 M M 15.3 29 180 M M 3 39 180
31 78 69 74 5 0 9 2.46 M M 9.1 20 360 M M 7 3 28 350
================================================================================
SM 2352 1786 91 152 5.90 M 311.4 M 120
================================================================================
AV 75.9 57.6 10.0 FASTST M M 4 MAX(MPH)
MISC ----> 31 160 # 44 310
================================================================================
NOTES:
# LAST OF SEVERAL OCCURRENCES
COLUMN 17 PEAK WIND IN M.P.H.
PRELIMINARY LOCAL CLIMATOLOGICAL DATA (WS FORM: F-6) , PAGE 2
STATION: SEDALIA MO
MONTH: MAY
YEAR: 2022
LATITUDE: 38 42 N
LONGITUDE: 93 6 W
[TEMPERATURE DATA] [PRECIPITATION DATA] SYMBOLS USED IN COLUMN 16
AVERAGE MONTHLY: 66.7 TOTAL FOR MONTH: 5.90 1 = FOG OR MIST
DPTR FM NORMAL: 2.4 DPTR FM NORMAL: 1.22 2 = FOG REDUCING VISIBILITY
HIGHEST: 92 ON 12, 9 GRTST 24HR 2.46 ON 31-31 TO 1/4 MILE OR LESS
LOWEST: 44 ON 23 3 = THUNDER
SNOW, ICE PELLETS, HAIL 4 = ICE PELLETS
TOTAL MONTH: M 5 = HAIL
GRTST 24HR M ON M 6 = FREEZING RAIN OR DRIZZLE
GRTST DEPTH: M ON M 7 = DUSTSTORM OR SANDSTORM:
VSBY 1/2 MILE OR LESS
8 = SMOKE OR HAZE
[NO. OF DAYS WITH] [WEATHER - DAYS WITH] 9 = BLOWING SNOW
X = TORNADO
MAX 32 OR BELOW: 0 0.01 INCH OR MORE: 12
MAX 90 OR ABOVE: 5 0.10 INCH OR MORE: 9
MIN 32 OR BELOW: 0 0.50 INCH OR MORE: 4
MIN 0 OR BELOW: 0 1.00 INCH OR MORE: 1
[HDD (BASE 65) ]
TOTAL THIS MO. 91 CLEAR (SCALE 0-3) 16
DPTR FM NORMAL -22 PTCLDY (SCALE 4-7) 10
TOTAL FM JUL 1 4233 CLOUDY (SCALE 8-10) 5
DPTR FM NORMAL -706
[CDD (BASE 65) ]
TOTAL THIS MO. 152
DPTR FM NORMAL 60 [PRESSURE DATA]
TOTAL FM JAN 1 172 HIGHEST SLP M ON M
DPTR FM NORMAL 58 LOWEST SLP 29.33 ON 20
[REMARKS]
#FINAL-05-22#