000
CXUS53 KEAX 010841
CF6DMO
PRELIMINARY LOCAL CLIMATOLOGICAL DATA (WS FORM: F-6)
STATION: SEDALIA MO
MONTH: DECEMBER
YEAR: 2023
LATITUDE: 38 42 N
LONGITUDE: 93 6 W
TEMPERATURE IN F: :PCPN: SNOW: WIND :SUNSHINE: SKY :PK WND
================================================================================
1 2 3 4 5 6A 6B 7 8 9 10 11 12 13 14 15 16 17 18
12Z AVG MX 2MIN
DY MAX MIN AVG DEP HDD CDD WTR SNW DPTH SPD SPD DIR MIN PSBL S-S WX SPD DR
================================================================================
1 50 36 43 5 22 0 0.79 M M 8.4 15 100 M M 10 1 22 80
2 41 34 38 0 27 0 0.06 M M 4.2 10 90 M M 10 1 14 100
3 51 35 43 5 22 0 0.09 M M 8.2 16 220 M M 6 1 25 220
4 47 36 42 4 23 0 0.20 M M 9.2 20 220 M M 7 1 29 220
5 45 29 37 0 28 0 0.00 M M 11.2 25 320 M M 4 34 310
6 52 23 38 1 27 0 0.00 M M 9.7 21 200 M M 0 8 30 200
7 68 46 57 20 8 0 0.00 M M 18.7 31 200 M M 1 43 210
8 63 48 56 20 9 0 0.29 M M 11.4 29 320 M M 6 1 39 310
9 48 35 42 6 23 0 0.05 M M 10.8 22 310 M M 5 1 34 290
10 44 27 36 0 29 0 0.00 M M 8.1 16 320 M M 0 22 320
11 50 33 42 7 23 0 0.00 M M 8.9 16 220 M M 1 8 25 240
12 48 34 41 6 24 0 0.00 M M 7.4 14 40 M M 0 19 40
13 54 33 44 9 21 0 0.00 M M 6.5 13 120 M M 0 16 120
14 58 31 45 11 20 0 0.00 M M 5.9 14 130 M M 0 20 140
15 64 42 53 19 12 0 0.16 M M 7.8 20 160 M M 3 1 27 180
16 47 39 43 9 22 0 0.20 M M 9.5 20 320 M M 10 1 29 270
17 53 37 45 11 20 0 0.00 M M 8.2 18 320 M M 4 26 320
18 39 24 32 -2 33 0 0.00 M M 11.2 24 330 M M 0 33 330
19 50 20 35 2 30 0 0.00 M M 10.9 20 170 M M 0 27 190
20 60 37 49 16 16 0 0.00 M M 9.6 20 220 M M 1 8 28 200
21 59 49 54 21 11 0 0.02 M M 9.2 14 200 M M 10 20 200
22 55 51 53 20 12 0 0.12 M M 9.4 16 210 M M 10 1 21 230
23 60 52 56 24 9 0 0.00 M M 7.4 15 200 M M 9 1 21 200
24 60 51 56 24 9 0 0.46 M M 13.6 22 130 M M 7 1 31 140
25 55 34 45 13 20 0 0.78 M M 12.5 22 260 M M 10 1 34 250
26 42 32 37 5 28 0 0.07 M M 12.9 26 190 M M 9 1 36 190
27 36 31 34 2 31 0 0.09 M M 8.6 18 320 M M 10 18 26 330
28 43 32 38 7 27 0 0.09 M M 12.9 23 330 M M 9 1 30 320
29 41 32 37 6 28 0 0.05 M M 8.9 15 320 M M 7 1 22 300
30 49 28 39 8 26 0 0.00 M M 7.4 15 240 M M 0 8 21 250
31 38 31 35 4 30 0 0.00 M M 11.2 20 330 M M 8 28 330
================================================================================
SM 1570 1102 670 0 3.52 M 299.8 M 157
================================================================================
AV 50.6 35.5 9.7 FASTST M M 5 MAX(MPH)
MISC ----> 31 200 43 210
================================================================================
NOTES:
# LAST OF SEVERAL OCCURRENCES
COLUMN 17 PEAK WIND IN M.P.H.
PRELIMINARY LOCAL CLIMATOLOGICAL DATA (WS FORM: F-6) , PAGE 2
STATION: SEDALIA MO
MONTH: DECEMBER
YEAR: 2023
LATITUDE: 38 42 N
LONGITUDE: 93 6 W
[TEMPERATURE DATA] [PRECIPITATION DATA] SYMBOLS USED IN COLUMN 16
AVERAGE MONTHLY: 43.1 TOTAL FOR MONTH: 3.52 1 = FOG OR MIST
DPTR FM NORMAL: 8.8 DPTR FM NORMAL: 1.85 2 = FOG REDUCING VISIBILITY
HIGHEST: 68 ON 7 GRTST 24HR 1.64 ON 30- 1 TO 1/4 MILE OR LESS
LOWEST: 20 ON 19 3 = THUNDER
SNOW, ICE PELLETS, HAIL 4 = ICE PELLETS
TOTAL MONTH: M 5 = HAIL
GRTST 24HR M ON M 6 = FREEZING RAIN OR DRIZZLE
GRTST DEPTH: M ON M 7 = DUSTSTORM OR SANDSTORM:
VSBY 1/2 MILE OR LESS
8 = SMOKE OR HAZE
[NO. OF DAYS WITH] [WEATHER - DAYS WITH] 9 = BLOWING SNOW
X = TORNADO
MAX 32 OR BELOW: 0 0.01 INCH OR MORE: 16
MAX 90 OR ABOVE: 0 0.10 INCH OR MORE: 8
MIN 32 OR BELOW: 12 0.50 INCH OR MORE: 2
MIN 0 OR BELOW: 0 1.00 INCH OR MORE: 0
[HDD (BASE 65) ]
TOTAL THIS MO. 670 CLEAR (SCALE 0-3) 11
DPTR FM NORMAL -283 PTCLDY (SCALE 4-7) 9
TOTAL FM JUL 1 1415 CLOUDY (SCALE 8-10) 11
DPTR FM NORMAL -514
[CDD (BASE 65) ]
TOTAL THIS MO. 0
DPTR FM NORMAL 0 [PRESSURE DATA]
TOTAL FM JAN 1 1653 HIGHEST SLP 30.69 ON 14
DPTR FM NORMAL 387 LOWEST SLP 29.61 ON 8
[REMARKS]
#FINAL-12-23#