000
CXUS54 KEWX 151432
CF6DRT
PRELIMINARY LOCAL CLIMATOLOGICAL DATA (WS FORM: F-6)
STATION: DEL RIO
MONTH: NOVEMBER
YEAR: 2022
LATITUDE: 29 22 N
LONGITUDE: 100 55 W
TEMPERATURE IN F: :PCPN: SNOW: WIND :SUNSHINE: SKY :PK WND
================================================================================
1 2 3 4 5 6A 6B 7 8 9 10 11 12 13 14 15 16 17 18
12Z AVG MX 2MIN
DY MAX MIN AVG DEP HDD CDD WTR SNW DPTH SPD SPD DIR MIN PSBL S-S WX SPD DR
================================================================================
1 75 58 67 0 0 2 0.16 0.0 0 7.1 18 100 M M 4 3 26 100
2 72 62 67 1 0 2 T 0.0 0 10.0 18 110 M M 9 1 25 120
3 79 66 73 7 0 8 0.00 0.0 0 11.4 21 140 M M 8 1 29 160
4 81 56 69 4 0 4 0.00 0.0 0 10.0 23 330 M M 5 35 340
5 76 43 60 -5 5 0 0.00 0.0 0 5.6 15 150 M M 0 20 170
6 82 48 65 0 0 0 0.00 0.0 0 4.7 13 80 M M 0 16 80
7 87 60 74 10 0 9 T 0.0 0 7.4 18 110 M M 5 18 28 130
8 82 72 77 13 0 12 T 0.0 0 11.3 18 130 M M 6 25 120
9 81 70 76 13 0 11 0.01 0.0 0 13.4 23 140 M M 8 32 130
10 77 68 73 10 0 8 0.00 0.0 0 7.3 17 120 M M 7 1 26 120
11 72 48 60 -3 5 0 T 0.0 0 10.3 23 340 M M 7 1 34 360
12 61 40 51 -11 14 0 0.00 0.0 0 5.5 13 340 M M 2 20 360
13 60 39 50 -12 15 0 0.00 0.0 0 10.6 21 140 M M 0 27 140
14 76 43 60 -2 5 0 0.00 0.0 0 7.6 18 340 M M 3 1 27 350
15 58 40 49 -12 16 0 0.00 0.0 0 6.9 14 340 M M 0 23 340
16 59 42 51 -10 14 0 0.00 0.0 0 3.3 10 70 M M 2 13 120
17 59 42 51 -9 14 0 0.00 0.0 0 5.5 15 150 M M 5 23 150
18 54 38 46 -14 19 0 0.00 0.0 0 5.4 17 150 M M 8 23 140
19 52 44 48 -12 17 0 0.00 0.0 0 5.9 13 100 M M 10 18 18 110
20 46 42 44 -15 21 0 T 0.0 0 3.7 9 300 M M 10 11 290
21 54 42 48 -11 17 0 0.00 0.0 0 4.5 12 160 M M 7 15 150
22 56 40 48 -11 17 0 0.00 0.0 0 4.0 12 120 M M 9 1 16 130
23 57 51 54 -4 11 0 0.00 0.0 0 7.7 13 150 M M 10 1 18 130
24 73 54 64 6 1 0 0.01 0.0 0 8.8 21 330 M M 7 1 32 310
25 54 46 50 -8 15 0 0.44 0.0 0 14.1 30 280 M M 9 18 40 290
26 71 40 56 -2 9 0 T 0.0 0 7.3 25 300 M M 1 38 290
27 81 38 60 3 5 0 0.00 0.0 0 3.1 13 350 M M 0 19 340
28 77 38 58 1 7 0 0.00 0.0 0 7.2 20 130 M M 0 28 140
29 82 57 70 13 0 5 0.00 0.0 0 3.8 15 340 M M 5 1 22 130
30 62 45 54 -2 11 0 0.00 0.0 0 7.9 15 320 M M 1 1 26 10
================================================================================
SM 2056 1472 238 61 0.62 0.0 221.3 M 148
================================================================================
AV 68.5 49.1 7.4 FASTST M M 5 MAX(MPH)
MISC ----> 30 280 40 290
================================================================================
NOTES:
# LAST OF SEVERAL OCCURRENCES
COLUMN 17 PEAK WIND IN M.P.H.
PRELIMINARY LOCAL CLIMATOLOGICAL DATA (WS FORM: F-6) , PAGE 2
STATION: DEL RIO
MONTH: NOVEMBER
YEAR: 2022
LATITUDE: 29 22 N
LONGITUDE: 100 55 W
[TEMPERATURE DATA] [PRECIPITATION DATA] SYMBOLS USED IN COLUMN 16
AVERAGE MONTHLY: 58.8 TOTAL FOR MONTH: 0.62 1 = FOG OR MIST
DPTR FM NORMAL: -2.3 DPTR FM NORMAL: -0.29 2 = FOG REDUCING VISIBILITY
HIGHEST: 87 ON 7 GRTST 24HR 0.44 ON 25-25 TO 1/4 MILE OR LESS
LOWEST: 38 ON 28,27 3 = THUNDER
SNOW, ICE PELLETS, HAIL 4 = ICE PELLETS
TOTAL MONTH: 0.0 INCH 5 = HAIL
GRTST 24HR 0.0 6 = FREEZING RAIN OR DRIZZLE
GRTST DEPTH: 0 7 = DUSTSTORM OR SANDSTORM:
VSBY 1/2 MILE OR LESS
8 = SMOKE OR HAZE
[NO. OF DAYS WITH] [WEATHER - DAYS WITH] 9 = BLOWING SNOW
X = TORNADO
MAX 32 OR BELOW: 0 0.01 INCH OR MORE: 4
MAX 90 OR ABOVE: 0 0.10 INCH OR MORE: 2
MIN 32 OR BELOW: 0 0.50 INCH OR MORE: 0
MIN 0 OR BELOW: 0 1.00 INCH OR MORE: 0
[HDD (BASE 65) ]
TOTAL THIS MO. 238 CLEAR (SCALE 0-3) 11
DPTR FM NORMAL 72 PTCLDY (SCALE 4-7) 13
TOTAL FM JUL 1 253 CLOUDY (SCALE 8-10) 6
DPTR FM NORMAL 63
[CDD (BASE 65) ]
TOTAL THIS MO. 61
DPTR FM NORMAL 11 [PRESSURE DATA]
TOTAL FM JAN 1 4155 HIGHEST SLP 30.51 ON 20
DPTR FM NORMAL 527 LOWEST SLP 29.71 ON 29
[REMARKS]
#FINAL-11-22#