000
CXUS53 KDMX 050307
CF6DSM
PRELIMINARY LOCAL CLIMATOLOGICAL DATA (WS FORM: F-6)
STATION: DES MOINES IA
MONTH: NOVEMBER
YEAR: 2021
LATITUDE: 41 31 N
LONGITUDE: 93 39 W
TEMPERATURE IN F: :PCPN: SNOW: WIND :SUNSHINE: SKY :PK WND
================================================================================
1 2 3 4 5 6A 6B 7 8 9 10 11 12 13 14 15 16 17 18
12Z AVG MX 2MIN
DY MAX MIN AVG DEP HDD CDD WTR SNW DPTH SPD SPD DIR MIN PSBL S-S WX SPD DR
================================================================================
1 47 31 39 -7 26 0 0.00 0.0 0 6.7 17 310 M M 7 23 310
2 49 27 38 -7 27 0 0.00 0.0 0 5.7 18 300 M M 2 23 270
3 48 30 39 -6 26 0 0.00 0.0 0 5.7 14 220 M M 10 18 210
4 54 37 46 2 19 0 0.00 0.0 0 9.5 20 210 M M 6 28 190
5 59 36 48 4 17 0 0.00 0.0 0 13.3 28 170 M M 4 37 180
6 67 40 54 11 11 0 0.00 0.0 0 9.0 15 190 M M 2 20 210
7 69 47 58 15 7 0 0.00 0.0 0 11.5 22 170 M M 5 29 160
8 67 44 56 14 9 0 0.00 0.0 0 8.7 18 20 M M 4 24 20
9 61 43 52 10 13 0 0.00 0.0 0 7.8 17 30 M M 5 24 20
10 55 44 50 8 15 0 1.35 0.0 0 9.8 21 310 M M 9 13 27 300
11 51 36 44 3 21 0 0.14 T 0 19.9 38 280 M M 7 1 50 270
12 37 31 34 -7 31 0 T T 0 23.3 36 300 M M 10 16 49 280
13 43 31 37 -3 28 0 0.02 0.0 0 12.8 22 240 M M 10 6 29 320
14 45 30 38 -2 27 0 0.00 0.0 0 13.9 39 300 M M 9 53 300
15 49 32 41 2 24 0 T 0.0 0 7.8 14 110 M M 8 22 100
16 63 32 48 9 17 0 0.00 0.0 0 11.3 20 170 M M 9 26 320
17 49 33 41 3 24 0 0.00 0.0 0 13.0 24 310 M M 8 35 320
18 36 24 30 -8 35 0 0.00 0.0 0 13.4 28 300 M M 1 40 320
19 45 21 33 -5 32 0 0.00 0.0 0 12.6 26 160 M M 8 34 160
20 58 38 48 11 17 0 T 0.0 0 7.3 13 30 M M 7 17 200
21 53 24 39 2 26 0 0.00 0.0 0 11.1 29 330 M M 5 40 330
22 39 22 31 -5 34 0 0.00 0.0 0 5.5 10 210 M M 7 16 130
23 60 27 44 8 21 0 0.00 0.0 0 13.9 23 190 M M 3 33 190
24 57 30 44 8 21 0 0.00 0.0 0 15.1 24 190 M M 10 35 190
25 30 15 23 -12 42 0 T T 0 13.5 29 330 M M 3 42 350
26 46 17 32 -3 33 0 0.00 0.0 0 8.9 18 170 M M 8 27 170
27 60 30 45 11 20 0 0.01 0.0 0 10.6 30 300 M M 4 39 310
28 45 27 36 2 29 0 0.00 0.0 0 7.2 12 170 M M 4 16 140
29 64 32 48 14 17 0 0.00 0.0 0 10.1 16 250 M M 6 21 330
30 56 35 46 13 19 0 T 0.0 0 6.3 17 360 M M 5 25 10
================================================================================
SM 1562 946 688 0 1.52 T 325.2 M 186
================================================================================
AV 52.1 31.5 10.8 FASTST M M 6 MAX(MPH)
MISC ----> 39 300 53 300
================================================================================
NOTES:
# LAST OF SEVERAL OCCURRENCES
COLUMN 17 PEAK WIND IN M.P.H.
PRELIMINARY LOCAL CLIMATOLOGICAL DATA (WS FORM: F-6) , PAGE 2
STATION: DES MOINES IA
MONTH: NOVEMBER
YEAR: 2021
LATITUDE: 41 31 N
LONGITUDE: 93 39 W
[TEMPERATURE DATA] [PRECIPITATION DATA] SYMBOLS USED IN COLUMN 16
AVERAGE MONTHLY: 41.8 TOTAL FOR MONTH: 1.52 1 = FOG OR MIST
DPTR FM NORMAL: 2.5 DPTR FM NORMAL: -0.39 2 = FOG REDUCING VISIBILITY
HIGHEST: 69 ON 7 GRTST 24HR 1.48 ON 10-11 TO 1/4 MILE OR LESS
LOWEST: 15 ON 25 3 = THUNDER
SNOW, ICE PELLETS, HAIL 4 = ICE PELLETS
TOTAL MONTH: T 5 = HAIL
GRTST 24HR T ON 12-12 6 = FREEZING RAIN OR DRIZZLE
GRTST DEPTH: 0 7 = DUSTSTORM OR SANDSTORM:
VSBY 1/2 MILE OR LESS
8 = SMOKE OR HAZE
[NO. OF DAYS WITH] [WEATHER - DAYS WITH] 9 = BLOWING SNOW
X = TORNADO
MAX 32 OR BELOW: 1 0.01 INCH OR MORE: 4
MAX 90 OR ABOVE: 0 0.10 INCH OR MORE: 2
MIN 32 OR BELOW: 19 0.50 INCH OR MORE: 1
MIN 0 OR BELOW: 0 1.00 INCH OR MORE: 1
[HDD (BASE 65) ]
TOTAL THIS MO. 688 CLEAR (SCALE 0-3) 4
DPTR FM NORMAL -85 PTCLDY (SCALE 4-7) 19
TOTAL FM JUL 1 981 CLOUDY (SCALE 8-10) 7
DPTR FM NORMAL -266
[CDD (BASE 65) ]
TOTAL THIS MO. 0
DPTR FM NORMAL 0 [PRESSURE DATA]
TOTAL FM JAN 1 1379 HIGHEST SLP 30.49 ON 18
DPTR FM NORMAL 308 LOWEST SLP 29.58 ON 16
[REMARKS]
#FINAL-11-21#