000
CXUS51 KPBZ 010730
CF6DUJ
PRELIMINARY LOCAL CLIMATOLOGICAL DATA (WS FORM: F-6)
STATION: DUBOIS PA
MONTH: AUGUST
YEAR: 2022
LATITUDE: 41 10 N
LONGITUDE: 78 54 W
TEMPERATURE IN F: :PCPN: SNOW: WIND :SUNSHINE: SKY :PK WND
================================================================================
1 2 3 4 5 6A 6B 7 8 9 10 11 12 13 14 15 16 17 18
12Z AVG MX 2MIN
DY MAX MIN AVG DEP HDD CDD WTR SNW DPTH SPD SPD DIR MIN PSBL S-S WX SPD DR
================================================================================
1 77 61 69 0 0 4 0.00 M M 5.2 13 230 M M 7 12 17 240
2 84 59 72 3 0 7 0.00 M M 8.7 17 330 M M 6 1 25 310
3 87 53 70 1 0 5 0.00 M M 4.8 15 230 M M 0 1 24 220
4 83 67 75 6 0 10 0.36 M M 5.4 28 260 M M 2 138 35 260
5 83 67 75 6 0 10 0.04 M M 3.8 14 170 M M 5 123 20 180
6 85 66 76 7 0 11 T M M 4.0 14 230 M M 4 12 19 220
7 86 69 78 9 0 13 T M M 5.8 14 220 M M 6 1 18 240
8 80 70 75 7 0 10 0.53 M M 8.1 17 250 M M 6 13 37 260
9 75 66 71 3 0 6 0.26 M M 7.0 17 250 M M 9 18 21 250
10 79 62 71 3 0 6 0.00 M M 3.6 12 270 M M 6 16 230
11 79 53 66 -2 0 1 0.00 M M 6.2 17 310 M M 3 12 24 310
12 77 54 66 -2 0 1 0.00 M M 7.0 15 330 M M 0 21 20
13 78 48 63 -5 2 0 0.00 M M 2.6 10 330 M M 0 13 310
14 78 53 66 -2 0 1 0.00 M M 2.9 9 250 M M 6 14 230
15 65 57 61 -7 4 0 0.17 M M 5.3 10 80 M M 9 18 15 80
16 76 58 67 -1 0 2 0.08 M M 5.8 15 70 M M 8 13 19 10
17 78 54 66 -2 0 1 0.04 M M 5.4 22 40 M M 6 123 28 40
18 79 49 64 -4 1 0 0.00 M M 3.0 15 260 M M 4 123 18 260
19 83 56 70 2 0 5 0.00 M M 2.6 12 230 M M 1 1 15 210
20 85 62 74 6 0 9 0.00 M M 4.6 12 140 M M 3 19 140
21 78 62 70 2 0 5 1.11 M M 5.1 16 260 M M 6 13 23 130
22 78 63 71 4 0 6 0.68 M M 4.5 23 240 M M 6 123 28 250
23 79 58 69 2 0 4 0.07 M M 6.8 17 310 M M 6 18 24 290
24 79 55 67 0 0 2 0.00 M M 2.3 12 310 M M 2 1 16 320
25 83 57 70 3 0 5 0.00 M M 2.4 10 230 M M 2 12 13 230
26 81 63 72 5 0 7 T M M 5.8 15 220 M M 4 13 22 220
27 78 61 70 3 0 5 0.00 M M 2.7 9 320 M M 5 12 11 340
28 85 61 73 7 0 8 0.00 M M 6.4 14 240 M M 2 20 220
29 87 66 77 11 0 12 0.20 M M 6.1 31 280 M M 3 138 50 280
30 73 60 67 1 0 2 0.74 M M 6.0 14 280 M M 4 12 18 280
31 75 58 67 1 0 2 0.00 M M 8.8 18 290 M M 3 1 24 250
================================================================================
SM 2473 1848 7 160 4.28 M 158.7 M 134
================================================================================
AV 79.8 59.6 5.1 FASTST M M 4 MAX(MPH)
MISC ----> 31 280 50 280
================================================================================
NOTES:
# LAST OF SEVERAL OCCURRENCES
COLUMN 17 PEAK WIND IN M.P.H.
PRELIMINARY LOCAL CLIMATOLOGICAL DATA (WS FORM: F-6) , PAGE 2
STATION: DUBOIS PA
MONTH: AUGUST
YEAR: 2022
LATITUDE: 41 10 N
LONGITUDE: 78 54 W
[TEMPERATURE DATA] [PRECIPITATION DATA] SYMBOLS USED IN COLUMN 16
AVERAGE MONTHLY: 69.7 TOTAL FOR MONTH: 4.28 1 = FOG OR MIST
DPTR FM NORMAL: 2.0 DPTR FM NORMAL: 0.39 2 = FOG REDUCING VISIBILITY
HIGHEST: 87 ON 29, 3 GRTST 24HR 1.41 ON 21-22 TO 1/4 MILE OR LESS
LOWEST: 48 ON 13 3 = THUNDER
SNOW, ICE PELLETS, HAIL 4 = ICE PELLETS
TOTAL MONTH: M 5 = HAIL
GRTST 24HR M ON M 6 = FREEZING RAIN OR DRIZZLE
GRTST DEPTH: M ON M 7 = DUSTSTORM OR SANDSTORM:
VSBY 1/2 MILE OR LESS
8 = SMOKE OR HAZE
[NO. OF DAYS WITH] [WEATHER - DAYS WITH] 9 = BLOWING SNOW
X = TORNADO
MAX 32 OR BELOW: 0 0.01 INCH OR MORE: 12
MAX 90 OR ABOVE: 0 0.10 INCH OR MORE: 8
MIN 32 OR BELOW: 0 0.50 INCH OR MORE: 4
MIN 0 OR BELOW: 0 1.00 INCH OR MORE: 1
[HDD (BASE 65) ]
TOTAL THIS MO. 7 CLEAR (SCALE 0-3) 12
DPTR FM NORMAL -25 PTCLDY (SCALE 4-7) 17
TOTAL FM JUL 1 7 CLOUDY (SCALE 8-10) 2
DPTR FM NORMAL -48
[CDD (BASE 65) ]
TOTAL THIS MO. 160
DPTR FM NORMAL 43 [PRESSURE DATA]
TOTAL FM JAN 1 549 HIGHEST SLP 30.23 ON 6
DPTR FM NORMAL 178 LOWEST SLP 29.80 ON 30
[REMARKS]
#FINAL-08-22#