000
CXUS51 KPBZ 010730
CF6DUJ
PRELIMINARY LOCAL CLIMATOLOGICAL DATA (WS FORM: F-6)
STATION: DUBOIS PA
MONTH: SEPTEMBER
YEAR: 2020
LATITUDE: 41 10 N
LONGITUDE: 78 54 W
TEMPERATURE IN F: :PCPN: SNOW: WIND :SUNSHINE: SKY :PK WND
================================================================================
1 2 3 4 5 6A 6B 7 8 9 10 11 12 13 14 15 16 17 18
12Z AVG MX 2MIN
DY MAX MIN AVG DEP HDD CDD WTR SNW DPTH SPD SPD DIR MIN PSBL S-S WX SPD DR
================================================================================
1 74 63 69 4 0 4 T M M 8.3 14 140 M M 10 19 150
2 79 66 73 8 0 8 0.78 M M 7.5 13 290 M M 8 1 23 290
3 72 61 67 3 0 2 0.04 M M 3.8 13 230 M M 8 12 17 240
4 74 52 63 -1 2 0 0.02 M M 7.1 18 250 M M 4 1 23 240
5 74 49 62 -2 3 0 0.00 M M 7.0 18 250 M M 3 22 250
6 76 54 65 2 0 0 0.00 M M 5.7 14 250 M M 4 19 230
7 69 61 65 2 0 0 0.12 M M 5.5 21 240 M M 3 3 27 240
8 83 58 71 8 0 6 0.00 M M 4.2 12 230 M M 0 17 230
9 84 61 73 11 0 8 0.00 M M 5.1 10 130 M M 0 20 110
10 85 61 73 11 0 8 0.00 M M 4.6 13 340 M M 3 15 340
11 75 55 65 3 0 0 0.00 M M 5.8 12 360 M M 6 14 60
12 70 50 60 -1 5 0 0.00 M M 9.7 16 130 M M 6 23 120
13 72 58 65 4 0 0 0.23 M M 6.7 13 320 M M 8 1 19 130
14 66 45 56 -5 9 0 0.00 M M 7.1 16 350 M M 2 1 23 330
15 66 38 52 -8 13 0 0.00 M M 3.5 10 130 M M 0 14 130
16 72 43 58 -2 7 0 0.00 M M 3.9 13 230 M M 0 17 220
17 71 49 60 1 5 0 0.00 M M 3.7 12 10 M M 4 1 15 340
18 62 40 51 -8 14 0 0.00 M M 8.6 17 320 M M 6 1 21 350
19 62 34 48 -11 17 0 0.00 M M 4.3 13 20 M M 0 16 10
20 63 34 49 -9 16 0 0.00 M M 5.7 10 80 M M 0 15 90
21 65 35 50 -8 15 0 0.00 M M 5.7 12 110 M M 0 16 120
22 68 34 51 -6 14 0 0.00 M M 4.5 14 290 M M 0 17 270
23 76 44 60 3 5 0 0.00 M M 6.4 16 280 M M 1 21 300
24 74 51 63 6 2 0 0.00 M M 3.7 14 240 M M 1 1 17 250
25 77 50 64 8 1 0 0.00 M M 4.0 10 130 M M 2 12 14 140
26 74 52 63 7 2 0 0.00 M M 5.4 10 230 M M 4 1 16 220
27 76 58 67 12 0 2 0.00 M M 4.7 14 220 M M 4 21 160
28 78 59 69 14 0 4 0.01 M M 6.4 16 180 M M 4 18 25 220
29 69 50 60 5 5 0 0.57 M M 5.8 17 280 M M 10 18 22 250
30 60 48 54 0 11 0 0.14 M M 12.4 24 240 M M 10 1 32 240
================================================================================
SM 2166 1513 146 42 1.91 M 176.8 M 111
================================================================================
AV 72.2 50.4 5.9 FASTST M M 4 MAX(MPH)
MISC ----> 24 240 32 240
================================================================================
NOTES:
# LAST OF SEVERAL OCCURRENCES
COLUMN 17 PEAK WIND IN M.P.H.
PRELIMINARY LOCAL CLIMATOLOGICAL DATA (WS FORM: F-6) , PAGE 2
STATION: DUBOIS PA
MONTH: SEPTEMBER
YEAR: 2020
LATITUDE: 41 10 N
LONGITUDE: 78 54 W
[TEMPERATURE DATA] [PRECIPITATION DATA] SYMBOLS USED IN COLUMN 16
AVERAGE MONTHLY: 61.3 TOTAL FOR MONTH: 1.91 1 = FOG OR MIST
DPTR FM NORMAL: 1.4 DPTR FM NORMAL: -1.72 2 = FOG REDUCING VISIBILITY
HIGHEST: 85 ON 10 GRTST 24HR 0.78 ON 2- 2 TO 1/4 MILE OR LESS
LOWEST: 34 ON 22,20 3 = THUNDER
SNOW, ICE PELLETS, HAIL 4 = ICE PELLETS
TOTAL MONTH: M 5 = HAIL
GRTST 24HR M ON M 6 = FREEZING RAIN OR DRIZZLE
GRTST DEPTH: M ON M 7 = DUSTSTORM OR SANDSTORM:
VSBY 1/2 MILE OR LESS
8 = SMOKE OR HAZE
[NO. OF DAYS WITH] [WEATHER - DAYS WITH] 9 = BLOWING SNOW
X = TORNADO
MAX 32 OR BELOW: 0 0.01 INCH OR MORE: 8
MAX 90 OR ABOVE: 0 0.10 INCH OR MORE: 5
MIN 32 OR BELOW: 0 0.50 INCH OR MORE: 2
MIN 0 OR BELOW: 0 1.00 INCH OR MORE: 0
[HDD (BASE 65) ]
TOTAL THIS MO. 146 CLEAR (SCALE 0-3) 13
DPTR FM NORMAL -38 PTCLDY (SCALE 4-7) 14
TOTAL FM JUL 1 150 CLOUDY (SCALE 8-10) 3
DPTR FM NORMAL -95
[CDD (BASE 65) ]
TOTAL THIS MO. 42
DPTR FM NORMAL 13 [PRESSURE DATA]
TOTAL FM JAN 1 645 HIGHEST SLP 30.58 ON 21
DPTR FM NORMAL 285 LOWEST SLP 29.65 ON 30
[REMARKS]
#FINAL-09-20#