000
CXUS51 KPBZ 010830
CF6DUJ
PRELIMINARY LOCAL CLIMATOLOGICAL DATA (WS FORM: F-6)
STATION: DUBOIS PA
MONTH: FEBRUARY
YEAR: 2020
LATITUDE: 41 10 N
LONGITUDE: 78 54 W
TEMPERATURE IN F: :PCPN: SNOW: WIND :SUNSHINE: SKY :PK WND
================================================================================
1 2 3 4 5 6A 6B 7 8 9 10 11 12 13 14 15 16 17 18
12Z AVG MX 2MIN
DY MAX MIN AVG DEP HDD CDD WTR SNW DPTH SPD SPD DIR MIN PSBL S-S WX SPD DR
================================================================================
1 32 27 30 6 35 0 0.02 M M 5.5 13 250 M M 10 12 15 240
2 42 30 36 12 29 0 0.02 M M 9.3 20 270 M M 10 12 26 210
3 56 33 45 21 20 0 0.00 M M 8.1 20 270 M M 1 29 280
4 55 30 43 19 22 0 0.10 M M 12.9 26 250 M M 9 168 34 240
5 33 27 30 5 35 0 0.14 M M 8.5 18 110 M M 10 168 26 100
6 39 30 35 10 30 0 0.35 M M 7.0 20 120 M M 10 126 24 80
7 36 22 29 4 36 0 0.35 M M 11.8 21 270 M M 10 128 28 290
8 30 22 26 1 39 0 0.03 M M 8.7 22 240 M M 9 12 27 240
9 34 23 29 4 36 0 0.11 M M 5.7 15 220 M M 10 18 21 220
10 41 33 37 12 28 0 0.49 M M 8.0 16 230 M M 10 12 23 230
11 37 31 34 8 31 0 T M M 8.2 17 280 M M 10 12 26 290
12 34 23 29 3 36 0 0.37 M M 6.3 15 290 M M 5 16 21 140
13 34 24 29 3 36 0 0.23 M M 9.5 22 290 M M 10 168 29 310
14 24 9 17 -9 48 0 T M M 8.5 24 320 M M 10 18 34 320
15 31 3 17 -9 48 0 0.00 M M 5.6 14 190 M M 1 20 190
16 35 26 31 5 34 0 T M M 8.0 18 260 M M 9 1 27 260
17 41 23 32 5 33 0 0.00 M M 4.0 15 120 M M 7 128 23 130
18 44 32 38 11 27 0 0.27 M M 10.1 18 130 M M 10 1 25 120
19 35 21 28 1 37 0 0.00 M M 11.4 21 300 M M 4 30 310
20 24 13 19 -8 46 0 T M M 6.6 15 340 M M 5 18 19 330
21 31 13 22 -6 43 0 0.00 M M 10.1 18 250 M M 3 24 240
22 44 20 32 4 33 0 0.00 M M 12.6 23 240 M M 0 29 240
23 50 24 37 9 28 0 0.00 M M 9.1 22 230 M M 3 28 220
24 53 31 42 14 23 0 0.00 M M 5.6 14 240 M M 3 20 250
25 48 38 43 14 22 0 0.12 M M 6.4 13 140 M M 10 1 19 130
26 49 34 42 13 23 0 1.00 M M 6.2 22 250 M M 10 12 29 250
27 34 19 27 -2 38 0 0.01 M M 20.1 31 280 M M 10 128 43 280
28 25 15 20 -10 45 0 T M M 17.0 24 240 M M 9 8 31 250
29 23 16 20 -10 45 0 0.02 M M 14.4 22 280 M M 9 128 32 290
================================================================================
SM 1094 692 986 0 3.63 M 265.2 M 217
================================================================================
AV 37.7 23.9 9.1 FASTST M M 7 MAX(MPH)
MISC ----> 31 280 43 280
================================================================================
NOTES:
# LAST OF SEVERAL OCCURRENCES
COLUMN 17 PEAK WIND IN M.P.H.
PRELIMINARY LOCAL CLIMATOLOGICAL DATA (WS FORM: F-6) , PAGE 2
STATION: DUBOIS PA
MONTH: FEBRUARY
YEAR: 2020
LATITUDE: 41 10 N
LONGITUDE: 78 54 W
[TEMPERATURE DATA] [PRECIPITATION DATA] SYMBOLS USED IN COLUMN 16
AVERAGE MONTHLY: 30.8 TOTAL FOR MONTH: 3.63 1 = FOG OR MIST
DPTR FM NORMAL: 4.4 DPTR FM NORMAL: 1.26 2 = FOG REDUCING VISIBILITY
HIGHEST: 56 ON 3 GRTST 24HR 1.01 ON 26-27 TO 1/4 MILE OR LESS
LOWEST: 3 ON 15 3 = THUNDER
SNOW, ICE PELLETS, HAIL 4 = ICE PELLETS
TOTAL MONTH: M 5 = HAIL
GRTST 24HR M ON M 6 = FREEZING RAIN OR DRIZZLE
GRTST DEPTH: M ON M 7 = DUSTSTORM OR SANDSTORM:
VSBY 1/2 MILE OR LESS
8 = SMOKE OR HAZE
[NO. OF DAYS WITH] [WEATHER - DAYS WITH] 9 = BLOWING SNOW
X = TORNADO
MAX 32 OR BELOW: 8 0.01 INCH OR MORE: 16
MAX 90 OR ABOVE: 0 0.10 INCH OR MORE: 11
MIN 32 OR BELOW: 25 0.50 INCH OR MORE: 1
MIN 0 OR BELOW: 0 1.00 INCH OR MORE: 1
[HDD (BASE 65) ]
TOTAL THIS MO. 986 CLEAR (SCALE 0-3) 6
DPTR FM NORMAL -93 PTCLDY (SCALE 4-7) 4
TOTAL FM JUL 1 4455 CLOUDY (SCALE 8-10) 19
DPTR FM NORMAL -638
[CDD (BASE 65) ]
TOTAL THIS MO. 0
DPTR FM NORMAL 0 [PRESSURE DATA]
TOTAL FM JAN 1 0 HIGHEST SLP 30.56 ON 21
DPTR FM NORMAL 0 LOWEST SLP 29.11 ON 7
[REMARKS]
#FINAL-02-20#