000
CXUS55 KDVN 011100
CF6DVN
PRELIMINARY LOCAL CLIMATOLOGICAL DATA (WS FORM: F-6)
STATION: DAVENPORT IA
MONTH: NOVEMBER
YEAR: 2022
LATITUDE: 41 37 N
LONGITUDE: 90 35 W
TEMPERATURE IN F: :PCPN: SNOW: WIND :SUNSHINE: SKY :PK WND
================================================================================
1 2 3 4 5 6A 6B 7 8 9 10 11 12 13 14 15 16 17 18
12Z AVG MX 2MIN
DY MAX MIN AVG DEP HDD CDD WTR SNW DPTH SPD SPD DIR MIN PSBL S-S WX SPD DR
================================================================================
1 72 34 53 7 12 0 0.00 0.0 0 5.6 13 170 M M 0 17 180
2 76 39 58 13 7 0 0.00 0.0 0 8.0 15 180 M M 0 22 160
3 74 56 65 20 0 0 0.00 0.0 0 14.1 22 170 M M 1 36 180
4 71 53 62 18 3 0 2.00 0.0 0 11.0 23 280 M M 8 13 36 280
5 64 42 53 9 12 0 0.34 0.0 0 15.3 31 220 M M 7 18 46 230
6 61 38 50 7 15 0 0.00 0.0 0 10.9 18 250 M M 0 28 260
7 53 32 43 0 22 0 0.00 0.0 0 7.0 12 80 M M 0 16 10
8 57 35 46 4 19 0 0.00 0.0 0 12.9 22 110 M M 2 29 120
9 77 52 65 23 0 0 0.00 0.0 0 11.7 18 180 M M 2 25 160
10 75 40 58 16 7 0 0.22 0.0 0 14.7 24 200 M M 5 1 34 170
11 40 27 34 -7 31 0 0.12 T 0 15.1 24 300 M M 9 14 36 300
12 32 29 31 -10 34 0 T T 0 12.0 17 290 M M 10 25 300
13 35 20 28 -12 37 0 0.00 0.0 0 4.5 12 280 M M 3 17 300
14 43 22 33 -7 32 0 0.00 0.0 0 6.5 15 140 M M 4 22 160
15 35 30 33 -6 32 0 0.06 1.0 T 6.4 12 100 M M 10 1 16 110
16 32 28 30 -9 35 0 0.02 0.2 T 11.7 18 280 M M 10 18 26 260
17 34 23 29 -9 36 0 T 0.2 T 13.8 22 280 M M 9 1 33 270
18 26 19 23 -15 42 0 T 0.2 T 14.7 23 280 M M 9 1 31 280
19 28 13 21 -17 44 0 T T 0 16.2 29 300 M M 4 41 290
20 40 12 26 -11 39 0 0.00 0.0 0 11.6 22 190 M M 0 30 210
21 48 21 35 -2 30 0 0.00 0.0 0 10.2 20 220 M M 0 30 220
22 54 19 37 1 28 0 0.00 0.0 0 3.5 9 230 M M 0 14 230
23 58 31 45 9 20 0 0.00 0.0 0 6.0 12 150 M M 0 15 200
24 57 33 45 10 20 0 T 0.0 0 7.9 17 300 M M 7 1 30 290
25 53 26 40 5 25 0 0.00 0.0 0 7.2 14 270 M M 0 1 20 260
26 55 31 43 8 22 0 0.00 0.0 0 8.8 21 210 M M 0 28 210
27 47 25 36 2 29 0 0.05 0.0 0 6.7 17 350 M M 4 1 21 360
28 49 20 35 1 30 0 0.00 0.0 0 7.7 17 180 M M 0 128 22 180
29 59 24 42 9 23 0 T 0.0 0 18.6 35 280 M M 7 1 49 250
30 30 16 23 -10 42 0 0.00 0.0 0 19.0 31 280 M M 1 40 270
================================================================================
SM 1535 890 728 0 2.81 1.6 319.3 M 112
================================================================================
AV 51.2 29.7 10.6 FASTST M M 4 MAX(MPH)
MISC ----> 35 280 49 250
================================================================================
NOTES:
# LAST OF SEVERAL OCCURRENCES
COLUMN 17 PEAK WIND IN M.P.H.
PRELIMINARY LOCAL CLIMATOLOGICAL DATA (WS FORM: F-6) , PAGE 2
STATION: DAVENPORT IA
MONTH: NOVEMBER
YEAR: 2022
LATITUDE: 41 37 N
LONGITUDE: 90 35 W
[TEMPERATURE DATA] [PRECIPITATION DATA] SYMBOLS USED IN COLUMN 16
AVERAGE MONTHLY: 40.4 TOTAL FOR MONTH: 2.81 1 = FOG OR MIST
DPTR FM NORMAL: 1.2 DPTR FM NORMAL: 0.56 2 = FOG REDUCING VISIBILITY
HIGHEST: 77 ON 9 GRTST 24HR 2.33 ON 4- 5 TO 1/4 MILE OR LESS
LOWEST: 12 ON 20 3 = THUNDER
SNOW, ICE PELLETS, HAIL 4 = ICE PELLETS
TOTAL MONTH: 1.6 INCHES 5 = HAIL
GRTST 24HR 1.0 ON 15-15 6 = FREEZING RAIN OR DRIZZLE
GRTST DEPTH: T 7 = DUSTSTORM OR SANDSTORM:
VSBY 1/2 MILE OR LESS
8 = SMOKE OR HAZE
[NO. OF DAYS WITH] [WEATHER - DAYS WITH] 9 = BLOWING SNOW
X = TORNADO
MAX 32 OR BELOW: 5 0.01 INCH OR MORE: 7
MAX 90 OR ABOVE: 0 0.10 INCH OR MORE: 4
MIN 32 OR BELOW: 20 0.50 INCH OR MORE: 1
MIN 0 OR BELOW: 0 1.00 INCH OR MORE: 1
[HDD (BASE 65) ]
TOTAL THIS MO. 728 CLEAR (SCALE 0-3) 16
DPTR FM NORMAL -48 PTCLDY (SCALE 4-7) 7
TOTAL FM JUL 1 1250 CLOUDY (SCALE 8-10) 7
DPTR FM NORMAL -45
[CDD (BASE 65) ]
TOTAL THIS MO. 0
DPTR FM NORMAL 0 [PRESSURE DATA]
TOTAL FM JAN 1 1013 HIGHEST SLP 30.60 ON 8
DPTR FM NORMAL 134 LOWEST SLP 29.29 ON 5
[REMARKS]
#FINAL-11-22#