000
CXUS55 KDVN 011000
CF6DVN
PRELIMINARY LOCAL CLIMATOLOGICAL DATA (WS FORM: F-6)
STATION: DAVENPORT IA
MONTH: AUGUST
YEAR: 2022
LATITUDE: 41 37 N
LONGITUDE: 90 35 W
TEMPERATURE IN F: :PCPN: SNOW: WIND :SUNSHINE: SKY :PK WND
================================================================================
1 2 3 4 5 6A 6B 7 8 9 10 11 12 13 14 15 16 17 18
12Z AVG MX 2MIN
DY MAX MIN AVG DEP HDD CDD WTR SNW DPTH SPD SPD DIR MIN PSBL S-S WX SPD DR
================================================================================
1 85 64 75 2 0 10 0.04 0.0 0 8.5 22 260 M M 1 13 33 260
2 86 63 75 2 0 10 0.32 T 0 12.7 31 270 M M 0 1235 42 300
3 84 72 78 5 0 13 0.21 0.0 0 10.2 26 230 M M 3 13 36 230
4 86 66 76 3 0 11 0.00 0.0 0 5.8 10 70 M M 3 15 20
5 87 66 77 4 0 12 0.00 0.0 0 6.3 10 160 M M 4 18 70
6 90 73 82 9 0 17 0.00 0.0 0 8.8 15 190 M M 0 1 23 190
7 83 73 78 5 0 13 0.84 0.0 0 6.1 18 330 M M 5 13 27 320
8 81 61 71 -2 0 6 0.15 0.0 0 8.4 17 220 M M 8 138 28 230
9 79 58 69 -4 0 4 0.00 0.0 0 4.3 10 20 M M 2 1 16 40
10 82 54 68 -5 0 3 0.00 0.0 0 2.8 7 310 M M 0 1 11 310
11 79 60 70 -3 0 5 0.00 0.0 0 7.1 13 70 M M 1 20 50
12 72 53 63 -9 2 0 T 0.0 0 5.8 12 180 M M 3 16 180
13 85 65 75 3 0 10 0.00 0.0 0 10.4 22 190 M M 2 1 29 180
14 74 67 71 -1 0 6 T 0.0 0 8.3 14 20 M M 9 1 19 10
15 78 59 69 -3 0 4 0.00 0.0 0 5.5 12 70 M M 2 1 17 60
16 81 58 70 -2 0 5 0.00 0.0 0 6.9 15 60 M M 1 1 21 100
17 81 55 68 -4 0 3 0.00 0.0 0 4.6 10 20 M M 0 16 20
18 82 55 69 -3 0 4 0.00 0.0 0 4.8 12 220 M M 0 1 17 220
19 84 61 73 1 0 8 0.17 0.0 0 8.7 21 270 M M 5 13 33 260
20 77 64 71 0 0 6 0.77 0.0 0 6.3 14 220 M M 8 13 22 220
21 78 61 70 -1 0 5 0.00 0.0 0 6.7 13 340 M M 6 12 18 350
22 81 57 69 -2 0 4 0.00 0.0 0 3.9 10 350 M M 3 12 14 300
23 82 56 69 -2 0 4 0.00 0.0 0 1.4 7 330 M M 4 1 12 320
24 83 56 70 -1 0 5 0.00 0.0 0 5.3 13 190 M M 3 17 220
25 81 66 74 3 0 9 0.70 0.0 0 7.5 17 250 M M 4 13 26 280
26 80 62 71 1 0 6 0.00 0.0 0 5.7 9 60 M M 4 1 15 360
27 83 64 74 4 0 9 0.00 0.0 0 8.4 14 150 M M 1 20 140
28 84 70 77 7 0 12 0.11 0.0 0 11.1 22 210 M M 1 1 32 220
29 83 65 74 4 0 9 0.20 0.0 0 9.2 16 250 M M 3 13 23 260
30 80 57 69 -1 0 4 0.00 0.0 0 8.7 20 300 M M 0 31 290
31 84 55 70 1 0 5 0.00 0.0 0 6.9 16 270 M M 0 21 270
================================================================================
SM 2535 1916 2 222 3.51 T 217.1 M 86
================================================================================
AV 81.8 61.8 7.0 FASTST M M 3 MAX(MPH)
MISC ----> 31 270 42 300
================================================================================
NOTES:
# LAST OF SEVERAL OCCURRENCES
COLUMN 17 PEAK WIND IN M.P.H.
PRELIMINARY LOCAL CLIMATOLOGICAL DATA (WS FORM: F-6) , PAGE 2
STATION: DAVENPORT IA
MONTH: AUGUST
YEAR: 2022
LATITUDE: 41 37 N
LONGITUDE: 90 35 W
[TEMPERATURE DATA] [PRECIPITATION DATA] SYMBOLS USED IN COLUMN 16
AVERAGE MONTHLY: 71.8 TOTAL FOR MONTH: 3.51 1 = FOG OR MIST
DPTR FM NORMAL: 0.1 DPTR FM NORMAL: -0.45 2 = FOG REDUCING VISIBILITY
HIGHEST: 90 ON 6 GRTST 24HR 0.95 ON 7- 8 TO 1/4 MILE OR LESS
LOWEST: 53 ON 12 3 = THUNDER
SNOW, ICE PELLETS, HAIL 4 = ICE PELLETS
TOTAL MONTH: T 5 = HAIL
GRTST 24HR T ON 2- 2 6 = FREEZING RAIN OR DRIZZLE
GRTST DEPTH: 0 7 = DUSTSTORM OR SANDSTORM:
VSBY 1/2 MILE OR LESS
8 = SMOKE OR HAZE
[NO. OF DAYS WITH] [WEATHER - DAYS WITH] 9 = BLOWING SNOW
X = TORNADO
MAX 32 OR BELOW: 0 0.01 INCH OR MORE: 10
MAX 90 OR ABOVE: 1 0.10 INCH OR MORE: 9
MIN 32 OR BELOW: 0 0.50 INCH OR MORE: 3
MIN 0 OR BELOW: 0 1.00 INCH OR MORE: 0
[HDD (BASE 65) ]
TOTAL THIS MO. 2 CLEAR (SCALE 0-3) 20
DPTR FM NORMAL -6 PTCLDY (SCALE 4-7) 10
TOTAL FM JUL 1 2 CLOUDY (SCALE 8-10) 1
DPTR FM NORMAL -5
[CDD (BASE 65) ]
TOTAL THIS MO. 222
DPTR FM NORMAL 5 [PRESSURE DATA]
TOTAL FM JAN 1 887 HIGHEST SLP 30.32 ON 12
DPTR FM NORMAL 116 LOWEST SLP 29.72 ON 3
[REMARKS]
#FINAL-08-22#