000
CXUS55 KPSR 221503
CF6DVT
PRELIMINARY LOCAL CLIMATOLOGICAL DATA (WS FORM: F-6)
STATION: DEER VLY/PHOENIX AZ
MONTH: MARCH
YEAR: 2021
LATITUDE: 33 41 N
LONGITUDE: 112 4 W
TEMPERATURE IN F: :PCPN: SNOW: WIND :SUNSHINE: SKY :PK WND
================================================================================
1 2 3 4 5 6A 6B 7 8 9 10 11 12 13 14 15 16 17 18
12Z AVG MX 2MIN
DY MAX MIN AVG DEP HDD CDD WTR SNW DPTH SPD SPD DIR MIN PSBL S-S WX SPD DR
================================================================================
1 69 37 53 -7 12 0 0.00 M M 5.6 15 20 M M 0 17 20
2 75 52 64 4 1 0 0.00 M M 9.0 17 130 M M 0 26 80
3 82 50 66 6 0 1 0.00 M M 13.2 36 240 M M 1 8 44 190
4 69 53 61 1 4 0 0.00 M M 4.6 14 270 M M 5 17 270
5 80 47 64 4 1 0 0.00 M M 4.0 14 40 M M 0 16 40
6 83 60 72 11 0 7 0.00 M M 7.0 16 130 M M 0 22 150
7 84 57 71 10 0 6 0.00 M M 4.6 16 180 M M 0 20 180
8 81 61 71 10 0 6 0.00 M M 7.0 17 240 M M 0 23 240
9 75 55 65 4 0 0 0.00 M M 9.9 28 220 M M 0 34 220
10 66 43 55 -7 10 0 0.00 M M 6.9 20 230 M M 1 24 220
11 65 42 54 -8 11 0 T M M 7.0 24 260 M M 5 28 260
12 58 45 52 -10 13 0 0.22 M M 5.4 18 330 M M 8 23 340
13 58 43 51 -11 14 0 0.04 M M 8.4 25 350 M M 9 1 30 360
14 65 38 52 -11 13 0 0.00 M M 5.6 17 250 M M 1 20 250
15 70 47 59 -4 6 0 0.00 M M 7.0 24 270 M M 1 31 280
16 59 44 52 -11 13 0 T M M 9.1 21 280 M M 4 25 280
17 70 42 56 -7 9 0 0.00 M M 4.7 13 30 M M 0 14 30
18 79 47 63 -1 2 0 0.00 M M 2.8 10 240 M M 0 14 210
19 82 49 66 2 0 1 0.00 M M 3.0 9 50 M M 0 M M
20 83 52 68 4 0 3 0.00 M M 6.9 22 210 M M 0 30 220
21 74 47 61 -3 4 0 0.00 M M 7.1 22 260 M M 0 30 230
22 69 52 61 -3 4 0 0.00 M M 12.5 26 10 M M 0 38 360
23 62 49 56 -8 9 0 T M M 7.1 21 280 M M 6 32 270
24 70 47 59 -6 6 0 0.00 M M 5.2 17 260 M M 6 24 260
25 69 50 60 -5 5 0 0.00 M M 12.1 25 230 M M 2 31 230
26 63 50 57 -8 8 0 0.00 M M 8.2 18 250 M M 6 26 300
27 78 44 61 -4 4 0 0.00 M M 5.3 14 340 M M 0 18 10
28 84 52 68 2 0 3 0.00 M M 4.7 15 30 M M 0 21 20
29 86 59 73 7 0 8 0.00 M M 6.7 15 220 M M 0 M M
30 83 55 69 3 0 4 0.00 M M 6.8 16 230 M M 0 18 230
31 87 56 72 6 0 7 0.00 M M 7.0 16 50 M M 0 22 30
================================================================================
SM 2278 1525 149 46 0.26 M 214.4 M 55
================================================================================
AV 73.5 49.2 6.9 FASTST M M 2 MAX(MPH)
MISC ----> 36 240 44 190
================================================================================
NOTES:
# LAST OF SEVERAL OCCURRENCES
COLUMN 17 PEAK WIND IN M.P.H.
PRELIMINARY LOCAL CLIMATOLOGICAL DATA (WS FORM: F-6) , PAGE 2
STATION: DEER VLY/PHOENIX AZ
MONTH: MARCH
YEAR: 2021
LATITUDE: 33 41 N
LONGITUDE: 112 4 W
[TEMPERATURE DATA] [PRECIPITATION DATA] SYMBOLS USED IN COLUMN 16
AVERAGE MONTHLY: 61.3 TOTAL FOR MONTH: 0.26 1 = FOG OR MIST
DPTR FM NORMAL: -1.6 DPTR FM NORMAL: -0.83 2 = FOG REDUCING VISIBILITY
HIGHEST: 87 ON 31 GRTST 24HR 0.23 ON 12-13 TO 1/4 MILE OR LESS
LOWEST: 37 ON 1 3 = THUNDER
SNOW, ICE PELLETS, HAIL 4 = ICE PELLETS
TOTAL MONTH: M 5 = HAIL
GRTST 24HR M ON M 6 = FREEZING RAIN OR DRIZZLE
GRTST DEPTH: M ON M 7 = DUSTSTORM OR SANDSTORM:
VSBY 1/2 MILE OR LESS
8 = SMOKE OR HAZE
[NO. OF DAYS WITH] [WEATHER - DAYS WITH] 9 = BLOWING SNOW
X = TORNADO
MAX 32 OR BELOW: 0 0.01 INCH OR MORE: 2
MAX 90 OR ABOVE: 0 0.10 INCH OR MORE: 1
MIN 32 OR BELOW: 0 0.50 INCH OR MORE: 0
MIN 0 OR BELOW: 0 1.00 INCH OR MORE: 0
[HDD (BASE 65) ]
TOTAL THIS MO. 149 CLEAR (SCALE 0-3) 23
DPTR FM NORMAL 32 PTCLDY (SCALE 4-7) 6
TOTAL FM JUL 1 1202 CLOUDY (SCALE 8-10) 2
DPTR FM NORMAL 33
[CDD (BASE 65) ]
TOTAL THIS MO. 46
DPTR FM NORMAL -8 [PRESSURE DATA]
TOTAL FM JAN 1 52 HIGHEST SLP 30.31 ON 1
DPTR FM NORMAL -8 LOWEST SLP 29.63 ON 25
[REMARKS]
#FINAL-03-21#