000
CXUS54 KMAF 011110
CF6E38
PRELIMINARY LOCAL CLIMATOLOGICAL DATA (WS FORM: F-6)
STATION: ALPINE-CASPARIS MUNICIPAL
MONTH: MAY
YEAR: 2021
LATITUDE: 30 23 N
LONGITUDE: 103 41 W
TEMPERATURE IN F: :PCPN: SNOW: WIND :SUNSHINE: SKY :PK WND
================================================================================
1 2 3 4 5 6A 6B 7 8 9 10 11 12 13 14 15 16 17 18
12Z AVG MX 2MIN
DY MAX MIN AVG DEP HDD CDD WTR SNW DPTH SPD SPD DIR MIN PSBL S-S WX SPD DR
================================================================================
1 74 49 62 M 3 0 M M M 4.8 13 270 M M 5 M M
2 89 60 75 M 0 10 M M M 18.2 31 260 M M 0 44 260
3 84 53 69 M 0 4 M M M 9.9 23 270 M M 0 39 20
4 70 46 58 M 7 0 M M M 9.4 20 10 M M 2 25 360
5 84 47 66 M 0 1 M M M 6.8 14 150 M M 0 20 150
6 88 55 72 M 0 7 M M M 10.5 20 150 M M 0 26 150
7 89 65 77 M 0 12 M M M 11.0 20 160 M M 2 47 200
8 92 64 78 M 0 13 M M M 15.2 30 280 M M 0 45 280
9 88 58 73 M 0 8 M M M 10.0 21 270 M M 0 25 270
10 91 53 72 M 0 7 M M M 7.5 20 40 M M 0 25 40
11 87 58 73 M 0 8 M M M 8.7 24 50 M M 1 32 50
12 60 49 55 M 10 0 M M M 10.0 16 40 M M 8 18 40
13 80 46 63 M 2 0 M M M 5.3 13 170 M M 3 20 70
14 85 56 71 M 0 6 M M M 9.8 15 140 M M 0 22 180
15 89 55 72 M 0 7 M M M 12.3 24 220 M M 1 31 210
16 91 61 76 M 0 11 M M M 9.6 17 210 M M 1 24 240
17 91 64 78 M 0 13 M M M 7.9 17 230 M M 0 26 260
18 84 58 71 M 0 6 M M M 8.4 20 300 M M 0 25 290
19 80 58 69 M 0 4 M M M 9.4 20 40 M M 1 33 340
20 92 61 77 M 0 12 M M M 9.5 16 120 M M 1 25 120
21 94 64 79 M 0 14 M M M 12.8 22 150 M M 0 30 200
22 88 64 76 M 0 11 M M M 8.1 17 150 M M 0 26 130
23 91 58 75 M 0 10 0.26 M M 10.1 23 100 M M 3 3 36 90
24 88 57 73 M 0 8 M M M 12.8 30 230 M M 2 40 230
25 92 64 78 M 0 13 M M M 11.2 17 170 M M 2 3 26 110
26 93 65 79 M 0 14 M M M 10.4 17 150 M M 1 26 150
27 93 65 79 M 0 14 M M M 8.4 16 50 M M 0 22 50
28 93 67 80 M 0 15 M M M 9.1 16 80 M M 1 3 22 160
29 90 55 73 M 0 8 0.79 M M 7.8 18 140 M M 2 3 46 110
30 71 63 67 M 0 2 0.15 M M 6.4 20 150 M M 4 24 150
31 86 58 72 M 0 7 M M M 8.4 21 30 M M 7 31 100
================================================================================
SM 2667 1796 22 245 1.20 M 299.4 M 47
================================================================================
AV 86.0 57.9 9.7 FASTST M M 2 MAX(MPH)
MISC ----> 31 260 47 200
================================================================================
NOTES:
# LAST OF SEVERAL OCCURRENCES
COLUMN 17 PEAK WIND IN M.P.H.
PRELIMINARY LOCAL CLIMATOLOGICAL DATA (WS FORM: F-6) , PAGE 2
STATION: ALPINE-CASPARIS MUNICIPAL
MONTH: MAY
YEAR: 2021
LATITUDE: 30 23 N
LONGITUDE: 103 41 W
[TEMPERATURE DATA] [PRECIPITATION DATA] SYMBOLS USED IN COLUMN 16
AVERAGE MONTHLY: 72.0 TOTAL FOR MONTH: 1.20 1 = FOG OR MIST
DPTR FM NORMAL: 0.0 DPTR FM NORMAL: M 2 = FOG REDUCING VISIBILITY
HIGHEST: 94 ON 21 GRTST 24HR 0.79 ON 29-29 TO 1/4 MILE OR LESS
LOWEST: 46 ON 13, 4 3 = THUNDER
SNOW, ICE PELLETS, HAIL 4 = ICE PELLETS
TOTAL MONTH: M 5 = HAIL
GRTST 24HR M ON M 6 = FREEZING RAIN OR DRIZZLE
GRTST DEPTH: M ON M 7 = DUSTSTORM OR SANDSTORM:
VSBY 1/2 MILE OR LESS
8 = SMOKE OR HAZE
[NO. OF DAYS WITH] [WEATHER - DAYS WITH] 9 = BLOWING SNOW
X = TORNADO
MAX 32 OR BELOW: 0 0.01 INCH OR MORE: 3
MAX 90 OR ABOVE: 12 0.10 INCH OR MORE: 3
MIN 32 OR BELOW: 0 0.50 INCH OR MORE: 1
MIN 0 OR BELOW: 0 1.00 INCH OR MORE: 0
[HDD (BASE 65) ]
TOTAL THIS MO. 22 CLEAR (SCALE 0-3) 27
DPTR FM NORMAL M PTCLDY (SCALE 4-7) 4
TOTAL FM JUL 1 2454 CLOUDY (SCALE 8-10) 0
DPTR FM NORMAL M
[CDD (BASE 65) ]
TOTAL THIS MO. 245
DPTR FM NORMAL M [PRESSURE DATA]
TOTAL FM JAN 1 321 HIGHEST SLP M ON M
DPTR FM NORMAL M LOWEST SLP M ON M
[REMARKS]
#FINAL-05-21#