000
CXUS53 KGID 011046
CF6EAR
PRELIMINARY LOCAL CLIMATOLOGICAL DATA (WS FORM: F-6)
STATION: KEARNEY NE
MONTH: DECEMBER
YEAR: 2022
LATITUDE: 40 43 N
LONGITUDE: 99 0 W
TEMPERATURE IN F: :PCPN: SNOW: WIND :SUNSHINE: SKY :PK WND
================================================================================
1 2 3 4 5 6A 6B 7 8 9 10 11 12 13 14 15 16 17 18
12Z AVG MX 2MIN
DY MAX MIN AVG DEP HDD CDD WTR SNW DPTH SPD SPD DIR MIN PSBL S-S WX SPD DR
================================================================================
1 51 21 36 4 29 0 0.00 M M 18.3 24 180 M M 0 37 170
2 56 16 36 5 29 0 0.00 M M 17.6 30 340 M M 0 43 330
3 42 9 26 -5 39 0 0.00 M M 10.6 25 220 M M 0 31 210
4 53 18 36 6 29 0 0.00 M M 7.4 14 200 M M 0 M M
5 39 24 32 2 33 0 T M M 11.7 22 360 M M 2 M M
6 48 17 33 3 32 0 0.00 M M 6.8 10 220 M M 2 M M
7 39 14 27 -2 38 0 0.00 M M 9.0 17 20 M M 0 M M
8 28 12 20 -9 45 0 M M M 5.6 15 300 M M 6 1 M M
9 41 20 31 2 34 0 T M M 7.1 15 300 M M 2 1 M M
10 49 21 35 6 30 0 0.00 M M 7.0 16 330 M M 2 12 M M
11 49 18 34 6 31 0 0.00 M M 12.3 21 160 M M 1 31 170
12 47 32 40 12 25 0 0.24 M M 18.5 27 150 M M 10 123 35 140
13 49 26 38 10 27 0 M M M 18.1 27 120 M M 10 1 36 120
14 30 23 27 0 38 0 M M M 21.7 28 310 M M 10 38 310
15 28 19 24 -3 41 0 T M M 24.7 33 310 M M 5 44 310
16 28 19 24 -3 41 0 T M M 22.8 33 330 M M 6 43 330
17 35 13 24 -3 41 0 0.00 M M 11.8 18 310 M M 3 25 320
18 42 9 26 -1 39 0 0.00 M M 8.6 18 180 M M 0 M M
19 23 3 13 -13 52 0 T M M 12.3 22 350 M M 5 1 M M
20 17 0 9 -17 56 0 0.00 M M 9.2 13 20 M M 1 M M
21 21 -9 6 -20 59 0 M M M 16.1 35 350 M M 9 12 45 340
22 -4 -16 -10 -36 75 0 M M M 23.6 31 340 M M 4 18 39 320
23 10 -7 2 -24 63 0 0.00 M M 18.8 28 310 M M 0 36 310
24 19 -1 9 -17 56 0 0.00 M M 5.8 13 320 M M 7 M M
25 41 2 22 -3 43 0 T M M 10.8 21 190 M M 4 M M
26 39 5 22 -3 43 0 T M M 15.4 35 350 M M 1 44 320
27 43 19 31 6 34 0 0.00 M M 15.2 20 200 M M 0 M M
28 57 27 42 17 23 0 T M M 6.6 12 330 M M 3 M M
29 44 29 37 12 28 0 T M M M M M M M M 1 M M
30 41 20 31 6 34 0 0.00 M M 9.0 13 180 M M 0 M M
31 44 27 36 11 29 0 0.00 M M 6.6 16 180 M M 1 M M
================================================================================
SM 1149 430 1216 0 M M 389.0 M 94
================================================================================
AV 37.1 13.9 13.0 FASTST M M 3 MAX(MPH)
MISC ----> # M M M M
================================================================================
NOTES:
# LAST OF SEVERAL OCCURRENCES
COLUMN 17 PEAK WIND IN M.P.H.
PRELIMINARY LOCAL CLIMATOLOGICAL DATA (WS FORM: F-6) , PAGE 2
STATION: KEARNEY NE
MONTH: DECEMBER
YEAR: 2022
LATITUDE: 40 43 N
LONGITUDE: 99 0 W
[TEMPERATURE DATA] [PRECIPITATION DATA] SYMBOLS USED IN COLUMN 16
AVERAGE MONTHLY: 25.5 TOTAL FOR MONTH: M 1 = FOG OR MIST
DPTR FM NORMAL: M DPTR FM NORMAL: M 2 = FOG REDUCING VISIBILITY
HIGHEST: 57 ON 28 GRTST 24HR M ON M TO 1/4 MILE OR LESS
LOWEST: -16 ON 22 3 = THUNDER
SNOW, ICE PELLETS, HAIL 4 = ICE PELLETS
TOTAL MONTH: M 5 = HAIL
GRTST 24HR M ON M 6 = FREEZING RAIN OR DRIZZLE
GRTST DEPTH: M ON M 7 = DUSTSTORM OR SANDSTORM:
VSBY 1/2 MILE OR LESS
8 = SMOKE OR HAZE
[NO. OF DAYS WITH] [WEATHER - DAYS WITH] 9 = BLOWING SNOW
X = TORNADO
MAX 32 OR BELOW: 10 0.01 INCH OR MORE: M
MAX 90 OR ABOVE: 0 0.10 INCH OR MORE: M
MIN 32 OR BELOW: 31 0.50 INCH OR MORE: M
MIN 0 OR BELOW: 5 1.00 INCH OR MORE: M
[HDD (BASE 65) ]
TOTAL THIS MO. 1216 CLEAR (SCALE 0-3) 19
DPTR FM NORMAL 6 PTCLDY (SCALE 4-7) 7
TOTAL FM JUL 1 2444 CLOUDY (SCALE 8-10) 5
DPTR FM NORMAL -190
[CDD (BASE 65) ]
TOTAL THIS MO. 0
DPTR FM NORMAL 0 [PRESSURE DATA]
TOTAL FM JAN 1 1195 HIGHEST SLP M ON M
DPTR FM NORMAL 327 LOWEST SLP M ON M
[REMARKS]
#FINAL-12-22#