000
CXUS56 KOTX 030131
CF6EAT
PRELIMINARY LOCAL CLIMATOLOGICAL DATA (WS FORM: F-6)
STATION: WENATCHEE WA PANGBORN FIELD
MONTH: JANUARY
YEAR: 2022
LATITUDE: 47 23 N
LONGITUDE: 120 12 W
TEMPERATURE IN F: :PCPN: SNOW: WIND :SUNSHINE: SKY :PK WND
================================================================================
1 2 3 4 5 6A 6B 7 8 9 10 11 12 13 14 15 16 17 18
12Z AVG MX 2MIN
DY MAX MIN AVG DEP HDD CDD WTR SNW DPTH SPD SPD DIR MIN PSBL S-S WX SPD DR
================================================================================
1 11 2 7 -20 58 0 0.00 M M 5.0 12 110 M M 2 15 120
2 15 3 9 -18 56 0 0.03 M M 1.6 7 290 M M 3 1 9 240
3 21 10 16 -11 49 0 0.06 M M 4.6 15 310 M M 8 12 17 310
4 20 6 13 -14 52 0 0.01 M M 1.5 8 60 M M 7 12 9 60
5 24 16 20 -8 45 0 0.28 M M 2.2 10 280 M M 6 1 12 280
6 25 19 22 -6 43 0 0.80 M M 1.7 7 250 M M 6 126 8 300
7 43 18 31 3 34 0 T M M 7.7 41 280 M M 0 126 50 290
8 32 17 25 -3 40 0 0.00 M M 3.1 8 110 M M 2 10 340
9 30 15 23 -5 42 0 0.00 M M 2.1 8 280 M M 0 9 280
10 26 14 20 -8 45 0 0.00 M M 2.7 10 300 M M 1 1 11 300
11 30 19 25 -3 40 0 T M M 2.2 7 300 M M 8 1 9 270
12 33 22 28 0 37 0 T M M 2.9 8 300 M M 7 1 10 300
13 38 32 35 7 30 0 T M M 3.4 10 230 M M 7 12 12 220
14 33 26 30 2 35 0 0.00 M M 3.2 12 100 M M 10 12 14 110
15 36 31 34 6 31 0 0.00 M M 3.8 9 320 M M 10 12 11 330
16 33 30 32 3 33 0 T M M 2.6 8 120 M M 9 1 9 120
17 31 26 29 0 36 0 0.00 M M 2.8 7 110 M M 10 1 8 130
18 29 25 27 -2 38 0 0.00 M M 1.7 7 120 M M 10 1 9 120
19 31 27 29 0 36 0 0.00 M M 1.5 6 260 M M 10 12 7 260
20 42 28 35 6 30 0 T M M 8.3 30 300 M M 6 1 35 300
21 42 22 32 3 33 0 0.00 M M 6.3 21 300 M M 1 12 26 300
22 29 21 25 -5 40 0 T M M 3.7 9 100 M M 7 12 12 90
23 28 22 25 -5 40 0 T M M 1.8 6 300 M M 10 12 7 260
24 30 18 24 -6 41 0 0.00 M M 3.5 14 300 M M 6 1 15 300
25 26 19 23 -7 42 0 0.00 M M 3.4 8 100 M M 10 1 11 100
26 27 24 26 -4 39 0 0.00 M M 4.8 13 300 M M 10 14 300
27 27 24 26 -4 39 0 0.00 M M 3.6 10 310 M M 10 12 40
28 27 24 26 -5 39 0 0.00 M M 2.7 9 300 M M 10 10 300
29 26 23 25 -6 40 0 T M M 2.1 10 30 M M 10 8 12 30
30 27 22 25 -6 40 0 T M M 1.6 14 250 M M 9 1 15 250
31 40 19 30 -1 35 0 0.00 M M 7.0 21 310 M M 2 1 23 310
================================================================================
SM 912 624 1238 0 1.18 M 105.1 M 207
================================================================================
AV 29.4 20.1 3.4 FASTST M M 7 MAX(MPH)
MISC ----> 41 280 50 290
================================================================================
NOTES:
# LAST OF SEVERAL OCCURRENCES
COLUMN 17 PEAK WIND IN M.P.H.
PRELIMINARY LOCAL CLIMATOLOGICAL DATA (WS FORM: F-6) , PAGE 2
STATION: WENATCHEE WA PANGBORN FIELD
MONTH: JANUARY
YEAR: 2022
LATITUDE: 47 23 N
LONGITUDE: 120 12 W
[TEMPERATURE DATA] [PRECIPITATION DATA] SYMBOLS USED IN COLUMN 16
AVERAGE MONTHLY: 24.8 TOTAL FOR MONTH: 1.18 1 = FOG OR MIST
DPTR FM NORMAL: -4.1 DPTR FM NORMAL: 0.16 2 = FOG REDUCING VISIBILITY
HIGHEST: 43 ON 7 GRTST 24HR 0.80 ON 6- 6 TO 1/4 MILE OR LESS
LOWEST: 2 ON 1 3 = THUNDER
SNOW, ICE PELLETS, HAIL 4 = ICE PELLETS
TOTAL MONTH: M 5 = HAIL
GRTST 24HR M ON M 6 = FREEZING RAIN OR DRIZZLE
GRTST DEPTH: M ON M 7 = DUSTSTORM OR SANDSTORM:
VSBY 1/2 MILE OR LESS
8 = SMOKE OR HAZE
[NO. OF DAYS WITH] [WEATHER - DAYS WITH] 9 = BLOWING SNOW
X = TORNADO
MAX 32 OR BELOW: 22 0.01 INCH OR MORE: 5
MAX 90 OR ABOVE: 0 0.10 INCH OR MORE: 2
MIN 32 OR BELOW: 31 0.50 INCH OR MORE: 1
MIN 0 OR BELOW: 0 1.00 INCH OR MORE: 0
[HDD (BASE 65) ]
TOTAL THIS MO. 1238 CLEAR (SCALE 0-3) 8
DPTR FM NORMAL 117 PTCLDY (SCALE 4-7) 10
TOTAL FM JUL 1 3684 CLOUDY (SCALE 8-10) 13
DPTR FM NORMAL 64
[CDD (BASE 65) ]
TOTAL THIS MO. 0
DPTR FM NORMAL 0 [PRESSURE DATA]
TOTAL FM JAN 1 0 HIGHEST SLP 30.75 ON 27
DPTR FM NORMAL 0 LOWEST SLP 29.31 ON 7
[REMARKS]
#FINAL-01-22#