000
CXUS56 KOTX 010910
CF6EAT
PRELIMINARY LOCAL CLIMATOLOGICAL DATA (WS FORM: F-6)
STATION: WENATCHEE WA PANGBORN FIELD
MONTH: SEPTEMBER
YEAR: 2023
LATITUDE: 47 23 N
LONGITUDE: 120 12 W
TEMPERATURE IN F: :PCPN: SNOW: WIND :SUNSHINE: SKY :PK WND
================================================================================
1 2 3 4 5 6A 6B 7 8 9 10 11 12 13 14 15 16 17 18
12Z AVG MX 2MIN
DY MAX MIN AVG DEP HDD CDD WTR SNW DPTH SPD SPD DIR MIN PSBL S-S WX SPD DR
================================================================================
1 80 60 70 1 0 5 T M M 6.0 13 310 M M 5 18 270
2 88 58 73 4 0 8 0.00 M M 8.0 15 130 M M 0 8 18 140
3 84 67 76 7 0 11 T M M 13.3 26 300 M M 3 31 310
4 79 61 70 2 0 5 0.00 M M 15.1 24 300 M M 5 28 310
5 77 55 66 -2 0 1 0.00 M M 8.0 16 320 M M 0 20 320
6 78 60 69 1 0 4 0.00 M M 8.9 16 280 M M 0 18 280
7 76 57 67 -1 0 2 0.00 M M 7.0 16 310 M M 0 18 320
8 80 57 69 2 0 4 0.00 M M 6.8 14 330 M M 0 17 330
9 84 55 70 3 0 5 0.00 M M 5.1 13 280 M M 0 14 290
10 89 57 73 6 0 8 0.00 M M 6.0 13 320 M M 0 17 320
11 82 65 74 8 0 9 0.00 M M 10.6 20 300 M M 0 24 290
12 80 60 70 4 0 5 0.00 M M 11.5 23 310 M M 0 26 320
13 80 59 70 4 0 5 0.00 M M 6.4 15 280 M M 0 18 280
14 83 54 69 4 0 4 0.00 M M 6.7 16 300 M M 0 8 19 300
15 85 56 71 6 0 6 0.00 M M 6.2 15 300 M M 0 17 300
16 85 54 70 5 0 5 0.00 M M 6.1 14 280 M M 0 15 110
17 80 65 73 9 0 8 0.00 M M 11.0 21 300 M M 0 25 290
18 73 53 63 -1 2 0 0.00 M M 15.4 33 310 M M 0 8 42 320
19 72 52 62 -2 3 0 0.00 M M 10.7 24 310 M M 1 28 300
20 59 50 55 -8 10 0 T M M 8.4 16 300 M M 8 8 20 310
21 74 46 60 -3 5 0 0.00 M M 10.1 20 20 M M 3 25 350
22 72 54 63 1 2 0 0.00 M M 8.0 16 120 M M 7 20 120
23 68 50 59 -3 6 0 0.00 M M 7.1 18 290 M M 2 22 290
24 66 50 58 -4 7 0 0.01 M M 7.6 16 130 M M 5 20 120
25 67 53 60 -1 5 0 0.08 M M 6.8 22 90 M M 7 1 26 80
26 65 51 58 -3 7 0 0.03 M M 5.6 16 330 M M 4 20 330
27 62 48 55 -5 10 0 0.06 M M 6.2 20 320 M M 6 23 320
28 65 46 56 -4 9 0 T M M 8.4 21 270 M M 2 26 260
29 60 41 51 -8 14 0 0.00 M M 5.5 18 300 M M 0 8 20 300
30 67 39 53 -6 12 0 0.00 M M 8.4 21 30 M M 2 26 40
================================================================================
SM 2260 1633 92 95 0.18 M 250.9 M 60
================================================================================
AV 75.3 54.4 8.4 FASTST M M 2 MAX(MPH)
MISC ----> 33 310 42 320
================================================================================
NOTES:
# LAST OF SEVERAL OCCURRENCES
COLUMN 17 PEAK WIND IN M.P.H.
PRELIMINARY LOCAL CLIMATOLOGICAL DATA (WS FORM: F-6) , PAGE 2
STATION: WENATCHEE WA PANGBORN FIELD
MONTH: SEPTEMBER
YEAR: 2023
LATITUDE: 47 23 N
LONGITUDE: 120 12 W
[TEMPERATURE DATA] [PRECIPITATION DATA] SYMBOLS USED IN COLUMN 16
AVERAGE MONTHLY: 64.9 TOTAL FOR MONTH: 0.18 1 = FOG OR MIST
DPTR FM NORMAL: 0.3 DPTR FM NORMAL: -0.05 2 = FOG REDUCING VISIBILITY
HIGHEST: 89 ON 10 GRTST 24HR 0.09 ON 26-27 TO 1/4 MILE OR LESS
LOWEST: 39 ON 30 3 = THUNDER
SNOW, ICE PELLETS, HAIL 4 = ICE PELLETS
TOTAL MONTH: M 5 = HAIL
GRTST 24HR M ON M 6 = FREEZING RAIN OR DRIZZLE
GRTST DEPTH: M ON M 7 = DUSTSTORM OR SANDSTORM:
VSBY 1/2 MILE OR LESS
8 = SMOKE OR HAZE
[NO. OF DAYS WITH] [WEATHER - DAYS WITH] 9 = BLOWING SNOW
X = TORNADO
MAX 32 OR BELOW: 0 0.01 INCH OR MORE: 4
MAX 90 OR ABOVE: 0 0.10 INCH OR MORE: 0
MIN 32 OR BELOW: 0 0.50 INCH OR MORE: 0
MIN 0 OR BELOW: 0 1.00 INCH OR MORE: 0
[HDD (BASE 65) ]
TOTAL THIS MO. 92 CLEAR (SCALE 0-3) 21
DPTR FM NORMAL 1 PTCLDY (SCALE 4-7) 9
TOTAL FM JUL 1 92 CLOUDY (SCALE 8-10) 0
DPTR FM NORMAL -12
[CDD (BASE 65) ]
TOTAL THIS MO. 95
DPTR FM NORMAL 16 [PRESSURE DATA]
TOTAL FM JAN 1 1092 HIGHEST SLP M ON M
DPTR FM NORMAL 287 LOWEST SLP 29.71 ON 3
[REMARKS]
#FINAL-09-23#