000
CXUS53 KMPX 010910
CF6EAU
PRELIMINARY LOCAL CLIMATOLOGICAL DATA (WS FORM: F-6)
STATION: EAU CLAIRE WI
MONTH: SEPTEMBER
YEAR: 2022
LATITUDE: 44 52 N
LONGITUDE: 91 29 W
TEMPERATURE IN F: :PCPN: SNOW: WIND :SUNSHINE: SKY :PK WND
================================================================================
1 2 3 4 5 6A 6B 7 8 9 10 11 12 13 14 15 16 17 18
12Z AVG MX 2MIN
DY MAX MIN AVG DEP HDD CDD WTR SNW DPTH SPD SPD DIR MIN PSBL S-S WX SPD DR
================================================================================
1 88 58 73 7 0 8 0.00 0.0 0 5.3 15 180 M M 0 1 20 180
2 87 66 77 11 0 12 0.20 0.0 0 9.5 21 190 M M 1 13 30 180
3 76 54 65 -1 0 0 0.00 0.0 0 8.3 16 360 M M 1 21 360
4 73 51 62 -3 3 0 0.00 0.0 0 5.8 13 100 M M 2 18 80
5 76 51 64 -1 1 0 0.00 0.0 0 5.1 13 160 M M 1 18 150
6 80 52 66 1 0 1 0.00 0.0 0 2.2 8 210 M M 4 12 130
7 88 62 75 11 0 10 0.00 0.0 0 2.0 10 300 M M 4 1 14 310
8 84 60 72 8 0 7 0.00 0.0 0 9.8 23 180 M M 1 12 33 180
9 76 60 68 4 0 3 0.59 0.0 0 6.7 16 220 M M 6 13 24 230
10 65 51 58 -5 7 0 0.24 0.0 0 2.8 9 70 M M 6 1 13 340
11 68 46 57 -6 8 0 0.00 0.0 0 3.4 12 330 M M 0 1 15 350
12 75 49 62 0 3 0 0.00 0.0 0 5.7 15 340 M M 0 21 350
13 79 46 63 1 2 0 0.00 0.0 0 3.2 12 260 M M 0 128 17 270
14 75 51 63 1 2 0 0.00 0.0 0 7.3 13 110 M M 1 12 23 140
15 83 59 71 10 0 6 0.00 0.0 0 10.4 18 190 M M 3 28 210
16 75 63 69 8 0 4 0.06 0.0 0 5.6 15 180 M M 5 12 19 180
17 79 66 73 13 0 8 T 0.0 0 8.2 18 190 M M 3 25 200
18 71 53 62 2 3 0 T 0.0 0 7.0 12 270 M M 5 1 M M
19 79 52 66 6 0 1 T 0.0 0 2.8 10 130 M M 4 12 14 130
20 84 61 73 14 0 8 0.88 0.0 0 7.6 26 140 M M 6 13 31 330
21 70 49 60 1 5 0 0.01 0.0 0 10.5 22 330 M M 3 1 31 300
22 63 42 53 -5 12 0 0.00 0.0 0 4.5 14 340 M M 0 1 20 350
23 60 40 50 -8 15 0 0.04 0.0 0 7.9 17 170 M M 5 128 23 170
24 63 51 57 0 8 0 0.28 0.0 0 6.0 13 150 M M 10 1 19 290
25 70 50 60 3 5 0 T 0.0 0 11.7 29 290 M M 7 13 40 310
26 60 44 52 -4 13 0 0.00 0.0 0 9.2 20 320 M M 3 30 300
27 54 33 44 -12 21 0 0.00 0.0 0 6.6 18 340 M M 4 1 27 350
28 59 30 45 -11 20 0 0.00 0.0 0 0.7 8 140 M M 3 12 12 150
29 65 32 49 -6 16 0 0.00 0.0 0 6.3 17 160 M M 0 25 150
30 70 40 55 0 10 0 0.00 0.0 0 4.5 16 140 M M 1 1 20 130
================================================================================
SM 2195 1522 154 68 2.30 0.0 186.6 M 89
================================================================================
AV 73.2 50.7 6.2 FASTST M M 3 MAX(MPH)
MISC ----> 29 290 40 310
================================================================================
NOTES:
# LAST OF SEVERAL OCCURRENCES
COLUMN 17 PEAK WIND IN M.P.H.
PRELIMINARY LOCAL CLIMATOLOGICAL DATA (WS FORM: F-6) , PAGE 2
STATION: EAU CLAIRE WI
MONTH: SEPTEMBER
YEAR: 2022
LATITUDE: 44 52 N
LONGITUDE: 91 29 W
[TEMPERATURE DATA] [PRECIPITATION DATA] SYMBOLS USED IN COLUMN 16
AVERAGE MONTHLY: 62.0 TOTAL FOR MONTH: 2.30 1 = FOG OR MIST
DPTR FM NORMAL: 1.1 DPTR FM NORMAL: -1.35 2 = FOG REDUCING VISIBILITY
HIGHEST: 88 ON 7, 1 GRTST 24HR 0.88 ON 20-20 TO 1/4 MILE OR LESS
LOWEST: 30 ON 28 3 = THUNDER
SNOW, ICE PELLETS, HAIL 4 = ICE PELLETS
TOTAL MONTH: 0.0 INCH 5 = HAIL
GRTST 24HR 0.0 6 = FREEZING RAIN OR DRIZZLE
GRTST DEPTH: 0 7 = DUSTSTORM OR SANDSTORM:
VSBY 1/2 MILE OR LESS
8 = SMOKE OR HAZE
[NO. OF DAYS WITH] [WEATHER - DAYS WITH] 9 = BLOWING SNOW
X = TORNADO
MAX 32 OR BELOW: 0 0.01 INCH OR MORE: 8
MAX 90 OR ABOVE: 0 0.10 INCH OR MORE: 5
MIN 32 OR BELOW: 2 0.50 INCH OR MORE: 2
MIN 0 OR BELOW: 0 1.00 INCH OR MORE: 0
[HDD (BASE 65) ]
TOTAL THIS MO. 154 CLEAR (SCALE 0-3) 15
DPTR FM NORMAL -25 PTCLDY (SCALE 4-7) 14
TOTAL FM JUL 1 158 CLOUDY (SCALE 8-10) 1
DPTR FM NORMAL -59
[CDD (BASE 65) ]
TOTAL THIS MO. 68
DPTR FM NORMAL 15 [PRESSURE DATA]
TOTAL FM JAN 1 636 HIGHEST SLP 30.58 ON 28
DPTR FM NORMAL 73 LOWEST SLP 29.69 ON 20
[REMARKS]
#FINAL-09-22#