000
CXUS54 KEWX 051821
CF6ECU
PRELIMINARY LOCAL CLIMATOLOGICAL DATA (WS FORM: F-6)
STATION: EDWARDS COUNTY AIRPORT
MONTH: JULY
YEAR: 2022
LATITUDE: 29 57 N
LONGITUDE: 100 10 W
TEMPERATURE IN F: :PCPN: SNOW: WIND :SUNSHINE: SKY :PK WND
================================================================================
1 2 3 4 5 6A 6B 7 8 9 10 11 12 13 14 15 16 17 18
12Z AVG MX 2MIN
DY MAX MIN AVG DEP HDD CDD WTR SNW DPTH SPD SPD DIR MIN PSBL S-S WX SPD DR
================================================================================
1 97 73 85 M 0 20 0.00 M M 9.0 15 150 M M 2 24 120
2 97 73 85 M 0 20 0.05 M M 10.2 17 130 M M 1 3 23 130
3 88 68 78 M 0 13 0.08 M M 9.5 22 140 M M 5 30 140
4 93 70 82 M 0 17 0.00 M M 12.8 20 160 M M 5 25 160
5 95 70 83 M 0 18 0.00 M M 12.6 18 140 M M 4 8 27 140
6 95 72 84 M 0 19 0.00 M M 11.6 18 150 M M 1 29 140
7 95 73 84 M 0 19 0.00 0.0 M 10.6 15 150 M M 0 22 140
8 99 73 86 M 0 21 0.00 0.0 M 8.1 14 150 M M 1 25 140
9 100 75 88 M 0 23 0.00 M M 8.2 17 150 M M 0 28 60
10 100 73 87 M 0 22 0.15 M M 6.3 14 60 M M 2 23 60
11 102 75 89 M 0 24 0.00 M M 5.9 18 190 M M 2 25 190
12 99 77 88 M 0 23 0.00 M M 7.9 12 150 M M 2 20 360
13 99 73 86 M 0 21 0.20 0.0 M 6.8 23 100 M M 4 37 100
14 97 66 82 M 0 17 1.38 M M 7.9 20 350 M M 2 3 40 120
15 91 66 79 M 0 14 0.00 M M 5.5 13 160 M M 2 21 160
16 93 68 81 M 0 16 0.00 M M 6.6 14 150 M M 2 16 120
17 95 72 84 M 0 19 0.00 M M 10.7 15 130 M M 3 22 130
18 97 72 85 M 0 20 0.00 M M 9.5 14 150 M M 1 21 140
19 99 73 86 M 0 21 0.00 M M 10.8 18 150 M M 1 25 150
20 99 73 86 M 0 21 0.00 M M 10.3 15 150 M M 0 27 140
21 95 75 85 M 0 20 0.00 M M 9.5 16 130 M M 4 25 110
22 93 72 83 M 0 18 0.00 M M 13.6 17 140 M M 4 28 170
23 93 72 83 M 0 18 0.00 M M 13.1 17 140 M M 1 25 140
24 95 72 84 M 0 19 0.00 M M 12.5 18 150 M M 4 27 150
25 95 72 84 M 0 19 0.00 M M 12.1 16 150 M M 1 26 180
26 95 72 84 M 0 19 0.00 M M 12.6 18 150 M M 0 25 150
27 95 73 84 M 0 19 0.00 M M 11.7 20 150 M M 1 27 150
28 95 72 84 M 0 19 0.00 M M 12.5 20 140 M M 1 28 120
29 95 73 84 M 0 19 0.00 M M 13.2 18 140 M M 0 29 140
30 95 73 84 M 0 19 0.00 M M 11.7 16 140 M M 0 25 140
31 95 72 84 M 0 19 0.00 M M 12.8 18 140 M M 2 26 160
================================================================================
SM 2971 2233 0 596 1.86 0.0 316.2 M 58
================================================================================
AV 95.8 72.0 10.2 FASTST M M 2 MAX(MPH)
MISC ----> 23 100 40 120
================================================================================
NOTES:
# LAST OF SEVERAL OCCURRENCES
COLUMN 17 PEAK WIND IN M.P.H.
PRELIMINARY LOCAL CLIMATOLOGICAL DATA (WS FORM: F-6) , PAGE 2
STATION: EDWARDS COUNTY AIRPORT
MONTH: JULY
YEAR: 2022
LATITUDE: 29 57 N
LONGITUDE: 100 10 W
[TEMPERATURE DATA] [PRECIPITATION DATA] SYMBOLS USED IN COLUMN 16
AVERAGE MONTHLY: 83.9 TOTAL FOR MONTH: 1.86 1 = FOG OR MIST
DPTR FM NORMAL: 0.0 DPTR FM NORMAL: M 2 = FOG REDUCING VISIBILITY
HIGHEST: 102 ON 11 GRTST 24HR 1.38 ON 14-14 TO 1/4 MILE OR LESS
LOWEST: 66 ON 15,14 3 = THUNDER
SNOW, ICE PELLETS, HAIL 4 = ICE PELLETS
TOTAL MONTH: 0.0 INCH 5 = HAIL
GRTST 24HR 0.0 6 = FREEZING RAIN OR DRIZZLE
GRTST DEPTH: M ON M 7 = DUSTSTORM OR SANDSTORM:
VSBY 1/2 MILE OR LESS
8 = SMOKE OR HAZE
[NO. OF DAYS WITH] [WEATHER - DAYS WITH] 9 = BLOWING SNOW
X = TORNADO
MAX 32 OR BELOW: 0 0.01 INCH OR MORE: 5
MAX 90 OR ABOVE: 30 0.10 INCH OR MORE: 3
MIN 32 OR BELOW: 0 0.50 INCH OR MORE: 1
MIN 0 OR BELOW: 0 1.00 INCH OR MORE: 1
[HDD (BASE 65) ]
TOTAL THIS MO. 0 CLEAR (SCALE 0-3) 24
DPTR FM NORMAL M PTCLDY (SCALE 4-7) 7
TOTAL FM JUL 1 0 CLOUDY (SCALE 8-10) 0
DPTR FM NORMAL M
[CDD (BASE 65) ]
TOTAL THIS MO. 596
DPTR FM NORMAL M [PRESSURE DATA]
TOTAL FM JAN 1 1568 HIGHEST SLP M ON M
DPTR FM NORMAL M LOWEST SLP M ON M
[REMARKS]
#FINAL-07-22#