000
CXUS55 KVEF 010910
CF6EED
PRELIMINARY LOCAL CLIMATOLOGICAL DATA (WS FORM: F-6)
STATION: NEEDLES CA
MONTH: AUGUST
YEAR: 2020
LATITUDE: 34 46 N
LONGITUDE: 114 37 W
TEMPERATURE IN F: :PCPN: SNOW: WIND :SUNSHINE: SKY :PK WND
================================================================================
1 2 3 4 5 6A 6B 7 8 9 10 11 12 13 14 15 16 17 18
12Z AVG MX 2MIN
DY MAX MIN AVG DEP HDD CDD WTR SNW DPTH SPD SPD DIR MIN PSBL S-S WX SPD DR
================================================================================
1 115 91 103 7 0 38 0.00 M M 9.9 24 200 M M 3 32 200
2 115 87 101 5 0 36 0.00 M M 8.9 20 160 M M 3 25 170
3 114 82 98 2 0 33 0.00 M M 7.3 18 240 M M 2 21 250
4 113 83 98 2 0 33 0.00 M M 8.7 22 190 M M 2 29 190
5 108 83 96 0 0 31 0.00 M M 6.9 20 220 M M 2 25 220
6 107 82 95 -1 0 30 0.00 M M 9.5 23 150 M M 1 30 160
7 107 81 94 -2 0 29 0.00 M M 9.2 18 180 M M 2 26 220
8 111 76 94 -2 0 29 0.00 M M 6.0 16 180 M M 2 23 190
9 112 78 95 -1 0 30 0.00 M M 7.5 22 180 M M 2 27 180
10 114 79 97 1 0 32 0.00 M M 8.0 22 210 M M 3 28 210
11 113 88 101 5 0 36 0.00 M M 9.6 23 230 M M 3 29 190
12 113 86 100 5 0 35 0.00 M M 6.9 16 230 M M 3 22 240
13 116 89 103 8 0 38 0.00 M M 4.3 10 110 M M 2 M M
14 119 88 104 9 0 39 0.00 M M 5.9 16 80 M M 7 19 60
15 123 90 107 12 0 42 0.00 M M 5.3 17 300 M M 5 21 300
16 117 93 105 10 0 40 0.00 M M 5.6 22 220 M M 4 25 220
17 117 94 106 11 0 41 0.00 M M 6.3 17 70 M M 6 22 70
18 118 95 107 12 0 42 0.00 M M 7.3 36 80 M M 6 38 49 80
19 118 90 104 9 0 39 0.00 M M 5.3 20 270 M M 1 24 270
20 118 91 105 11 0 40 0.00 M M 7.5 17 210 M M 0 23 210
21 108 92 100 6 0 35 0.00 M M 10.5 21 190 M M 0 28 190
22 111 90 101 7 0 36 0.00 M M 7.5 16 210 M M 0 20 220
23 113 92 103 9 0 38 0.00 M M 6.3 15 160 M M 0 20 190
24 116 91 104 10 0 39 0.00 M M 7.3 15 230 M M 0 18 350
25 117 92 105 11 0 40 0.00 M M 8.1 16 230 M M 0 21 180
26 117 89 103 9 0 38 0.00 M M 7.3 18 220 M M 0 24 230
27 115 89 102 9 0 37 0.00 M M 7.6 17 260 M M 0 22 260
28 115 85 100 7 0 35 0.00 M M 7.7 21 210 M M 0 24 210
29 110 89 100 7 0 35 0.00 M M 10.6 22 230 M M 0 27 220
30 107 87 97 4 0 32 0.00 M M 11.4 25 180 M M 1 31 170
31 107 83 95 2 0 30 0.00 M M 9.3 20 220 M M 0 29 180
================================================================================
SM 3524 2705 01108 0.00 M 239.5 M 60
================================================================================
AV113.7 87.3 7.7 FASTST M M 2 MAX(MPH)
MISC ----> 36 80 49 80
================================================================================
NOTES:
# LAST OF SEVERAL OCCURRENCES
COLUMN 17 PEAK WIND IN M.P.H.
PRELIMINARY LOCAL CLIMATOLOGICAL DATA (WS FORM: F-6) , PAGE 2
STATION: NEEDLES CA
MONTH: AUGUST
YEAR: 2020
LATITUDE: 34 46 N
LONGITUDE: 114 37 W
[TEMPERATURE DATA] [PRECIPITATION DATA] SYMBOLS USED IN COLUMN 16
AVERAGE MONTHLY:100.5 TOTAL FOR MONTH: 0.00 1 = FOG OR MIST
DPTR FM NORMAL: 5.7 DPTR FM NORMAL: -0.48 2 = FOG REDUCING VISIBILITY
HIGHEST: 123 ON 15 GRTST 24HR 0.00 ON 1- 1 TO 1/4 MILE OR LESS
LOWEST: 76 ON 8 3 = THUNDER
SNOW, ICE PELLETS, HAIL 4 = ICE PELLETS
TOTAL MONTH: M 5 = HAIL
GRTST 24HR M ON M 6 = FREEZING RAIN OR DRIZZLE
GRTST DEPTH: M ON M 7 = DUSTSTORM OR SANDSTORM:
VSBY 1/2 MILE OR LESS
8 = SMOKE OR HAZE
[NO. OF DAYS WITH] [WEATHER - DAYS WITH] 9 = BLOWING SNOW
X = TORNADO
MAX 32 OR BELOW: 0 0.01 INCH OR MORE: 0
MAX 90 OR ABOVE: 31 0.10 INCH OR MORE: 0
MIN 32 OR BELOW: 0 0.50 INCH OR MORE: 0
MIN 0 OR BELOW: 0 1.00 INCH OR MORE: 0
[HDD (BASE 65) ]
TOTAL THIS MO. 0 CLEAR (SCALE 0-3) 25
DPTR FM NORMAL 0 PTCLDY (SCALE 4-7) 6
TOTAL FM JUL 1 0 CLOUDY (SCALE 8-10) 0
DPTR FM NORMAL 0
[CDD (BASE 65) ]
TOTAL THIS MO. 1108
DPTR FM NORMAL 183 [PRESSURE DATA]
TOTAL FM JAN 1 3896 HIGHEST SLP M ON M
DPTR FM NORMAL 393 LOWEST SLP 28.74 ON 15
[REMARKS]
#FINAL-08-20#