412
CXUS55 KVEF 030328
CF6EED
PRELIMINARY LOCAL CLIMATOLOGICAL DATA (WS FORM: F-6)
STATION: NEEDLES CA
MONTH: MARCH
YEAR: 2020
LATITUDE: 34 46 N
LONGITUDE: 114 37 W
TEMPERATURE IN F: :PCPN: SNOW: WIND :SUNSHINE: SKY :PK WND
================================================================================
1 2 3 4 5 6A 6B 7 8 9 10 11 12 13 14 15 16 17 18
12Z AVG MX 2MIN
DY MAX MIN AVG DEP HDD CDD WTR SNW DPTH SPD SPD DIR MIN PSBL S-S WX SPD DR
================================================================================
1 75 50 63 2 2 0 0.01 M M 11.0 24 220 M M 1 33 190
2 68 50 59 -2 6 0 0.01 M M 19.1 32 360 M M 4 40 360
3 74 55 65 3 0 0 0.00 M M 16.5 31 10 M M 0 39 360
4 79 52 66 4 0 1 0.00 M M 5.8 14 360 M M 0 19 10
5 81 49 65 3 0 0 0.00 M M 4.5 10 20 M M 0 13 20
6 86 51 69 7 0 4 0.00 M M 6.5 18 200 M M 0 22 190
7 82 62 72 10 0 7 0.00 M M 10.8 23 180 M M 0 37 200
8 76 60 68 5 0 3 0.00 M M 8.3 20 230 M M 1 23 230
9 76 56 66 3 0 1 0.00 M M 7.0 17 190 M M 1 22 200
10 71 57 64 1 1 0 0.67 M M 4.6 18 180 M M 9 1 24 190
11 75 58 67 4 0 2 0.20 M M 5.8 12 230 M M 7 12 12 210
12 69 58 64 0 1 0 0.80 M M 5.8 26 180 M M 6 13 31 180
13 69 55 62 -2 3 0 0.00 M M 12.2 23 190 M M 5 30 180
14 72 53 63 -1 2 0 0.00 M M 9.7 23 160 M M 2 33 150
15 75 56 66 2 0 1 0.00 M M 9.8 21 180 M M 1 26 180
16 75 53 64 0 1 0 0.00 M M 10.0 24 170 M M 1 28 180
17 69 54 62 -3 3 0 0.02 M M 10.6 23 190 M M 4 29 180
18 59 51 55 -10 10 0 0.65 M M 4.0 10 190 M M 10 1 12 190
19 65 47 56 -9 9 0 0.00 M M 7.0 24 170 M M 3 31 170
20 68 47 58 -7 7 0 0.00 M M 5.6 10 330 M M 2 14 340
21 73 54 64 -1 1 0 0.00 M M 5.7 12 10 M M 0 14 10
22 75 52 64 -2 1 0 0.00 M M 4.5 14 180 M M 0 16 170
23 74 58 66 0 0 1 0.00 M M 8.6 24 240 M M 3 30 220
24 76 51 64 -2 1 0 0.00 M M 7.0 17 170 M M 0 23 180
25 74 58 66 0 0 1 0.00 M M 7.0 16 200 M M 0 21 210
26 68 50 59 -7 6 0 0.00 M M 8.5 18 280 M M 2 28 250
27 66 48 57 -10 8 0 T M M 5.8 18 270 M M 2 21 260
28 72 45 59 -8 6 0 0.00 M M 4.8 14 160 M M 0 19 160
29 75 49 62 -5 3 0 T M M 7.6 30 220 M M 1 36 220
30 78 51 65 -2 0 0 0.00 M M 5.2 16 360 M M 0 19 360
31 79 53 66 -2 0 1 0.00 M M 3.5 12 360 M M 0 13 350
================================================================================
SM 2274 1643 71 22 2.36 M 242.8 M 65
================================================================================
AV 73.4 53.0 7.8 FASTST M M 2 MAX(MPH)
MISC ----> 32 360 40 360
================================================================================
NOTES:
# LAST OF SEVERAL OCCURRENCES
COLUMN 17 PEAK WIND IN M.P.H.
PRELIMINARY LOCAL CLIMATOLOGICAL DATA (WS FORM: F-6) , PAGE 2
STATION: NEEDLES CA
MONTH: MARCH
YEAR: 2020
LATITUDE: 34 46 N
LONGITUDE: 114 37 W
[TEMPERATURE DATA] [PRECIPITATION DATA] SYMBOLS USED IN COLUMN 16
AVERAGE MONTHLY: 63.2 TOTAL FOR MONTH: 2.36 1 = FOG OR MIST
DPTR FM NORMAL: -1.2 DPTR FM NORMAL: 1.82 2 = FOG REDUCING VISIBILITY
HIGHEST: 86 ON 6 GRTST 24HR 0.82 ON 10-11 TO 1/4 MILE OR LESS
LOWEST: 45 ON 28 3 = THUNDER
SNOW, ICE PELLETS, HAIL 4 = ICE PELLETS
TOTAL MONTH: M 5 = HAIL
GRTST 24HR M ON M 6 = FREEZING RAIN OR DRIZZLE
GRTST DEPTH: M ON M 7 = DUSTSTORM OR SANDSTORM:
VSBY 1/2 MILE OR LESS
8 = SMOKE OR HAZE
[NO. OF DAYS WITH] [WEATHER - DAYS WITH] 9 = BLOWING SNOW
X = TORNADO
MAX 32 OR BELOW: 0 0.01 INCH OR MORE: 7
MAX 90 OR ABOVE: 0 0.10 INCH OR MORE: 4
MIN 32 OR BELOW: 0 0.50 INCH OR MORE: 3
MIN 0 OR BELOW: 0 1.00 INCH OR MORE: 0
[HDD (BASE 65) ]
TOTAL THIS MO. 71 CLEAR (SCALE 0-3) 24
DPTR FM NORMAL -22 PTCLDY (SCALE 4-7) 5
TOTAL FM JUL 1 1044 CLOUDY (SCALE 8-10) 2
DPTR FM NORMAL -104
[CDD (BASE 65) ]
TOTAL THIS MO. 22
DPTR FM NORMAL -51 [PRESSURE DATA]
TOTAL FM JAN 1 23 HIGHEST SLP M ON M
DPTR FM NORMAL -60 LOWEST SLP 29.59 ON 12
[REMARKS]
#FINAL-03-20#