000
CXUS55 KVEF 010910
CF6EED
PRELIMINARY LOCAL CLIMATOLOGICAL DATA (WS FORM: F-6)
STATION: NEEDLES CA
MONTH: DECEMBER
YEAR: 2023
LATITUDE: 34 46 N
LONGITUDE: 114 37 W
TEMPERATURE IN F: :PCPN: SNOW: WIND :SUNSHINE: SKY :PK WND
================================================================================
1 2 3 4 5 6A 6B 7 8 9 10 11 12 13 14 15 16 17 18
12Z AVG MX 2MIN
DY MAX MIN AVG DEP HDD CDD WTR SNW DPTH SPD SPD DIR MIN PSBL S-S WX SPD DR
================================================================================
1 65 42 54 -3 11 0 0.00 M M 4.1 13 270 M M 0 17 270
2 66 42 54 -3 11 0 0.00 M M 4.5 14 230 M M 0 16 240
3 68 41 55 -2 10 0 0.00 M M 4.7 10 230 M M 0 12 240
4 72 45 59 3 6 0 0.00 M M 6.4 14 350 M M 0 18 320
5 77 51 64 8 1 0 0.00 M M 7.3 13 350 M M 0 17 10
6 76 49 63 7 2 0 0.00 M M 3.5 12 240 M M 0 15 360
7 74 50 62 6 3 0 0.00 M M 5.0 16 230 M M 0 19 230
8 70 43 57 2 8 0 0.00 M M 9.7 23 360 M M 0 31 360
9 61 49 55 0 10 0 0.00 M M 18.2 32 360 M M 0 43 10
10 65 45 55 0 10 0 0.00 M M 9.6 20 350 M M 0 29 10
11 65 43 54 -1 11 0 0.00 M M 5.1 14 360 M M 0 19 10
12 65 41 53 -2 12 0 0.00 M M 3.9 9 230 M M 0 11 360
13 67 42 55 1 10 0 0.00 M M 9.7 29 10 M M 0 34 10
14 69 42 56 2 9 0 0.00 M M 7.2 17 360 M M 0 23 360
15 70 45 58 4 7 0 0.00 M M 10.6 23 350 M M 0 30 340
16 72 49 61 7 4 0 0.00 M M 8.0 16 340 M M 0 21 350
17 72 45 59 5 6 0 0.00 M M 8.7 18 350 M M 0 23 360
18 64 47 56 2 9 0 0.00 M M 4.4 9 240 M M 1 10 330
19 66 45 56 2 9 0 T M M 2.3 9 240 M M 3 10 220
20 73 48 61 7 4 0 0.00 M M 3.6 9 230 M M 2 11 220
21 72 50 61 7 4 0 0.00 M M 3.7 12 220 M M 1 14 220
22 67 55 61 7 4 0 0.06 M M 4.4 13 200 M M 6 1 19 200
23 66 48 57 3 8 0 0.00 M M 4.6 13 240 M M 1 15 230
24 64 45 55 1 10 0 0.00 M M 8.9 22 360 M M 1 28 350
25 65 41 53 -1 12 0 0.00 M M 7.4 20 350 M M 0 24 350
26 67 44 56 2 9 0 0.00 M M 8.7 20 350 M M 0 24 360
27 66 45 56 2 9 0 0.00 M M 6.8 15 350 M M 0 20 350
28 70 41 56 2 9 0 0.00 M M 7.1 15 340 M M 0 19 350
29 65 44 55 1 10 0 0.00 M M 4.4 9 30 M M 0 13 360
30 70 42 56 2 9 0 0.00 M M 6.3 16 180 M M 2 22 160
31 63 43 53 -1 12 0 0.00 M M 3.6 15 270 M M 0 19 270
================================================================================
SM 2112 1402 249 0 0.06 M 202.4 M 17
================================================================================
AV 68.1 45.2 6.5 FASTST M M 1 MAX(MPH)
MISC ----> 32 360 43 10
================================================================================
NOTES:
# LAST OF SEVERAL OCCURRENCES
COLUMN 17 PEAK WIND IN M.P.H.
PRELIMINARY LOCAL CLIMATOLOGICAL DATA (WS FORM: F-6) , PAGE 2
STATION: NEEDLES CA
MONTH: DECEMBER
YEAR: 2023
LATITUDE: 34 46 N
LONGITUDE: 114 37 W
[TEMPERATURE DATA] [PRECIPITATION DATA] SYMBOLS USED IN COLUMN 16
AVERAGE MONTHLY: 56.7 TOTAL FOR MONTH: 0.06 1 = FOG OR MIST
DPTR FM NORMAL: 2.0 DPTR FM NORMAL: -0.38 2 = FOG REDUCING VISIBILITY
HIGHEST: 77 ON 5 GRTST 24HR 0.06 ON 22-22 TO 1/4 MILE OR LESS
LOWEST: 41 ON 28,25 3 = THUNDER
SNOW, ICE PELLETS, HAIL 4 = ICE PELLETS
TOTAL MONTH: M 5 = HAIL
GRTST 24HR M ON M 6 = FREEZING RAIN OR DRIZZLE
GRTST DEPTH: M ON M 7 = DUSTSTORM OR SANDSTORM:
VSBY 1/2 MILE OR LESS
8 = SMOKE OR HAZE
[NO. OF DAYS WITH] [WEATHER - DAYS WITH] 9 = BLOWING SNOW
X = TORNADO
MAX 32 OR BELOW: 0 0.01 INCH OR MORE: 1
MAX 90 OR ABOVE: 0 0.10 INCH OR MORE: 0
MIN 32 OR BELOW: 0 0.50 INCH OR MORE: 0
MIN 0 OR BELOW: 0 1.00 INCH OR MORE: 0
[HDD (BASE 65) ]
TOTAL THIS MO. 249 CLEAR (SCALE 0-3) 30
DPTR FM NORMAL -70 PTCLDY (SCALE 4-7) 1
TOTAL FM JUL 1 326 CLOUDY (SCALE 8-10) 0
DPTR FM NORMAL -104
[CDD (BASE 65) ]
TOTAL THIS MO. 0
DPTR FM NORMAL -2 [PRESSURE DATA]
TOTAL FM JAN 1 4684 HIGHEST SLP M ON M
DPTR FM NORMAL -365 LOWEST SLP 29.81 ON 22
[REMARKS]
#FINAL-12-23#