000
CXUS55 KGJT 010910
CF6EEO
PRELIMINARY LOCAL CLIMATOLOGICAL DATA (WS FORM: F-6)
STATION: MEEKER CO
MONTH: JUNE
YEAR: 2021
LATITUDE: 40 2 N
LONGITUDE: 107 53 W
TEMPERATURE IN F: :PCPN: SNOW: WIND :SUNSHINE: SKY :PK WND
================================================================================
1 2 3 4 5 6A 6B 7 8 9 10 11 12 13 14 15 16 17 18
12Z AVG MX 2MIN
DY MAX MIN AVG DEP HDD CDD WTR SNW DPTH SPD SPD DIR MIN PSBL S-S WX SPD DR
================================================================================
1 77 40 59 1 6 0 0.00 M M 6.3 17 20 M M 1 29 330
2 82 42 62 4 3 0 0.00 M M 5.9 16 30 M M 1 23 30
3 86 47 67 9 0 2 0.00 M M 5.9 17 40 M M 2 23 50
4 90 44 67 8 0 2 0.00 M M 6.4 30 280 M M 0 3 40 280
5 87 47 67 8 0 2 0.01 M M 5.5 24 100 M M 0 3 36 80
6 86 46 66 7 0 1 T M M 6.3 30 260 M M 1 3 40 280
7 87 50 69 9 0 4 0.00 M M 7.7 22 180 M M 0 30 170
8 83 42 63 3 2 0 0.00 M M 11.1 30 220 M M 0 45 170
9 87 38 63 3 2 0 0.00 M M 6.2 20 220 M M 0 27 170
10 85 46 66 6 0 1 0.00 M M 15.0 32 240 M M 0 47 240
11 82 35 59 -2 6 0 0.00 M M 5.4 17 40 M M 0 26 290
12 90 35 63 2 2 0 0.00 M M 5.0 21 210 M M 0 27 220
13 92 40 66 5 0 1 0.00 M M 6.0 18 180 M M 0 26 210
14 95 41 68 6 0 3 0.00 M M 5.4 18 200 M M 0 26 190
15 96 41 69 7 0 4 0.00 M M 4.8 18 320 M M 0 27 330
16 97 48 73 11 0 8 0.00 M M 5.1 21 320 M M 0 30 300
17 95 48 72 10 0 7 0.00 M M 5.0 24 320 M M 0 8 34 330
18 90 59 75 12 0 10 T M M 7.1 21 290 M M 1 30 290
19 86 48 67 4 0 2 0.01 M M 7.2 25 40 M M 3 3 33 40
20 91 45 68 5 0 3 0.00 M M 9.6 33 240 M M 0 52 240
21 84 43 64 0 1 0 0.00 M M 4.8 17 230 M M 0 25 290
22 94 46 70 6 0 5 0.00 M M 4.9 21 280 M M 0 34 160
23 84 46 65 1 0 0 0.00 M M 5.9 22 210 M M 1 31 210
24 77 50 64 0 1 0 0.78 M M 6.0 25 230 M M 4 13 32 220
25 66 50 58 -7 7 0 0.15 M M 5.7 21 20 M M 7 138 28 20
26 71 46 59 -6 6 0 0.00 M M 6.5 24 50 M M 5 1 32 40
27 74 42 58 -7 7 0 0.00 M M 7.7 22 10 M M 2 29 20
28 78 42 60 -6 5 0 0.00 M M 7.9 24 30 M M 0 29 30
29 77 44 61 -5 4 0 T M M 4.4 17 120 M M 3 3 24 120
30 79 53 66 0 0 1 T M M 3.8 18 270 M M 4 3 25 220
================================================================================
SM 2548 1344 52 56 0.95 M 194.5 M 35
================================================================================
AV 84.9 44.8 6.5 FASTST M M 1 MAX(MPH)
MISC ----> 33 240 52 240
================================================================================
NOTES:
# LAST OF SEVERAL OCCURRENCES
COLUMN 17 PEAK WIND IN M.P.H.
PRELIMINARY LOCAL CLIMATOLOGICAL DATA (WS FORM: F-6) , PAGE 2
STATION: MEEKER CO
MONTH: JUNE
YEAR: 2021
LATITUDE: 40 2 N
LONGITUDE: 107 53 W
[TEMPERATURE DATA] [PRECIPITATION DATA] SYMBOLS USED IN COLUMN 16
AVERAGE MONTHLY: 64.9 TOTAL FOR MONTH: 0.95 1 = FOG OR MIST
DPTR FM NORMAL: 2.9 DPTR FM NORMAL: -0.13 2 = FOG REDUCING VISIBILITY
HIGHEST: 97 ON 16 GRTST 24HR 0.79 ON 24-25 TO 1/4 MILE OR LESS
LOWEST: 35 ON 12,11 3 = THUNDER
SNOW, ICE PELLETS, HAIL 4 = ICE PELLETS
TOTAL MONTH: M 5 = HAIL
GRTST 24HR M ON M 6 = FREEZING RAIN OR DRIZZLE
GRTST DEPTH: M ON M 7 = DUSTSTORM OR SANDSTORM:
VSBY 1/2 MILE OR LESS
8 = SMOKE OR HAZE
[NO. OF DAYS WITH] [WEATHER - DAYS WITH] 9 = BLOWING SNOW
X = TORNADO
MAX 32 OR BELOW: 0 0.01 INCH OR MORE: 4
MAX 90 OR ABOVE: 10 0.10 INCH OR MORE: 2
MIN 32 OR BELOW: 0 0.50 INCH OR MORE: 1
MIN 0 OR BELOW: 0 1.00 INCH OR MORE: 0
[HDD (BASE 65) ]
TOTAL THIS MO. 52 CLEAR (SCALE 0-3) 25
DPTR FM NORMAL -68 PTCLDY (SCALE 4-7) 5
TOTAL FM JUL 1 7986 CLOUDY (SCALE 8-10) 0
DPTR FM NORMAL 408
[CDD (BASE 65) ]
TOTAL THIS MO. 56
DPTR FM NORMAL 26 [PRESSURE DATA]
TOTAL FM JAN 1 56 HIGHEST SLP M ON M
DPTR FM NORMAL 25 LOWEST SLP 29.62 ON 6
[REMARKS]
#FINAL-06-21#