000
CXUS55 KGJT 011943 CCA
CLMEEO
CLIMATE REPORT...ADDED 2022 HDD AND CDD TOTALS
NATIONAL WEATHER SERVICE GRAND JUNCTION CO
533 AM MDT THU JUN 01 2023
...................................
...THE MEEKER CO CLIMATE SUMMARY FOR THE MONTH OF MAY 2023...
CLIMATE NORMAL PERIOD 1991 TO 2020
CLIMATE RECORD PERIOD 9999 TO 9999
WEATHER OBSERVED NORMAL DEPART LAST YEAR`S
VALUE DATE(S) VALUE FROM VALUE DATE(S)
NORMAL
................................................................
TEMPERATURE (F)
HIGHEST 79 05/25 MM MM 83 05/16
05/29
05/30
05/27
LOWEST 30 05/03 MM MM 22 05/21
AVG. MAXIMUM 70.5 68.7 1.8 66.1
AVG. MINIMUM 35.9 36.4 -0.5 32.9
MEAN 53.2 52.6 0.6 49.5
DAYS MAX >= 90 0 0.1 -0.1 0
DAYS MAX <= 32 0 0.0 0.0 0
DAYS MIN <= 32 6 9.3 -3.3 16
DAYS MIN <= 0 0 0.0 0.0 0
PRECIPITATION (INCHES)
TOTALS 0.70 1.74 -1.04 2.12
DAILY AVG. 0.02 0.06 -0.04 0.07
DAYS >= .01 11 9.7 1.3 12
DAYS >= .10 3 5.2 -2.2 6
DAYS >= .50 0 0.6 -0.6 1
DAYS >= 1.00 0 0.0 0.0 1
GREATEST
24 HR. TOTAL 0.16 05/24 TO 05/24 1.10
SNOWFALL (INCHES)
TOTALS MM MM MM MM
SINCE 7/1 MM MM MM MM
SNOWDEPTH AVG. MM MM
DAYS >= 1.0 MM MM MM MM
GREATEST
SNOW DEPTH MM MM MM
24 HR TOTAL MM MM
DEGREE DAYS
HEATING TOTAL 357 387 -30 471
SINCE 7/1 8495 7457 1038 7702
COOLING TOTAL 0 1 -1 0
SINCE 1/1 0 1 -1 0
................................................................
WIND (MPH)
AVERAGE WIND SPEED 6.0
HIGHEST WIND SPEED/DIRECTION 44/260 DATE 05/27
HIGHEST GUST SPEED/DIRECTION 56/250 DATE 05/27
SKY COVER
POSSIBLE SUNSHINE (PERCENT) MM
AVERAGE SKY COVER 0.28
NUMBER OF DAYS FAIR 22
NUMBER OF DAYS PC 7
NUMBER OF DAYS CLOUDY 2
AVERAGE RH (PERCENT) 56
WEATHER CONDITIONS. NUMBER OF DAYS WITH
THUNDERSTORM 14 MIXED PRECIP 0
HEAVY RAIN 2 RAIN 5
LIGHT RAIN 20 FREEZING RAIN 0
LT FREEZING RAIN 0 HAIL 0
HEAVY SNOW 0 SNOW 0
LIGHT SNOW 0 SLEET 0
FOG 2 FOG W/VIS <= 1/4 MILE 0
HAZE 2
- INDICATES NEGATIVE NUMBERS.
R INDICATES RECORD WAS SET OR TIED.
MM INDICATES DATA IS MISSING.
T INDICATES TRACE AMOUNT.
$$