000
CXUS54 KBMX 021224
CF6EET
PRELIMINARY LOCAL CLIMATOLOGICAL DATA (WS FORM: F-6)
STATION: SHELBY COUNTY AIRPORT
MONTH: DECEMBER
YEAR: 2020
LATITUDE: 33 10 N
LONGITUDE: 86 47 W
TEMPERATURE IN F: :PCPN: SNOW: WIND :SUNSHINE: SKY :PK WND
================================================================================
1 2 3 4 5 6A 6B 7 8 9 10 11 12 13 14 15 16 17 18
12Z AVG MX 2MIN
DY MAX MIN AVG DEP HDD CDD WTR SNW DPTH SPD SPD DIR MIN PSBL S-S WX SPD DR
================================================================================
1 46 26 36 -14 29 0 0.00 0.0 0 3.9 12 290 M M 0 17 310
2 56 25 41 -9 24 0 0.00 0.0 0 1.0 8 50 M M 0 11 50
3 56 34 45 -5 20 0 0.00 0.0 0 4.8 10 140 M M 6 17 140
4 53 38 46 -3 19 0 0.58 0.0 0 5.4 17 300 M M 8 1 23 290
5 60 32 46 -3 19 0 0.00 0.0 0 2.2 10 350 M M 0 15 310
6 54 35 45 -4 20 0 T 0.0 0 1.4 8 260 M M 4 1 11 220
7 47 33 40 -8 25 0 0.00 0.0 0 7.6 21 310 M M 3 1 28 310
8 52 27 40 -8 25 0 0.00 0.0 0 1.5 9 310 M M 0 1 13 300
9 64 30 47 -1 18 0 0.00 0.0 0 1.5 9 280 M M 0 18 15 270
10 70 36 53 5 12 0 0.00 0.0 0 1.1 7 210 M M 0 1 9 270
11 67 39 53 6 12 0 0.00 0.0 0 2.7 9 140 M M 2 13 150
12 66 50 58 11 7 0 0.21 0.0 0 4.6 17 180 M M 10 12 24 190
13 65 45 55 8 10 0 0.45 0.0 0 2.7 18 190 M M 9 12 26 200
14 66 36 51 4 14 0 0.47 0.0 0 9.1 20 320 M M 8 1 29 310
15 52 32 42 -4 23 0 0.04 0.0 0 2.5 8 110 M M 7 1 14 80
16 48 36 42 -4 23 0 0.21 0.0 0 6.6 14 310 M M 10 1 20 320
17 43 30 37 -9 28 0 0.00 0.0 0 5.8 13 310 M M 6 17 320
18 53 26 40 -6 25 0 0.00 0.0 0 0.8 8 80 M M 0 1 11 60
19 55 29 42 -4 23 0 0.03 0.0 0 3.5 13 160 M M 3 17 160
20 58 45 52 7 13 0 0.10 0.0 0 1.4 9 310 M M 10 1 13 300
21 59 39 49 4 16 0 T 0.0 0 3.6 13 280 M M 5 17 280
22 65 34 50 5 15 0 0.00 0.0 0 1.3 9 310 M M 0 11 360
23 66 36 51 6 14 0 0.05 0.0 0 4.7 16 150 M M 4 22 130
24 57 29 43 -2 22 0 1.08 0.0 0 10.3 23 290 M M 7 13 35 290
25 37 23 30 -15 35 0 0.00 0.0 0 5.8 18 290 M M 0 28 320
26 51 22 37 -7 28 0 0.00 0.0 0 1.4 8 210 M M 0 11 210
27 60 27 44 0 21 0 0.00 0.0 0 2.9 14 170 M M 0 20 160
28 62 35 49 5 16 0 0.00 0.0 0 1.0 8 300 M M 6 1 12 290
29 63 37 50 6 15 0 0.00 0.0 0 1.6 8 90 M M 4 1 10 130
30 71 42 57 13 8 0 0.00 0.0 0 5.1 20 160 M M 4 1 24 150
31 64 50 57 13 8 0 0.10 0.0 0 3.1 10 90 M M 8 1 16 90
================================================================================
SM 1786 1058 587 0 3.32 0.0 110.9 M 124
================================================================================
AV 57.6 34.1 3.6 FASTST M M 4 MAX(MPH)
MISC ----> 23 290 35 290
================================================================================
NOTES:
# LAST OF SEVERAL OCCURRENCES
COLUMN 17 PEAK WIND IN M.P.H.
PRELIMINARY LOCAL CLIMATOLOGICAL DATA (WS FORM: F-6) , PAGE 2
STATION: SHELBY COUNTY AIRPORT
MONTH: DECEMBER
YEAR: 2020
LATITUDE: 33 10 N
LONGITUDE: 86 47 W
[TEMPERATURE DATA] [PRECIPITATION DATA] SYMBOLS USED IN COLUMN 16
AVERAGE MONTHLY: 45.9 TOTAL FOR MONTH: 3.32 1 = FOG OR MIST
DPTR FM NORMAL: -0.6 DPTR FM NORMAL: -1.48 2 = FOG REDUCING VISIBILITY
HIGHEST: 71 ON 30 GRTST 24HR 1.13 ON 23-24 TO 1/4 MILE OR LESS
LOWEST: 22 ON 26 3 = THUNDER
SNOW, ICE PELLETS, HAIL 4 = ICE PELLETS
TOTAL MONTH: T 5 = HAIL
GRTST 24HR 0.0 6 = FREEZING RAIN OR DRIZZLE
GRTST DEPTH: 0 7 = DUSTSTORM OR SANDSTORM:
VSBY 1/2 MILE OR LESS
8 = SMOKE OR HAZE
[NO. OF DAYS WITH] [WEATHER - DAYS WITH] 9 = BLOWING SNOW
X = TORNADO
MAX 32 OR BELOW: 0 0.01 INCH OR MORE: 11
MAX 90 OR ABOVE: 0 0.10 INCH OR MORE: 8
MIN 32 OR BELOW: 13 0.50 INCH OR MORE: 2
MIN 0 OR BELOW: 0 1.00 INCH OR MORE: 1
[HDD (BASE 65) ]
TOTAL THIS MO. 587 CLEAR (SCALE 0-3) 14
DPTR FM NORMAL 11 PTCLDY (SCALE 4-7) 11
TOTAL FM JUL 1 883 CLOUDY (SCALE 8-10) 6
DPTR FM NORMAL -138
[CDD (BASE 65) ]
TOTAL THIS MO. 0
DPTR FM NORMAL -3 [PRESSURE DATA]
TOTAL FM JAN 1 2160 HIGHEST SLP 30.45 ON 18
DPTR FM NORMAL 181 LOWEST SLP 29.65 ON 14
[REMARKS]
#FINAL-12-20#