000
CXUS56 KEKA 031209
CF6EKA
PRELIMINARY LOCAL CLIMATOLOGICAL DATA (WS FORM: F-6)
STATION: EUREKA CA
MONTH: SEPTEMBER
YEAR: 2023
LATITUDE: 40 47 N
LONGITUDE: 124 10 W
TEMPERATURE IN F: :PCPN: SNOW: WIND :SUNSHINE: SKY :PK WND
================================================================================
1 2 3 4 5 6A 6B 7 8 9 10 11 12 13 14 15 16 17 18
12Z AVG MX 2MIN
DY MAX MIN AVG DEP HDD CDD WTR SNW DPTH SPD SPD DIR MIN PSBL S-S WX SPD DR
================================================================================
1 63 56 60 2 5 0 0.01 0.0 0 3.4 7 220 M M 10 2 7 M
2 70 57 64 6 1 0 T 0.0 0 4.4 12 30 M M 6 12 M
3 68 55 62 4 3 0 T 0.0 0 2.9 8 320 M M 4 1 8 M
4 68 54 61 3 4 0 0.00 0.0 0 3.5 8 240 M M 3 1 16 M
5 65 51 58 0 7 0 0.00 0.0 0 2.2 9 270 M M 2 1 10 M
6 65 50 58 0 7 0 0.00 0.0 0 2.6 8 320 M M 3 8 M
7 64 53 59 1 6 0 0.00 0.0 0 3.6 9 290 M M 4 9 M
8 65 49 57 -1 8 0 0.00 0.0 0 2.7 7 300 M M 6 7 M
9 65 55 60 2 5 0 0.00 0.0 0 2.3 7 320 M M 9 10 M
10 68 53 61 3 4 0 0.00 0.0 0 2.0 6 60 M M 2 6 M
11 67 51 59 1 6 0 0.00 0.0 0 4.7 12 360 M M 7 14 M
12 68 55 62 4 3 0 0.00 0.0 0 3.5 9 360 M M 5 1 10 M
13 65 54 60 2 5 0 0.00 0.0 0 1.9 7 300 M M 5 1 7 M
14 68 53 61 4 4 0 0.00 0.0 0 3.8 10 290 M M 2 1 10 M
15 62 55 59 2 6 0 0.00 0.0 0 1.8 6 280 M M 10 2 6 M
16 61 56 59 2 6 0 T 0.0 0 2.9 7 280 M M 10 18 7 M
17 63 56 60 3 5 0 0.00 0.0 0 3.7 6 190 M M 10 1 7 M
18 62 55 59 2 6 0 0.02 0.0 0 2.3 6 180 M M 10 18 6 M
19 64 49 57 0 8 0 0.00 0.0 0 3.3 10 330 M M 7 18 12 M
20 65 45 55 -2 10 0 0.00 0.0 0 5.2 13 360 M M 2 8 23 M
21 64 44 54 -3 11 0 0.00 0.0 0 3.5 9 320 M M 0 8 18 M
22 62 46 54 -3 11 0 0.00 0.0 0 3.9 10 270 M M 1 8 12 M
23 61 52 57 0 8 0 0.00 0.0 0 2.0 8 330 M M 8 18 8 300
24 69 55 62 5 3 0 0.00 0.0 0 5.5 13 310 M M 10 17 210
25 66 56 61 5 4 0 1.67 0.0 0 7.2 18 160 M M 9 2 23 M
26 69 54 62 6 3 0 0.01 0.0 0 3.6 12 240 M M 4 1 12 0
27 65 51 58 2 7 0 0.08 0.0 0 3.8 9 360 M M 6 1 13 0
28 62 47 55 -1 10 0 0.00 0.0 0 2.3 9 330 M M 1 1 14 M
29 67 50 59 3 6 0 0.04 0.0 0 4.9 14 140 M M 10 1 18 M
30 62 48 55 -1 10 0 0.00 0.0 0 6.6 14 350 M M 3 1 21 0
================================================================================
SM 1953 1565 182 0 1.83 0.0 106.0 M 169
================================================================================
AV 65.1 52.2 3.5 FASTST M M 6 MAX(MPH)
MISC ----> 18 160 # 23 9999
================================================================================
NOTES:
# LAST OF SEVERAL OCCURRENCES
COLUMN 17 PEAK WIND IN M.P.H.
PRELIMINARY LOCAL CLIMATOLOGICAL DATA (WS FORM: F-6) , PAGE 2
STATION: EUREKA CA
MONTH: SEPTEMBER
YEAR: 2023
LATITUDE: 40 47 N
LONGITUDE: 124 10 W
[TEMPERATURE DATA] [PRECIPITATION DATA] SYMBOLS USED IN COLUMN 16
AVERAGE MONTHLY: 58.6 TOTAL FOR MONTH: 1.83 1 = FOG OR MIST
DPTR FM NORMAL: 1.4 DPTR FM NORMAL: 1.15 2 = FOG REDUCING VISIBILITY
HIGHEST: 70 ON 2 GRTST 24HR 1.68 ON 25-26 TO 1/4 MILE OR LESS
LOWEST: 44 ON 21 3 = THUNDER
SNOW, ICE PELLETS, HAIL 4 = ICE PELLETS
TOTAL MONTH: 0.0 INCH 5 = HAIL
GRTST 24HR 0.0 6 = FREEZING RAIN OR DRIZZLE
GRTST DEPTH: 0 7 = DUSTSTORM OR SANDSTORM:
VSBY 1/2 MILE OR LESS
8 = SMOKE OR HAZE
[NO. OF DAYS WITH] [WEATHER - DAYS WITH] 9 = BLOWING SNOW
X = TORNADO
MAX 32 OR BELOW: 0 0.01 INCH OR MORE: 6
MAX 90 OR ABOVE: 0 0.10 INCH OR MORE: 1
MIN 32 OR BELOW: 0 0.50 INCH OR MORE: 1
MIN 0 OR BELOW: 0 1.00 INCH OR MORE: 1
[HDD (BASE 65) ]
TOTAL THIS MO. 182 CLEAR (SCALE 0-3) 10
DPTR FM NORMAL -52 PTCLDY (SCALE 4-7) 11
TOTAL FM JUL 1 501 CLOUDY (SCALE 8-10) 9
DPTR FM NORMAL -160
[CDD (BASE 65) ]
TOTAL THIS MO. 0
DPTR FM NORMAL 0 [PRESSURE DATA]
TOTAL FM JAN 1 0 HIGHEST SLP 30.16 ON 26
DPTR FM NORMAL -1 LOWEST SLP 29.73 ON 1
[REMARKS]
#FINAL-09-23#