000
CXUS53 KTOP 010910
CF6EMP
PRELIMINARY LOCAL CLIMATOLOGICAL DATA (WS FORM: F-6)
STATION: EMPORIA KS
MONTH: NOVEMBER
YEAR: 2021
LATITUDE: 38 19 N
LONGITUDE: 96 12 W
TEMPERATURE IN F: :PCPN: SNOW: WIND :SUNSHINE: SKY :PK WND
================================================================================
1 2 3 4 5 6A 6B 7 8 9 10 11 12 13 14 15 16 17 18
12Z AVG MX 2MIN
DY MAX MIN AVG DEP HDD CDD WTR SNW DPTH SPD SPD DIR MIN PSBL S-S WX SPD DR
================================================================================
1 47 39 43 -8 22 0 0.00 M M 8.6 16 60 M M 8 22 40
2 48 37 43 -7 22 0 0.00 M M 4.1 12 90 M M 6 14 90
3 48 36 42 -8 23 0 0.00 M M 2.7 8 100 M M 10 12 160
4 53 35 44 -5 21 0 0.00 M M 8.2 15 190 M M 7 1 20 220
5 60 37 49 0 16 0 0.00 M M 11.3 21 190 M M 0 1 29 170
6 70 37 54 5 11 0 0.00 M M 10.3 18 210 M M 0 24 210
7 78 43 61 13 4 0 0.00 M M 16.1 28 180 M M 0 38 190
8 76 50 63 15 2 0 0.00 M M 8.9 18 190 M M 0 25 180
9 68 49 59 12 6 0 0.00 M M 5.3 14 40 M M 3 1 19 330
10 67 50 59 12 6 0 0.32 M M 14.4 28 170 M M 9 13 38 330
11 58 38 48 2 17 0 0.00 M M 14.4 30 280 M M 1 48 290
12 54 30 42 -4 23 0 0.00 M M 15.8 40 290 M M 4 67 300
13 56 25 41 -5 24 0 0.00 M M 7.0 18 200 M M 1 24 190
14 60 36 48 3 17 0 T M M 8.8 15 300 M M 2 23 350
15 75 41 58 13 7 0 0.00 M M 11.7 21 230 M M 0 29 200
16 72 45 59 15 6 0 0.00 M M 13.0 21 180 M M 0 33 190
17 65 35 50 6 15 0 0.00 M M 13.5 28 20 M M 4 45 10
18 52 25 39 -5 26 0 0.00 M M 6.9 16 290 M M 0 25 320
19 53 29 41 -2 24 0 0.00 M M 15.5 30 170 M M 0 43 180
20 58 36 47 4 18 0 0.00 M M 6.7 18 180 M M 0 27 190
21 61 34 48 6 17 0 0.00 M M 9.5 22 340 M M 0 33 330
22 57 27 42 0 23 0 0.00 M M 8.0 17 230 M M 0 23 220
23 70 33 52 11 13 0 0.00 M M 15.1 28 170 M M 0 41 180
24 65 37 51 10 14 0 0.00 M M 19.3 31 190 M M 0 47 180
25 43 24 34 -7 31 0 0.00 M M 10.7 23 350 M M 1 38 350
26 62 25 44 4 21 0 0.00 M M 12.4 20 230 M M 0 27 240
27 71 36 54 14 11 0 0.00 M M 9.2 18 340 M M 0 28 340
28 57 31 44 4 21 0 0.00 M M 5.7 10 170 M M 0 17 350
29 77 34 56 17 9 0 0.00 M M 7.4 15 180 M M 0 20 180
30 61 38 50 11 15 0 0.00 M M 6.4 15 30 M M 2 20 10
================================================================================
SM 1842 1072 485 0 0.32 M 306.9 M 58
================================================================================
AV 61.4 35.7 10.2 FASTST M M 2 MAX(MPH)
MISC ----> 40 290 67 300
================================================================================
NOTES:
# LAST OF SEVERAL OCCURRENCES
COLUMN 17 PEAK WIND IN M.P.H.
PRELIMINARY LOCAL CLIMATOLOGICAL DATA (WS FORM: F-6) , PAGE 2
STATION: EMPORIA KS
MONTH: NOVEMBER
YEAR: 2021
LATITUDE: 38 19 N
LONGITUDE: 96 12 W
[TEMPERATURE DATA] [PRECIPITATION DATA] SYMBOLS USED IN COLUMN 16
AVERAGE MONTHLY: 48.6 TOTAL FOR MONTH: 0.32 1 = FOG OR MIST
DPTR FM NORMAL: 4.0 DPTR FM NORMAL: -1.53 2 = FOG REDUCING VISIBILITY
HIGHEST: 78 ON 7 GRTST 24HR 0.32 ON 10-10 TO 1/4 MILE OR LESS
LOWEST: 24 ON 25 3 = THUNDER
SNOW, ICE PELLETS, HAIL 4 = ICE PELLETS
TOTAL MONTH: M 5 = HAIL
GRTST 24HR M ON M 6 = FREEZING RAIN OR DRIZZLE
GRTST DEPTH: M ON M 7 = DUSTSTORM OR SANDSTORM:
VSBY 1/2 MILE OR LESS
8 = SMOKE OR HAZE
[NO. OF DAYS WITH] [WEATHER - DAYS WITH] 9 = BLOWING SNOW
X = TORNADO
MAX 32 OR BELOW: 0 0.01 INCH OR MORE: 1
MAX 90 OR ABOVE: 0 0.10 INCH OR MORE: 1
MIN 32 OR BELOW: 8 0.50 INCH OR MORE: 0
MIN 0 OR BELOW: 0 1.00 INCH OR MORE: 0
[HDD (BASE 65) ]
TOTAL THIS MO. 485 CLEAR (SCALE 0-3) 23
DPTR FM NORMAL -129 PTCLDY (SCALE 4-7) 5
TOTAL FM JUL 1 637 CLOUDY (SCALE 8-10) 2
DPTR FM NORMAL -300
[CDD (BASE 65) ]
TOTAL THIS MO. 0
DPTR FM NORMAL -2 [PRESSURE DATA]
TOTAL FM JAN 1 1705 HIGHEST SLP 30.57 ON 18
DPTR FM NORMAL 272 LOWEST SLP 29.60 ON 16
[REMARKS]
#FINAL-11-21#