000
CXUS53 KMKX 010810
CF6ENW
PRELIMINARY LOCAL CLIMATOLOGICAL DATA (WS FORM: F-6)
STATION: KENOSHA WI
MONTH: AUGUST
YEAR: 2022
LATITUDE: 42 35 N
LONGITUDE: 87 56 W
TEMPERATURE IN F: :PCPN: SNOW: WIND :SUNSHINE: SKY :PK WND
================================================================================
1 2 3 4 5 6A 6B 7 8 9 10 11 12 13 14 15 16 17 18
12Z AVG MX 2MIN
DY MAX MIN AVG DEP HDD CDD WTR SNW DPTH SPD SPD DIR MIN PSBL S-S WX SPD DR
================================================================================
1 86 64 75 2 0 10 0.00 M M 10.5 20 280 M M 3 29 280
2 84 60 72 -1 0 7 0.00 M M 7.6 17 210 M M 1 24 210
3 87 74 81 8 0 16 0.01 M M 12.0 22 260 M M 1 3 35 250
4 83 62 73 0 0 8 0.00 M M 7.3 14 20 M M 2 1 20 20
5 86 59 73 1 0 8 0.00 M M 5.1 13 100 M M 0 17 70
6 93 67 80 8 0 15 0.00 M M 7.3 15 150 M M 3 128 22 130
7 84 73 79 7 0 14 0.58 M M 6.7 30 310 M M 7 13 49 300
8 79 65 72 0 0 7 0.29 M M 8.5 23 260 M M 8 18 31 240
9 77 57 67 -5 0 2 0.00 M M 5.6 12 40 M M 1 16 110
10 85 55 70 -2 0 5 0.00 M M 6.6 14 280 M M 0 18 260
11 79 61 70 -2 0 5 0.00 M M 9.1 16 60 M M 2 25 70
12 76 53 65 -7 0 0 0.00 M M 5.1 10 80 M M 1 8 15 80
13 79 67 73 1 0 8 0.13 M M 9.1 20 200 M M 8 1 30 210
14 70 65 68 -4 0 3 0.00 M M 8.8 15 50 M M 10 18 20 40
15 79 63 71 -1 0 6 0.00 M M 7.7 14 70 M M 4 19 80
16 81 61 71 0 0 6 0.00 M M 7.2 12 60 M M 0 1 18 70
17 80 58 69 -2 0 4 0.00 M M 5.7 13 70 M M 0 1 18 60
18 86 54 70 -1 0 5 0.00 M M 5.9 14 260 M M 1 18 20 260
19 88 63 76 5 0 11 0.01 M M 8.5 17 200 M M 3 25 200
20 78 64 71 0 0 6 0.61 M M 7.7 28 250 M M 7 13 39 250
21 80 61 71 0 0 6 0.00 M M 8.2 16 40 M M 6 128 23 50
22 81 57 69 -1 0 4 0.00 M M 5.4 14 60 M M 1 1 17 60
23 85 58 72 2 0 7 0.00 M M 4.8 13 140 M M 1 17 120
24 86 59 73 3 0 8 0.00 M M 5.2 14 150 M M 1 8 18 210
25 82 66 74 4 0 9 0.51 M M 7.7 15 250 M M 7 1 20 250
26 77 55 66 -4 0 1 0.00 M M 5.8 13 80 M M 5 12 17 100
27 80 52 66 -4 0 1 0.00 M M 5.0 12 90 M M 2 12 18 90
28 90 65 78 9 0 13 0.90 M M 8.2 25 270 M M 4 138 34 270
29 82 67 75 6 0 10 0.08 M M 10.8 21 260 M M 3 138 32 270
30 80 61 71 2 0 6 0.00 M M 10.8 22 270 M M 0 29 280
31 85 57 71 2 0 6 0.00 M M 9.1 17 270 M M 0 25 260
================================================================================
SM 2548 1903 0 217 3.12 M 233.0 M 92
================================================================================
AV 82.2 61.4 7.5 FASTST M M 3 MAX(MPH)
MISC ----> 30 310 49 300
================================================================================
NOTES:
# LAST OF SEVERAL OCCURRENCES
COLUMN 17 PEAK WIND IN M.P.H.
PRELIMINARY LOCAL CLIMATOLOGICAL DATA (WS FORM: F-6) , PAGE 2
STATION: KENOSHA WI
MONTH: AUGUST
YEAR: 2022
LATITUDE: 42 35 N
LONGITUDE: 87 56 W
[TEMPERATURE DATA] [PRECIPITATION DATA] SYMBOLS USED IN COLUMN 16
AVERAGE MONTHLY: 71.8 TOTAL FOR MONTH: 3.12 1 = FOG OR MIST
DPTR FM NORMAL: 0.6 DPTR FM NORMAL: -0.44 2 = FOG REDUCING VISIBILITY
HIGHEST: 93 ON 6 GRTST 24HR 0.95 ON 28-29 TO 1/4 MILE OR LESS
LOWEST: 52 ON 27 3 = THUNDER
SNOW, ICE PELLETS, HAIL 4 = ICE PELLETS
TOTAL MONTH: M 5 = HAIL
GRTST 24HR M ON M 6 = FREEZING RAIN OR DRIZZLE
GRTST DEPTH: M ON M 7 = DUSTSTORM OR SANDSTORM:
VSBY 1/2 MILE OR LESS
8 = SMOKE OR HAZE
[NO. OF DAYS WITH] [WEATHER - DAYS WITH] 9 = BLOWING SNOW
X = TORNADO
MAX 32 OR BELOW: 0 0.01 INCH OR MORE: 9
MAX 90 OR ABOVE: 2 0.10 INCH OR MORE: 6
MIN 32 OR BELOW: 0 0.50 INCH OR MORE: 4
MIN 0 OR BELOW: 0 1.00 INCH OR MORE: 0
[HDD (BASE 65) ]
TOTAL THIS MO. 0 CLEAR (SCALE 0-3) 18
DPTR FM NORMAL -10 PTCLDY (SCALE 4-7) 11
TOTAL FM JUL 1 0 CLOUDY (SCALE 8-10) 2
DPTR FM NORMAL -14
[CDD (BASE 65) ]
TOTAL THIS MO. 217
DPTR FM NORMAL 16 [PRESSURE DATA]
TOTAL FM JAN 1 697 HIGHEST SLP M ON M
DPTR FM NORMAL 66 LOWEST SLP 29.72 ON 3
[REMARKS]
#FINAL-08-22#