000
CXUS53 KMKX 010810
CF6ENW
PRELIMINARY LOCAL CLIMATOLOGICAL DATA (WS FORM: F-6)
STATION: KENOSHA WI
MONTH: JUNE
YEAR: 2021
LATITUDE: 42 35 N
LONGITUDE: 87 56 W
TEMPERATURE IN F: :PCPN: SNOW: WIND :SUNSHINE: SKY :PK WND
================================================================================
1 2 3 4 5 6A 6B 7 8 9 10 11 12 13 14 15 16 17 18
12Z AVG MX 2MIN
DY MAX MIN AVG DEP HDD CDD WTR SNW DPTH SPD SPD DIR MIN PSBL S-S WX SPD DR
================================================================================
1 77 46 62 -2 3 0 0.00 M M 7.1 17 150 M M 0 24 140
2 77 49 63 -1 2 0 0.00 M M 4.8 12 70 M M 0 19 60
3 91 50 71 7 0 6 T M M 7.7 21 280 M M 2 26 280
4 94 68 81 17 0 16 0.02 M M 13.8 28 260 M M 3 37 240
5 95 71 83 18 0 18 0.00 M M 10.8 21 240 M M 1 31 240
6 92 71 82 17 0 17 0.00 0.0 0 11.1 21 210 M M 2 30 190
7 82 73 78 13 0 13 T 0.0 0 7.8 13 210 M M 2 18 200
8 87 68 78 12 0 13 0.00 M M 4.8 12 140 M M 1 18 17 70
9 84 64 74 8 0 9 0.00 M M 5.8 16 80 M M 0 12 20 70
10 86 63 75 9 0 10 0.00 M M 4.9 14 90 M M 0 18 70
11 92 63 78 11 0 13 T M M 5.3 18 90 M M 1 1238 22 80
12 87 65 76 9 0 11 T M M 4.6 15 70 M M 2 3 20 70
13 88 63 76 9 0 11 0.00 M M 6.8 14 110 M M 0 19 90
14 84 57 71 3 0 6 T M M 8.1 20 60 M M 3 30 60
15 80 56 68 0 0 3 0.00 M M 8.2 17 40 M M 1 32 90
16 77 53 65 -3 0 0 0.00 M M 6.8 15 90 M M 0 23 70
17 91 50 71 3 0 6 T M M 8.3 17 210 M M 1 3 22 210
18 91 67 79 10 0 14 0.83 M M 8.0 24 160 M M 3 13 36 190
19 86 58 72 3 0 7 T M M 7.5 23 70 M M 2 3 32 70
20 80 56 68 -1 0 3 0.30 M M 5.7 20 160 M M 4 138 28 160
21 73 49 61 -9 4 0 0.00 M M 12.5 26 300 M M 6 34 300
22 75 47 61 -9 4 0 0.00 M M 8.5 21 280 M M 5 28 300
23 81 60 71 1 0 6 T M M 12.6 24 200 M M 6 37 200
24 80 68 74 4 0 9 0.18 M M 10.4 24 150 M M 7 38 33 140
25 84 65 75 5 0 10 0.16 M M 5.2 13 80 M M 8 123 17 90
26 85 70 78 7 0 13 0.64 M M 8.0 16 210 M M 7 1 27 200
27 82 63 73 2 0 8 0.00 M M 11.3 23 240 M M 6 35 210
28 78 65 72 1 0 7 0.09 M M 5.4 10 150 M M 6 1 14 120
29 83 71 77 6 0 12 0.03 M M 6.5 14 290 M M 6 1 22 240
30 86 66 76 5 0 11 0.00 M M 5.8 24 30 M M 4 39 30
================================================================================
SM 2528 1835 13 252 2.25 0.0 234.1 M 89
================================================================================
AV 84.3 61.2 7.8 FASTST M M 3 MAX(MPH)
MISC ----> 28 260 39 30
================================================================================
NOTES:
# LAST OF SEVERAL OCCURRENCES
COLUMN 17 PEAK WIND IN M.P.H.
PRELIMINARY LOCAL CLIMATOLOGICAL DATA (WS FORM: F-6) , PAGE 2
STATION: KENOSHA WI
MONTH: JUNE
YEAR: 2021
LATITUDE: 42 35 N
LONGITUDE: 87 56 W
[TEMPERATURE DATA] [PRECIPITATION DATA] SYMBOLS USED IN COLUMN 16
AVERAGE MONTHLY: 72.7 TOTAL FOR MONTH: 2.25 1 = FOG OR MIST
DPTR FM NORMAL: 4.9 DPTR FM NORMAL: -1.44 2 = FOG REDUCING VISIBILITY
HIGHEST: 95 ON 5 GRTST 24HR 0.83 ON 17-18 TO 1/4 MILE OR LESS
LOWEST: 46 ON 1 3 = THUNDER
SNOW, ICE PELLETS, HAIL 4 = ICE PELLETS
TOTAL MONTH: 0.0 INCH 5 = HAIL
GRTST 24HR 0.0 6 = FREEZING RAIN OR DRIZZLE
GRTST DEPTH: 0 7 = DUSTSTORM OR SANDSTORM:
VSBY 1/2 MILE OR LESS
8 = SMOKE OR HAZE
[NO. OF DAYS WITH] [WEATHER - DAYS WITH] 9 = BLOWING SNOW
X = TORNADO
MAX 32 OR BELOW: 0 0.01 INCH OR MORE: 8
MAX 90 OR ABOVE: 7 0.10 INCH OR MORE: 5
MIN 32 OR BELOW: 0 0.50 INCH OR MORE: 2
MIN 0 OR BELOW: 0 1.00 INCH OR MORE: 0
[HDD (BASE 65) ]
TOTAL THIS MO. 13 CLEAR (SCALE 0-3) 19
DPTR FM NORMAL -41 PTCLDY (SCALE 4-7) 11
TOTAL FM JUL 1 6121 CLOUDY (SCALE 8-10) 0
DPTR FM NORMAL -328
[CDD (BASE 65) ]
TOTAL THIS MO. 252
DPTR FM NORMAL 114 [PRESSURE DATA]
TOTAL FM JAN 1 335 HIGHEST SLP M ON M
DPTR FM NORMAL 154 LOWEST SLP 29.36 ON 20
[REMARKS]
#FINAL-06-21#