938
CXUS56 KOTX 070134
CF6EPH
PRELIMINARY LOCAL CLIMATOLOGICAL DATA (WS FORM: F-6)
STATION: EPHRATA WA AIRPORT
MONTH: SEPTEMBER
YEAR: 2020
LATITUDE: 47 18 N
LONGITUDE: 119 31 W
TEMPERATURE IN F: :PCPN: SNOW: WIND :SUNSHINE: SKY :PK WND
================================================================================
1 2 3 4 5 6A 6B 7 8 9 10 11 12 13 14 15 16 17 18
12Z AVG MX 2MIN
DY MAX MIN AVG DEP HDD CDD WTR SNW DPTH SPD SPD DIR MIN PSBL S-S WX SPD DR
================================================================================
1 90 54 72 3 0 7 0.00 M M 9.3 32 300 M M 0 43 300
2 93 60 77 9 0 12 0.00 M M 14.5 29 280 M M 0 34 270
3 90 57 74 6 0 9 0.00 M M 6.0 20 310 M M 0 24 310
4 95 59 77 9 0 12 0.00 M M 6.3 13 10 M M 1 16 350
5 93 60 77 9 0 12 0.00 M M 5.6 14 320 M M 0 19 210
6 94 55 75 8 0 10 0.00 M M 8.0 29 310 M M 0 35 310
7 79 55 67 0 0 2 0.00 M M 19.8 39 40 M M 9 8 48 40
8 74 46 60 -7 5 0 0.00 M M 6.6 14 30 M M 1 8 17 100
9 85 49 67 1 0 2 0.00 M M 7.3 14 20 M M 6 8 17 30
10 87 53 70 4 0 5 0.00 M M 4.8 13 310 M M 1 8 16 240
11 87 52 70 4 0 5 0.00 M M 5.2 9 200 M M 0 8 12 190
12 80 51 66 1 0 1 0.00 M M 5.6 10 210 M M 10 8 12 210
13 75 50 63 -2 2 0 0.00 M M 5.0 10 10 M M 10 8 12 10
14 72 54 63 -2 2 0 0.00 M M 4.0 9 10 M M 10 8 11 20
15 83 53 68 4 0 3 0.00 M M 4.3 13 170 M M 10 8 15 180
16 84 51 68 4 0 3 0.00 M M 4.8 12 360 M M 10 8 14 40
17 83 50 67 3 0 2 0.00 M M 5.3 9 210 M M 10 8 13 220
18 72 50 61 -2 4 0 0.00 M M 3.2 9 300 M M 10 18 12 10
19 80 50 65 2 0 0 0.00 M M 8.4 23 230 M M 3 128 31 240
20 77 48 63 1 2 0 0.00 M M 3.9 16 170 M M 0 24 170
21 75 48 62 0 3 0 0.00 M M 4.5 9 250 M M 0 8 14 250
22 79 50 65 3 0 0 0.00 M M 4.8 14 210 M M 0 18 210
23 70 54 62 1 3 0 0.15 M M 5.1 18 190 M M 6 1 23 190
24 72 46 59 -2 6 0 T M M 9.9 24 210 M M 2 29 220
25 71 43 57 -3 8 0 0.05 M M 10.7 31 270 M M 3 1 38 270
26 69 37 53 -7 12 0 0.00 M M 10.1 28 220 M M 2 33 240
27 69 41 55 -5 10 0 0.00 M M 5.1 14 310 M M 0 22 310
28 74 42 58 -1 7 0 0.00 M M 4.7 9 360 M M 0 12 360
29 82 45 64 5 1 0 0.00 M M 6.6 10 320 M M 0 8 15 20
30 84 51 68 10 0 3 0.00 M M 4.5 10 310 M M 0 13 300
================================================================================
SM 2418 1514 65 88 0.20 M 203.9 M 104
================================================================================
AV 80.6 50.5 6.8 FASTST M M 3 MAX(MPH)
MISC ----> # 39 40 # 48 40
================================================================================
NOTES:
# LAST OF SEVERAL OCCURRENCES
COLUMN 17 PEAK WIND IN M.P.H.
PRELIMINARY LOCAL CLIMATOLOGICAL DATA (WS FORM: F-6) , PAGE 2
STATION: EPHRATA WA AIRPORT
MONTH: SEPTEMBER
YEAR: 2020
LATITUDE: 47 18 N
LONGITUDE: 119 31 W
[TEMPERATURE DATA] [PRECIPITATION DATA] SYMBOLS USED IN COLUMN 16
AVERAGE MONTHLY: 65.5 TOTAL FOR MONTH: 0.20 1 = FOG OR MIST
DPTR FM NORMAL: 1.7 DPTR FM NORMAL: -0.16 2 = FOG REDUCING VISIBILITY
HIGHEST: 95 ON 4 GRTST 24HR 0.15 ON 23-23 TO 1/4 MILE OR LESS
LOWEST: 37 ON 26 3 = THUNDER
SNOW, ICE PELLETS, HAIL 4 = ICE PELLETS
TOTAL MONTH: M 5 = HAIL
GRTST 24HR M ON M 6 = FREEZING RAIN OR DRIZZLE
GRTST DEPTH: M ON M 7 = DUSTSTORM OR SANDSTORM:
VSBY 1/2 MILE OR LESS
8 = SMOKE OR HAZE
[NO. OF DAYS WITH] [WEATHER - DAYS WITH] 9 = BLOWING SNOW
X = TORNADO
MAX 32 OR BELOW: 0 0.01 INCH OR MORE: 2
MAX 90 OR ABOVE: 6 0.10 INCH OR MORE: 1
MIN 32 OR BELOW: 0 0.50 INCH OR MORE: 0
MIN 0 OR BELOW: 0 1.00 INCH OR MORE: 0
[HDD (BASE 65) ]
TOTAL THIS MO. 65 CLEAR (SCALE 0-3) 18
DPTR FM NORMAL -45 PTCLDY (SCALE 4-7) 4
TOTAL FM JUL 1 66 CLOUDY (SCALE 8-10) 8
DPTR FM NORMAL -61
[CDD (BASE 65) ]
TOTAL THIS MO. 88
DPTR FM NORMAL 13 [PRESSURE DATA]
TOTAL FM JAN 1 837 HIGHEST SLP 30.50 ON 8
DPTR FM NORMAL 68 LOWEST SLP 29.65 ON 25
[REMARKS]
#FINAL-09-20#