985
CXUS56 KOTX 010900
CF6EPH
PRELIMINARY LOCAL CLIMATOLOGICAL DATA (WS FORM: F-6)
STATION: EPHRATA WA AIRPORT
MONTH: APRIL
YEAR: 2020
LATITUDE: 47 18 N
LONGITUDE: 119 31 W
TEMPERATURE IN F: :PCPN: SNOW: WIND :SUNSHINE: SKY :PK WND
================================================================================
1 2 3 4 5 6A 6B 7 8 9 10 11 12 13 14 15 16 17 18
12Z AVG MX 2MIN
DY MAX MIN AVG DEP HDD CDD WTR SNW DPTH SPD SPD DIR MIN PSBL S-S WX SPD DR
================================================================================
1 51 31 41 -6 24 0 0.02 M M 8.0 17 350 M M 5 1 20 340
2 51 27 39 -9 26 0 0.00 M M 8.1 16 300 M M 2 21 240
3 52 28 40 -8 25 0 0.00 M M 11.8 30 260 M M 3 42 220
4 53 25 39 -9 26 0 0.00 M M 6.3 14 60 M M 4 19 330
5 54 31 43 -5 22 0 0.00 M M 4.6 14 80 M M 7 17 70
6 65 30 48 0 17 0 0.00 M M 9.2 28 300 M M 1 33 290
7 68 36 52 4 13 0 0.00 M M 8.4 22 310 M M 0 28 310
8 68 44 56 7 9 0 0.00 M M 9.1 18 10 M M 0 22 340
9 74 36 55 6 10 0 0.00 M M 7.3 14 200 M M 0 17 190
10 76 36 56 7 9 0 0.00 M M 13.0 32 310 M M 0 42 310
11 60 35 48 -1 17 0 0.00 M M 18.3 35 10 M M 2 44 10
12 57 28 43 -6 22 0 0.00 M M 7.5 20 30 M M 0 8 22 40
13 64 29 47 -3 18 0 0.00 M M 8.8 18 340 M M 0 24 300
14 71 45 58 8 7 0 0.00 M M 11.5 25 320 M M 4 32 320
15 62 40 51 1 14 0 T M M 14.6 33 40 M M 3 8 39 30
16 61 35 48 -2 17 0 0.00 M M 5.8 12 220 M M 2 16 240
17 73 29 51 1 14 0 0.00 M M 8.3 17 220 M M 1 22 170
18 70 47 59 8 6 0 0.00 M M 8.2 18 360 M M 7 22 10
19 71 42 57 6 8 0 0.00 M M 5.8 15 180 M M 5 24 210
20 74 40 57 6 8 0 0.00 M M 8.0 25 310 M M 0 30 310
21 73 44 59 7 6 0 0.00 M M 11.2 25 290 M M 0 32 300
22 56 40 48 -4 17 0 0.07 M M 3.5 12 210 M M 5 14 120
23 70 44 57 5 8 0 0.00 M M 10.5 26 280 M M 2 32 300
24 68 40 54 2 11 0 0.00 M M 5.8 15 190 M M 4 22 230
25 70 43 57 4 8 0 T M M 11.6 31 260 M M 2 39 270
26 66 41 54 1 11 0 0.00 M M 9.2 24 310 M M 1 28 300
27 72 44 58 5 7 0 T M M 14.9 30 290 M M 2 37 310
28 69 39 54 0 11 0 0.00 M M 5.5 15 300 M M 0 18 310
29 76 50 63 9 2 0 0.00 M M 8.0 15 220 M M 1 20 210
30 69 48 59 5 6 0 0.00 M M 12.6 23 280 M M 0 30 260
================================================================================
SM 1964 1127 399 0 0.09 M 275.4 M 63
================================================================================
AV 65.5 37.6 9.2 FASTST M M 2 MAX(MPH)
MISC ----> # 35 10 # 44 10
================================================================================
NOTES:
# LAST OF SEVERAL OCCURRENCES
COLUMN 17 PEAK WIND IN M.P.H.
PRELIMINARY LOCAL CLIMATOLOGICAL DATA (WS FORM: F-6) , PAGE 2
STATION: EPHRATA WA AIRPORT
MONTH: APRIL
YEAR: 2020
LATITUDE: 47 18 N
LONGITUDE: 119 31 W
[TEMPERATURE DATA] [PRECIPITATION DATA] SYMBOLS USED IN COLUMN 16
AVERAGE MONTHLY: 51.5 TOTAL FOR MONTH: 0.09 1 = FOG OR MIST
DPTR FM NORMAL: 1.1 DPTR FM NORMAL: -0.39 2 = FOG REDUCING VISIBILITY
HIGHEST: 76 ON 29,10 GRTST 24HR 0.07 ON 22-22 TO 1/4 MILE OR LESS
LOWEST: 25 ON 4 3 = THUNDER
SNOW, ICE PELLETS, HAIL 4 = ICE PELLETS
TOTAL MONTH: M 5 = HAIL
GRTST 24HR M ON M 6 = FREEZING RAIN OR DRIZZLE
GRTST DEPTH: M ON M 7 = DUSTSTORM OR SANDSTORM:
VSBY 1/2 MILE OR LESS
8 = SMOKE OR HAZE
[NO. OF DAYS WITH] [WEATHER - DAYS WITH] 9 = BLOWING SNOW
X = TORNADO
MAX 32 OR BELOW: 0 0.01 INCH OR MORE: 2
MAX 90 OR ABOVE: 0 0.10 INCH OR MORE: 0
MIN 32 OR BELOW: 9 0.50 INCH OR MORE: 0
MIN 0 OR BELOW: 0 1.00 INCH OR MORE: 0
[HDD (BASE 65) ]
TOTAL THIS MO. 399 CLEAR (SCALE 0-3) 21
DPTR FM NORMAL -41 PTCLDY (SCALE 4-7) 9
TOTAL FM JUL 1 5419 CLOUDY (SCALE 8-10) 0
DPTR FM NORMAL -278
[CDD (BASE 65) ]
TOTAL THIS MO. 0
DPTR FM NORMAL -2 [PRESSURE DATA]
TOTAL FM JAN 1 0 HIGHEST SLP 0.00 ON 28
DPTR FM NORMAL -2 LOWEST SLP 29.57 ON M
[REMARKS]
#FINAL-04-20#