000
CXUS51 KCLE 031643
CLMERI
CLIMATE REPORT
NATIONAL WEATHER SERVICE CLEVELAND, OH
1243 PM EDT SAT JUN 03 2023
...................................
...THE ERIE PA CLIMATE SUMMARY FOR THE MONTH OF MAY 2023...
CLIMATE NORMAL PERIOD 1991 TO 2020
CLIMATE RECORD PERIOD 1873 TO 2023
WEATHER OBSERVED NORMAL DEPART LAST YEAR`S
VALUE DATE(S) VALUE FROM VALUE
NORMAL
..............................................................
TEMPERATURE (F)
RECORD
HIGH 91 05/30/1879
LOW 26 05/07/1970
HIGHEST 82 05/30
05/31
LOWEST 35 05/02
05/18
AVG. MAXIMUM 65.6 68.3 -2.7 70.0
AVG. MINIMUM 46.4 49.3 -2.9 52.0
MEAN 56.0 58.8 -2.8 61.0
DAYS MAX >= 90 0 0.2 -0.2 0
DAYS MAX <= 32 0 0.0 0.0 0
DAYS MIN <= 32 0 0.4 -0.4 0
DAYS MIN <= 0 0 0.0 0.0 0
PRECIPITATION (INCHES)
RECORD
MAXIMUM 8.54 2011
MINIMUM 0.55 1934
TOTALS 1.67 3.50 -1.83 4.54
DAYS >= .01 4 13.5 -9.5 14
DAYS >= .10 4 7.9 -3.9 11
DAYS >= .50 2 2.3 -0.3 4
DAYS >= 1.00 0 0.5 -0.5 0
GREATEST
24 HR. TOTAL 0.66 05/20 TO 05/20 0.86
SNOWFALL (INCHES)
RECORDS
TOTAL 1.7 1923
TOTALS T 0.0 0.0 0.0
SINCE 7/1 52.0 104.3 -52.3 61.4
DAYS >= 1.0 0 0.0 0.0 0
GREATEST
24 HR TOTAL T 05/02 TO 05/02
DEGREE DAYS
HEATING TOTAL 285 238 47 179
SINCE 7/1 5464 5859 -395 5274
COOLING TOTAL 17 46 -29 62
SINCE 1/1 21 53 -32 65
..............................................................
WIND (MPH)
AVERAGE WIND SPEED 8.0
HIGHEST WIND SPEED/DIRECTION 26/050 DATE 05/25
HIGHEST GUST SPEED/DIRECTION 33/040 DATE 05/24
33/050 05/25
SKY COVER
AVERAGE SKY COVER 0.25
AVERAGE RH (PERCENT) 62
WEATHER CONDITIONS. NUMBER OF DAYS WITH
THUNDERSTORM 0 MIXED PRECIP 0
HEAVY RAIN 0 RAIN 4
LIGHT RAIN 6 FREEZING RAIN 0
LT FREEZING RAIN 0 HAIL 0
HEAVY SNOW 0 SNOW 0
LIGHT SNOW 0 SLEET 0
FOG 5 FOG W/VIS <= 1/4 MILE 0
HAZE 1
- INDICATES NEGATIVE NUMBERS.
R INDICATES RECORD WAS SET OR TIED.
MM INDICATES DATA IS MISSING.
T INDICATES TRACE AMOUNT.
$$