000
CXUS53 KPAH 010914
CLMEVV
CLIMATE REPORT
NATIONAL WEATHER SERVICE PADUCAH KY
314 AM CST THU FEB 01 2024
...................................
...THE EVANSVILLE IN CLIMATE SUMMARY FOR THE MONTH OF JANUARY 2024...
CLIMATE NORMAL PERIOD 1991 TO 2020
CLIMATE RECORD PERIOD 1896 TO 2024
WEATHER OBSERVED NORMAL DEPART LAST YEAR`S
VALUE DATE(S) VALUE FROM VALUE DATE(S)
NORMAL
................................................................
TEMPERATURE (F)
RECORD
HIGH 76 01/24/1943
LOW -21 01/17/1977
HIGHEST 57 01/24 64 01/03
01/11
LOWEST 3 01/20 19 01/31
01/21
AVG. MAXIMUM 39.3 41.7 -2.4 48.8
AVG. MINIMUM 25.5 25.5 0.0 33.1
MEAN 32.4 33.6 -1.2 41.0
DAYS MAX >= 90 0 0.0 0.0 0
DAYS MAX <= 32 8 6.9 1.1 1
DAYS MIN <= 32 21 23.6 -2.6 15
DAYS MIN <= 0 0 0.6 -0.6 0
PRECIPITATION (INCHES)
RECORD
MAXIMUM 14.78 1937
MINIMUM 0.51 1981
TOTALS 6.24 3.35 2.89 5.50
DAILY AVG. 0.20 0.11 0.09 0.18
DAYS >= .01 16 10.4 5.6 17
DAYS >= .10 8 6.1 1.9 9
DAYS >= .50 6 2.3 3.7 4
DAYS >= 1.00 1 0.7 0.3 1
GREATEST
24 HR. TOTAL 1.73 01/12 TO 01/12
SNOWFALL (INCHES)
RECORDS
TOTAL 41.0 1918
TOTALS 1.0 3.4 -2.4 0.9
SINCE 7/1 1.0 6.6 -5.6 MM
SNOWDEPTH AVG. 0 0
DAYS >= TRACE 11
DAYS >= 1.0 0 1.1 -1.1 0
GREATEST
SNOW DEPTH 1 01/19 1 01/31
01/20
01/21
24 HR TOTAL 0.7 01/19 TO 01/19
STORM TOTAL 0.7
(MM/DD(HH))
DEGREE DAYS
HEATING TOTAL 1002 973 29 736
SINCE 7/1 2307 2661 -354 MM
FREEZE DATES
EARLIEST 10/31
LATEST 04/24
................................................................
WIND (MPH)
AVERAGE WIND SPEED 7.5
HIGHEST WIND SPEED/DIRECTION 36/240 DATE 01/12
HIGHEST GUST SPEED/DIRECTION 47/240 DATE 01/12
SKY COVER
POSSIBLE SUNSHINE (PERCENT) MM
AVERAGE SKY COVER 0.64
NUMBER OF DAYS FAIR 6
NUMBER OF DAYS PC 11
NUMBER OF DAYS CLOUDY 14
AVERAGE RH (PERCENT) 75
WEATHER CONDITIONS. NUMBER OF DAYS WITH
THUNDERSTORM 1 MIXED PRECIP 0
HEAVY RAIN 6 RAIN 8
LIGHT RAIN 13 FREEZING RAIN 0
LT FREEZING RAIN 0 HAIL 0
HEAVY SNOW 0 SNOW 0
LIGHT SNOW 11 SLEET 0
FOG 17 FOG W/VIS <= 1/4 MILE 3
HAZE 5
- INDICATES NEGATIVE NUMBERS.
R INDICATES RECORD WAS SET OR TIED.
MM INDICATES DATA IS MISSING.
T INDICATES TRACE AMOUNT.
$$