000
CXUS51 KOKX 031228
CLSEWR
NYCCLSEWR 000
TTAA00 OKX 031219
CLIMATE REPORT
NATIONAL WEATHER SERVICE NEW YORK, NY
828 AM EDT FRI SEP 03 2021
...................................
...THE NEWARK NJ CLIMATE SUMMARY FOR THE SEASON, FROM
6/1/2021 TO 8/31/2021...
CLIMATE NORMAL PERIOD 1991 TO 2020
CLIMATE RECORD PERIOD 1893 TO 2021
WEATHER OBSERVED NORMAL DEPART LAST YEAR`S
VALUE DATE(S) VALUE FROM VALUE
NORMAL
..............................................................
TEMPERATURE (F)
RECORD
HIGH 108 07/22/2011
LOW 41 06/01/1938
HIGHEST 103 06/30 MM MM
LOWEST 54 06/01 MM MM
AVG. MAXIMUM 87.3 84.5 2.8
AVG. MINIMUM 69.3 67.0 2.3
MEAN 78.3 75.7 2.6
DAYS MAX >= 90 36 24.0 12.0
DAYS MAX <= 32 0 0.0 0.0
DAYS MIN <= 32 0 0.0 0.0
DAYS MIN <= 0 0 0.0 0.0
PRECIPITATION (INCHES)
RECORD
MAXIMUM 23.57 2011
MINIMUM 4.46 1966
TOTALS 20.46 13.15 7.31 17.30
DAILY AVG. 0.22 0.14 0.08
DAYS >= .01 36 30.7 5.3
DAYS >= .10 24 20.3 3.7
DAYS >= .50 15 9.1 5.9
DAYS >= 1.00 7 3.6 3.4
GREATEST
24 HR. TOTAL 3.57 08/21 TO 08/22
STORM TOTAL 2.51
(MM/DD(HH))
SNOWFALL (INCHES)
RECORDS
TOTAL T 2011
24 HR TOTAL MM
TOTALS TR 0.0 0.0
LIQUID EQUIV T 0.00 0.00
SINCE 7/1 T 0.0 0.0
LIQUID 7/1 -0.10
DAYS >= TRACE 2 0.0 2.0
DAYS >= 1.0 0 0.0 0.0
GREATEST
SNOW DEPTH 0
24 HR TOTAL 0.0
STORM TOTAL 0.0
(MM/DD(HH))
DEGREE DAYS
HEATING TOTAL 0 15 -15
SINCE 7/1 0 0 0
COOLING TOTAL 1252 1005 247
SINCE 1/1 1362 1089 273
..............................................................
WIND (MPH)
AVERAGE WIND SPEED 8.1
HIGHEST WIND SPEED/DIRECTION 45/310 DATE 07/06
HIGHEST GUST SPEED/DIRECTION 59/240 DATE 08/11
SKY COVER
POSSIBLE SUNSHINE (PERCENT) MM
AVERAGE SKY COVER 0.67
NUMBER OF DAYS FAIR 10
NUMBER OF DAYS PC 44
NUMBER OF DAYS CLOUDY 38
AVERAGE RH (PERCENT) 64
WEATHER CONDITIONS. NUMBER OF DAYS WITH
THUNDERSTORM 27 MIXED PRECIP 0
HEAVY RAIN 19 RAIN 14
LIGHT RAIN 53 FREEZING RAIN 0
LT FREEZING RAIN 0 HAIL 2
HEAVY SNOW 0 SNOW 0
LIGHT SNOW 0 SLEET 0
FOG 29 FOG W/VIS <= 1/4 MILE 0
HAZE 22
- INDICATES NEGATIVE NUMBERS.
R INDICATES RECORD WAS SET OR TIED.
MM INDICATES DATA IS MISSING.
T INDICATES TRACE AMOUNT.
$$