000
CXUS51 KOKX 012103 RRA
CLSEWR
CLIMATE REPORT
NATIONAL WEATHER SERVICE NEW YORK, NY
403 PM EST THU DEC 01 2022
...................................
...THE NEWARK NJ CLIMATE SUMMARY FOR THE SEASON, FROM
9/1/2022 TO 11/30/2022...
CLIMATE NORMAL PERIOD 1991 TO 2020
CLIMATE RECORD PERIOD 1931 TO 2022
WEATHER OBSERVED NORMAL DEPART LAST YEAR`S
VALUE DATE(S) VALUE FROM VALUE
NORMAL
..............................................................
TEMPERATURE (F)
RECORD
HIGH 105 09/02/1953
LOW 12 11/27/1932
HIGHEST 93 09/04 MM MM
LOWEST 24 11/21 MM MM
AVG. MAXIMUM 67.7 66.2 1.5
AVG. MINIMUM 50.0 49.6 0.4
MEAN 58.9 57.9 1.0
DAYS MAX >= 90 1 2.0 -1.0
DAYS MAX <= 32 0 0.0 0.0
DAYS MIN <= 32 6 6.2 -0.2
DAYS MIN <= 0 0 0.0 0.0
PRECIPITATION (INCHES)
RECORD
MAXIMUM 20.22 1944
MINIMUM 4.21 1931
TOTALS 12.47 10.94 1.53 17.03
DAILY AVG. 0.13 0.12 0.01
DAYS >= .01 33 26.9 6.1
DAYS >= .10 21 16.5 4.5
DAYS >= .50 11 7.5 3.5
DAYS >= 1.00 3 3.0 0.0
GREATEST
24 HR. TOTAL 2.17
STORM TOTAL 1.77
(MM/DD(HH))
SNOWFALL (INCHES)
RECORDS
TOTAL 14.2 1938
24 HR TOTAL MM
TOTALS T 0.8 -0.8
LIQUID EQUIV T 0.00 0.00
SINCE 7/1 T 0.8 -0.8
LIQUID 7/1 -0.10
DAYS >= TRACE 1 0.0 1.0
DAYS >= 1.0 0 0.0 0.0
GREATEST
SNOW DEPTH 0
24 HR TOTAL MM
STORM TOTAL 0.0
(MM/DD(HH))
DEGREE DAYS
HEATING TOTAL 753 829 -76
SINCE 7/1 753 829 -76
COOLING TOTAL 208 181 27
SINCE 1/1 1663 1270 393
..............................................................
WIND (MPH)
AVERAGE WIND SPEED 9.1
HIGHEST WIND SPEED/DIRECTION 36/260 DATE 09/19
HIGHEST GUST SPEED/DIRECTION 45/230 DATE 11/30
SKY COVER
POSSIBLE SUNSHINE (PERCENT) MM
AVERAGE SKY COVER 0.53
NUMBER OF DAYS FAIR 29
NUMBER OF DAYS PC 33
NUMBER OF DAYS CLOUDY 29
AVERAGE RH (PERCENT) 63
WEATHER CONDITIONS. NUMBER OF DAYS WITH
THUNDERSTORM 7 MIXED PRECIP 0
HEAVY RAIN 12 RAIN 16
LIGHT RAIN 36 FREEZING RAIN 0
LT FREEZING RAIN 0 HAIL 0
HEAVY SNOW 0 SNOW 0
LIGHT SNOW 1 SLEET 0
FOG 28 FOG W/VIS <= 1/4 MILE 3
HAZE 8
- INDICATES NEGATIVE NUMBERS.
R INDICATES RECORD WAS SET OR TIED.
MM INDICATES DATA IS MISSING.
T INDICATES TRACE AMOUNT.
$$