000
CXUS53 KIND 010700
CF6EYE
PRELIMINARY LOCAL CLIMATOLOGICAL DATA (WS FORM: F-6)
STATION: INDIANAPOLIS EAGLE CREEK IN
MONTH: NOVEMBER
YEAR: 2021
LATITUDE: 39 49 N
LONGITUDE: 86 18 W
TEMPERATURE IN F: :PCPN: SNOW: WIND :SUNSHINE: SKY :PK WND
================================================================================
1 2 3 4 5 6A 6B 7 8 9 10 11 12 13 14 15 16 17 18
12Z AVG MX 2MIN
DY MAX MIN AVG DEP HDD CDD WTR SNW DPTH SPD SPD DIR MIN PSBL S-S WX SPD DR
================================================================================
1 49 38 44 -5 21 0 0.00 M M 6.8 14 300 M M 4 19 310
2 47 34 41 -8 24 0 0.00 M M 6.9 16 310 M M 4 26 310
3 49 32 41 -7 24 0 0.00 M M 3.5 8 320 M M 0 10 340
4 51 31 41 -7 24 0 0.00 M M 2.0 12 330 M M 0 16 330
5 51 29 40 -7 25 0 0.00 M M 2.3 12 130 M M 0 18 110
6 58 28 43 -4 22 0 0.00 M M 1.5 10 150 M M 0 1 14 210
7 64 33 49 2 16 0 0.00 M M 2.1 9 210 M M 0 1 13 210
8 69 36 53 7 12 0 0.00 M M 4.6 15 210 M M 0 1 21 200
9 63 40 52 6 13 0 0.00 M M 2.8 9 210 M M 2 13 210
10 65 41 53 8 12 0 0.00 M M 4.6 13 120 M M 2 128 19 150
11 60 40 50 5 15 0 0.19 M M 7.8 24 290 M M 4 1 35 290
12 51 35 43 -2 22 0 T M M 9.5 23 280 M M 5 34 260
13 39 35 37 -7 28 0 T M M 9.2 18 280 M M 10 27 270
14 38 33 36 -8 29 0 0.21 M M 12.2 26 280 M M 10 1 38 280
15 39 27 33 -11 32 0 T M M 5.6 16 280 M M 6 22 280
16 56 31 44 1 21 0 0.00 M M 5.6 13 110 M M 1 17 140
17 64 46 55 12 10 0 0.24 M M 11.3 21 300 M M 8 18 31 210
18 46 32 39 -3 26 0 0.04 M M 13.4 24 290 M M 4 35 290
19 42 30 36 -6 29 0 0.00 M M 7.0 20 300 M M 3 30 300
20 50 32 41 -1 24 0 T M M 4.6 13 210 M M 2 22 220
21 49 37 43 2 22 0 0.33 M M 5.8 22 300 M M 7 1 33 300
22 38 25 32 -9 33 0 0.00 M M 9.0 17 310 M M 0 24 320
23 43 21 32 -8 33 0 0.00 M M 3.4 9 190 M M 0 14 170
24 56 32 44 4 21 0 0.00 M M 7.6 17 170 M M 2 28 160
25 55 31 43 3 22 0 0.33 M M 12.9 23 290 M M 10 18 34 300
26 32 22 27 -13 38 0 0.00 M M 7.8 20 290 M M 7 27 300
27 45 31 38 -1 27 0 T M M 6.8 13 270 M M 6 20 250
28 42 30 36 -3 29 0 0.00 M M 10.2 25 310 M M 1 34 280
29 44 22 33 -5 32 0 0.00 M M 5.3 15 200 M M 4 20 200
30 52 32 42 4 23 0 0.00 M M 5.6 13 290 M M 0 20 240
================================================================================
SM 1507 966 709 0 1.34 M 197.7 M 102
================================================================================
AV 50.2 32.2 6.6 FASTST M M 3 MAX(MPH)
MISC ----> 26 280 38 280
================================================================================
NOTES:
# LAST OF SEVERAL OCCURRENCES
COLUMN 17 PEAK WIND IN M.P.H.
PRELIMINARY LOCAL CLIMATOLOGICAL DATA (WS FORM: F-6) , PAGE 2
STATION: INDIANAPOLIS EAGLE CREEK IN
MONTH: NOVEMBER
YEAR: 2021
LATITUDE: 39 49 N
LONGITUDE: 86 18 W
[TEMPERATURE DATA] [PRECIPITATION DATA] SYMBOLS USED IN COLUMN 16
AVERAGE MONTHLY: 41.2 TOTAL FOR MONTH: 1.34 1 = FOG OR MIST
DPTR FM NORMAL: -2.2 DPTR FM NORMAL: -1.91 2 = FOG REDUCING VISIBILITY
HIGHEST: 69 ON 8 GRTST 24HR 0.33 ON 25-25 TO 1/4 MILE OR LESS
LOWEST: 21 ON 23 3 = THUNDER
SNOW, ICE PELLETS, HAIL 4 = ICE PELLETS
TOTAL MONTH: M 5 = HAIL
GRTST 24HR M ON M 6 = FREEZING RAIN OR DRIZZLE
GRTST DEPTH: M ON M 7 = DUSTSTORM OR SANDSTORM:
VSBY 1/2 MILE OR LESS
8 = SMOKE OR HAZE
[NO. OF DAYS WITH] [WEATHER - DAYS WITH] 9 = BLOWING SNOW
X = TORNADO
MAX 32 OR BELOW: 1 0.01 INCH OR MORE: 6
MAX 90 OR ABOVE: 0 0.10 INCH OR MORE: 5
MIN 32 OR BELOW: 18 0.50 INCH OR MORE: 0
MIN 0 OR BELOW: 0 1.00 INCH OR MORE: 0
[HDD (BASE 65) ]
TOTAL THIS MO. 709 CLEAR (SCALE 0-3) 15
DPTR FM NORMAL 61 PTCLDY (SCALE 4-7) 11
TOTAL FM JUL 1 900 CLOUDY (SCALE 8-10) 4
DPTR FM NORMAL -122
[CDD (BASE 65) ]
TOTAL THIS MO. 0
DPTR FM NORMAL 0 [PRESSURE DATA]
TOTAL FM JAN 1 1374 HIGHEST SLP M ON M
DPTR FM NORMAL 246 LOWEST SLP 29.67 ON 11
[REMARKS]
#FINAL-11-21#