000
CXAK56 PAFG 021750
CF6FAI
PRELIMINARY LOCAL CLIMATOLOGICAL DATA (WS FORM: F-6)
STATION: FAIRBANKS AK
MONTH: JANUARY
YEAR: 2022
LATITUDE: 64 49 N
LONGITUDE: 147 52 W
TEMPERATURE IN F: :PCPN: SNOW: WIND :SUNSHINE: SKY :PK WND
================================================================================
1 2 3 4 5 6A 6B 7 8 9 10 11 12 13 14 15 16 17 18
12Z AVG MX 2MIN
DY MAX MIN AVG DEP HDD CDD WTR SNW DPTH SPD SPD DIR MIN PSBL S-S WX SPD DR
================================================================================
1 -7 -17 -12 -4 77 0 T 0.1 34 11.3 17 350 M M 7 1 21 350
2 -16 -47 -31 -23 96 0 0.00 0.0 33 3.9 13 10 M M 3 18 15 360
3 -14 -45 -29 -20 94 0 0.00 0.0 33 5.1 13 70 M M 1 1 15 40
4 -19 -37 -28 -19 93 0 0.00 0.0 33 2.4 13 20 M M 0 14 30
5 -26 -38 -32 -23 97 0 0.00 0.0 33 1.0 6 50 M M 0 1 7 40
6 -6 -28 -17 -8 82 0 0.00 0.0 33 0.5 7 50 M M 5 7 50
7 -26 -37 -31 -22 96 0 0.00 0.0 33 1.0 7 310 M M 1 1 7 70
8 -30 -40 -35 -26 100 0 0.00 0.0 33 1.6 9 30 M M 1 18 11 30
9 2 -38 -18 -9 83 0 T T 33 6.7 15 40 M M 4 17 40
10 3 -5 -1 9 66 0 0.00 0.0 33 6.8 13 10 M M 8 15 10
11 7 -5 1 11 64 0 0.12 1.9 34 1.3 12 50 M M 9 1 12 50
12 12 -2 5 15 60 0 T 0.1 34 0.5 5 250 M M 8 1 5 10
13 21 -10 6 16 59 0 T T 34 2.5 12 40 M M 9 12 30
14 20 -2 9 19 56 0 T T 34 0.9 9 190 M M 8 11 10
15 7 -11 -2 7 67 0 0.00 0.0 34 0.9 7 190 M M 7 8 9 220
16 6 -8 -1 8 66 0 0.06 0.6 34 1.7 6 30 M M 9 1 6 40
17 4 -12 -4 5 69 0 T T 34 2.3 7 50 M M 9 7 10
18 1 -13 -6 3 71 0 0.00 0.0 31 0.4 5 50 M M 8 5 50
19 13 -9 2 11 63 0 T T 31 2.7 12 350 M M 8 1 13 350
20 7 -20 -6 3 71 0 0.00 0.0 31 4.3 9 20 M M 6 11 20
21 21 -2 10 18 55 0 0.01 0.2 31 4.7 10 30 M M 8 1 12 30
22 19 5 12 20 53 0 0.00 0.0 31 1.2 9 200 M M 8 12 200
23 24 1 13 21 52 0 0.00 0.0 31 2.1 8 30 M M 7 11 50
24 42 22 32 40 33 0 0.00 0.0 30 4.1 13 40 M M 7 8 16 40
25 37 -2 18 25 47 0 0.01 0.3 30 8.0 25 260 M M 7 1 33 250
26 1 -18 -8 -1 73 0 0.00 0.0 30 0.9 6 130 M M 5 7 130
27 -4 -22 -13 -6 78 0 T T 30 0.3 7 180 M M 7 1 7 180
28 8 -8 0 6 65 0 T T 30 9.7 17 20 M M 9 1 20 30
29 -7 -28 -17 -11 82 0 0.00 0.0 30 1.7 9 40 M M 3 11 40
30 -15 -30 -22 -16 87 0 0.00 0.0 30 0.9 7 40 M M 1 18 7 40
31 -18 -34 -26 -21 91 0 0.00 0.0 29 0.5 6 40 M M 1 1 6 40
================================================================================
SM 67 -540 2246 0 0.20 3.2 91.9 M 174
================================================================================
AV 2.2-17.4 3.0 FASTST M M 6 MAX(MPH)
MISC ----> 25 260 33 250
================================================================================
NOTES:
# LAST OF SEVERAL OCCURRENCES
COLUMN 17 PEAK WIND IN M.P.H.
PRELIMINARY LOCAL CLIMATOLOGICAL DATA (WS FORM: F-6) , PAGE 2
STATION: FAIRBANKS AK
MONTH: JANUARY
YEAR: 2022
LATITUDE: 64 49 N
LONGITUDE: 147 52 W
[TEMPERATURE DATA] [PRECIPITATION DATA] SYMBOLS USED IN COLUMN 16
AVERAGE MONTHLY: -7.6 TOTAL FOR MONTH: 0.20 1 = FOG OR MIST
DPTR FM NORMAL: 0.7 DPTR FM NORMAL: -0.41 2 = FOG REDUCING VISIBILITY
HIGHEST: 42 ON 24 GRTST 24HR 0.77 ON 18-18 TO 1/4 MILE OR LESS
LOWEST: -47 ON 2 3 = THUNDER
SNOW, ICE PELLETS, HAIL 4 = ICE PELLETS
TOTAL MONTH: 3.2 INCHES 5 = HAIL
GRTST 24HR 1.9 ON 11-11 6 = FREEZING RAIN OR DRIZZLE
GRTST DEPTH: 34 ON 17,16 7 = DUSTSTORM OR SANDSTORM:
VSBY 1/2 MILE OR LESS
8 = SMOKE OR HAZE
[NO. OF DAYS WITH] [WEATHER - DAYS WITH] 9 = BLOWING SNOW
X = TORNADO
MAX 32 OR BELOW: 29 0.01 INCH OR MORE: 4
MAX 90 OR ABOVE: 0 0.10 INCH OR MORE: 1
MIN 32 OR BELOW: 31 0.50 INCH OR MORE: 0
MIN 0 OR BELOW: 28 1.00 INCH OR MORE: 0
[HDD (BASE 65) ]
TOTAL THIS MO. 2246 CLEAR (SCALE 0-3) 9
DPTR FM NORMAL -26 PTCLDY (SCALE 4-7) 15
TOTAL FM JUL 1 8146 CLOUDY (SCALE 8-10) 7
DPTR FM NORMAL -231
[CDD (BASE 65) ]
TOTAL THIS MO. 0
DPTR FM NORMAL 0 [PRESSURE DATA]
TOTAL FM JAN 1 0 HIGHEST SLP 30.79 ON 2
DPTR FM NORMAL 0 LOWEST SLP 29.30 ON 21
[REMARKS]
#FINAL-01-22#