000
CXUS53 KFGF 010849
CF6FAR
PRELIMINARY LOCAL CLIMATOLOGICAL DATA (WS FORM: F-6)
STATION: FARGO HECTOR INTL AP ND
MONTH: APRIL
YEAR: 2023
LATITUDE: 46 54 N
LONGITUDE: 96 48 W
TEMPERATURE IN F: :PCPN: SNOW: WIND :SUNSHINE: SKY :PK WND
================================================================================
1 2 3 4 5 6A 6B 7 8 9 10 11 12 13 14 15 16 17 18
12Z AVG MX 2MIN
DY MAX MIN AVG DEP HDD CDD WTR SNW DPTH SPD SPD DIR MIN PSBL S-S WX SPD DR
================================================================================
1 33 8 21 -15 44 0 0.00 0.0 19 11.6 22 340 M M 0 31 160
2 42 24 33 -3 32 0 0.01 0.0 19 12.4 20 240 M M 2 28 160
3 38 22 30 -7 35 0 T 0.0 16 14.6 28 280 M M 9 168 36 290
4 33 22 28 -10 37 0 0.45 4.7 16 14.9 25 30 M M 10 12 34 20
5 27 20 24 -14 41 0 0.15 2.2 22 21.7 32 280 M M 8 189 40 280
6 31 8 20 -18 45 0 0.00 0.0 21 8.6 22 270 M M 1 189 28 280
7 41 5 23 -16 42 0 0.00 0.0 20 6.6 16 120 M M 4 18 20 110
8 45 15 30 -10 35 0 0.00 0.0 19 9.2 18 140 M M 0 27 120
9 48 30 39 -1 26 0 0.00 0.0 17 8.5 16 180 M M 0 20 180
10 46 29 38 -2 27 0 0.00 0.0 15 10.4 20 180 M M 0 25 150
11 57 38 48 7 17 0 0.00 0.0 12 11.0 20 160 M M 0 28 170
12 49 37 43 2 22 0 0.00 0.0 10 8.7 18 290 M M 0 22 20
13 62 37 50 8 15 0 0.02 0.0 7 13.0 26 50 M M 1 3 33 40
14 45 37 41 -1 24 0 0.00 0.0 2 12.1 22 320 M M 8 32 150
15 38 33 36 -7 29 0 0.00 0.0 T 21.3 31 340 M M M 37 340
16 46 33 40 -3 25 0 0.00 0.0 T 24.9 37 330 M M 4 49 350
17 48 30 39 -5 26 0 0.00 0.0 0 11.1 21 340 M M 0 28 340
18 58 30 44 0 21 0 0.00 0.0 0 9.4 20 100 M M 0 1 26 90
19 46 37 42 -3 23 0 0.26 0.0 0 13.8 25 120 M M 9 33 140
20 41 33 37 -8 28 0 0.46 0.9 0 8.4 17 100 M M 10 1 M M
21 36 30 33 -13 32 0 0.10 0.7 1 18.9 28 340 M M 10 18 36 350
22 38 27 33 -13 32 0 0.00 0.0 T 14.2 20 340 M M 8 28 340
23 46 25 36 -11 29 0 0.00 0.0 0 7.3 17 330 M M 3 21 340
24 47 27 37 -10 28 0 0.00 0.0 0 6.1 13 10 M M 3 16 10
25 52 26 39 -9 26 0 0.00 0.0 0 4.0 12 140 M M 2 21 180
26 52 31 42 -6 23 0 0.02 0.0 0 12.0 31 170 M M 5 1 42 160
27 63 34 49 1 16 0 0.01 0.0 0 9.7 30 30 M M 5 1 37 30
28 54 39 47 -2 18 0 T 0.0 0 11.4 21 340 M M 9 26 340
29 56 32 44 -5 21 0 0.01 0.0 0 10.6 29 350 M M 6 1 37 10
30 58 36 47 -3 18 0 0.00 0.0 0 23.5 38 340 M M 2 48 350
================================================================================
SM 1376 835 837 0 1.49 8.5 369.9 M 119
================================================================================
AV 45.9 27.8 12.3 FASTST M M 4 MAX(MPH)
MISC ----> 38 340 49 350
================================================================================
NOTES:
# LAST OF SEVERAL OCCURRENCES
COLUMN 17 PEAK WIND IN M.P.H.
PRELIMINARY LOCAL CLIMATOLOGICAL DATA (WS FORM: F-6) , PAGE 2
STATION: FARGO HECTOR INTL AP ND
MONTH: APRIL
YEAR: 2023
LATITUDE: 46 54 N
LONGITUDE: 96 48 W
[TEMPERATURE DATA] [PRECIPITATION DATA] SYMBOLS USED IN COLUMN 16
AVERAGE MONTHLY: 36.9 TOTAL FOR MONTH: 1.49 1 = FOG OR MIST
DPTR FM NORMAL: -6.2 DPTR FM NORMAL: -0.05 2 = FOG REDUCING VISIBILITY
HIGHEST: 63 ON 27 GRTST 24HR 0.60 ON 4- 5 TO 1/4 MILE OR LESS
LOWEST: 5 ON 7 3 = THUNDER
SNOW, ICE PELLETS, HAIL 4 = ICE PELLETS
TOTAL MONTH: 8.5 INCHES 5 = HAIL
GRTST 24HR 4.7 ON 4- 4 6 = FREEZING RAIN OR DRIZZLE
GRTST DEPTH: 22 ON 5 7 = DUSTSTORM OR SANDSTORM:
VSBY 1/2 MILE OR LESS
8 = SMOKE OR HAZE
[NO. OF DAYS WITH] [WEATHER - DAYS WITH] 9 = BLOWING SNOW
X = TORNADO
MAX 32 OR BELOW: 2 0.01 INCH OR MORE: 10
MAX 90 OR ABOVE: 0 0.10 INCH OR MORE: 5
MIN 32 OR BELOW: 19 0.50 INCH OR MORE: 0
MIN 0 OR BELOW: 0 1.00 INCH OR MORE: 0
[HDD (BASE 65) ]
TOTAL THIS MO. 837 CLEAR (SCALE 0-3) 14
DPTR FM NORMAL 176 PTCLDY (SCALE 4-7) 8
TOTAL FM JUL 1 9160 CLOUDY (SCALE 8-10) 8
DPTR FM NORMAL 703
[CDD (BASE 65) ]
TOTAL THIS MO. 0
DPTR FM NORMAL -1 [PRESSURE DATA]
TOTAL FM JAN 1 0 HIGHEST SLP 30.52 ON 7
DPTR FM NORMAL -1 LOWEST SLP 29.44 ON 14
[REMARKS]
#FINAL-04-23#