000
CXUS53 KFGF 010915
CF6FAR
PRELIMINARY LOCAL CLIMATOLOGICAL DATA (WS FORM: F-6)
STATION: FARGO HECTOR INTL AP ND
MONTH: OCTOBER
YEAR: 2020
LATITUDE: 46 54 N
LONGITUDE: 96 48 W
TEMPERATURE IN F: :PCPN: SNOW: WIND :SUNSHINE: SKY :PK WND
================================================================================
1 2 3 4 5 6A 6B 7 8 9 10 11 12 13 14 15 16 17 18
12Z AVG MX 2MIN
DY MAX MIN AVG DEP HDD CDD WTR SNW DPTH SPD SPD DIR MIN PSBL S-S WX SPD DR
================================================================================
1 53 41 47 -5 18 0 T 0.0 0 15.1 31 350 M M 8 39 350
2 50 31 41 -11 24 0 0.00 0.0 0 1.9 7 50 M M 7 10 10
3 55 29 42 -9 23 0 T 0.0 0 3.4 14 20 M M 6 20 20
4 61 26 44 -7 21 0 0.00 0.0 0 11.1 21 180 M M 0 32 170
5 74 44 59 9 6 0 T 0.0 0 14.5 28 310 M M 1 8 37 300
6 74 41 58 8 7 0 0.00 0.0 0 11.8 22 310 M M 4 29 280
7 69 38 54 4 11 0 0.00 0.0 0 10.6 29 310 M M 0 39 320
8 68 33 51 2 14 0 0.00 0.0 0 11.2 22 140 M M 1 33 140
9 75 43 59 10 6 0 0.00 0.0 0 10.8 21 330 M M 0 28 310
10 63 34 49 1 16 0 0.00 0.0 0 8.0 23 140 M M 0 30 150
11 74 52 63 15 2 0 0.10 0.0 0 21.1 37 160 M M 3 3 53 160
12 65 39 52 4 13 0 T 0.0 0 10.3 21 210 M M 3 29 210
13 61 41 51 4 14 0 0.00 0.0 0 17.1 37 280 M M 1 45 300
14 59 26 43 -4 22 0 T 0.0 0 16.9 36 340 M M 6 48 340
15 50 22 36 -10 29 0 0.00 0.0 0 13.2 30 290 M M 4 38 300
16 43 27 35 -11 30 0 0.01 T T 12.5 25 270 M M 3 1 32 290
17 41 24 33 -12 32 0 0.20 0.6 T 11.2 18 310 M M 8 1 23 360
18 34 21 28 -17 37 0 T T 0 10.4 22 280 M M 10 26 280
19 35 28 32 -12 33 0 0.00 0.0 0 4.2 9 100 M M 10 12 250
20 35 32 34 -10 31 0 0.49 4.2 0 12.5 22 130 M M 10 12 32 140
21 35 25 30 -13 35 0 0.00 0.0 3 9.9 24 270 M M 4 31 260
22 32 26 29 -14 36 0 0.23 2.7 2 11.0 17 340 M M 10 1 23 20
23 30 12 21 -21 44 0 0.00 0.0 4 12.2 18 290 M M 6 25 280
24 28 13 21 -21 44 0 0.00 0.0 3 4.2 9 250 M M 0 10 250
25 27 19 23 -18 42 0 0.02 0.2 2 7.2 10 250 M M 3 1 14 260
26 25 11 18 -23 47 0 0.00 0.0 2 11.9 21 200 M M 2 26 220
27 34 11 23 -17 42 0 0.00 0.0 1 17.7 26 180 M M 4 35 170
28 42 26 34 -6 31 0 T 0.0 1 13.3 28 340 M M 7 34 340
29 32 18 25 -14 40 0 0.01 0.1 0 6.9 12 160 M M 9 1 16 110
30 45 30 38 -1 27 0 0.01 0.1 T 13.7 30 150 M M 3 1 48 130
31 47 29 38 0 27 0 0.00 0.0 0 25.4 41 320 M M 5 55 320
================================================================================
SM 1516 892 804 0 1.07 7.9 361.2 M 138
================================================================================
AV 48.9 28.8 11.7 FASTST M M 4 MAX(MPH)
MISC ----> 41 320 55 320
================================================================================
NOTES:
# LAST OF SEVERAL OCCURRENCES
COLUMN 17 PEAK WIND IN M.P.H.
PRELIMINARY LOCAL CLIMATOLOGICAL DATA (WS FORM: F-6) , PAGE 2
STATION: FARGO HECTOR INTL AP ND
MONTH: OCTOBER
YEAR: 2020
LATITUDE: 46 54 N
LONGITUDE: 96 48 W
[TEMPERATURE DATA] [PRECIPITATION DATA] SYMBOLS USED IN COLUMN 16
AVERAGE MONTHLY: 38.8 TOTAL FOR MONTH: 1.07 1 = FOG OR MIST
DPTR FM NORMAL: -6.7 DPTR FM NORMAL: -1.08 2 = FOG REDUCING VISIBILITY
HIGHEST: 75 ON 9 GRTST 24HR 0.49 ON 20-20 TO 1/4 MILE OR LESS
LOWEST: 11 ON 27,26 3 = THUNDER
SNOW, ICE PELLETS, HAIL 4 = ICE PELLETS
TOTAL MONTH: 7.9 INCHES 5 = HAIL
GRTST 24HR 4.2 ON 20-20 6 = FREEZING RAIN OR DRIZZLE
GRTST DEPTH: 4 ON 23 7 = DUSTSTORM OR SANDSTORM:
VSBY 1/2 MILE OR LESS
8 = SMOKE OR HAZE
[NO. OF DAYS WITH] [WEATHER - DAYS WITH] 9 = BLOWING SNOW
X = TORNADO
MAX 32 OR BELOW: 6 0.01 INCH OR MORE: 8
MAX 90 OR ABOVE: 0 0.10 INCH OR MORE: 4
MIN 32 OR BELOW: 21 0.50 INCH OR MORE: 0
MIN 0 OR BELOW: 0 1.00 INCH OR MORE: 0
[HDD (BASE 65) ]
TOTAL THIS MO. 804 CLEAR (SCALE 0-3) 12
DPTR FM NORMAL 198 PTCLDY (SCALE 4-7) 13
TOTAL FM JUL 1 1024 CLOUDY (SCALE 8-10) 6
DPTR FM NORMAL 147
[CDD (BASE 65) ]
TOTAL THIS MO. 0
DPTR FM NORMAL -3 [PRESSURE DATA]
TOTAL FM JAN 1 654 HIGHEST SLP 30.48 ON 23
DPTR FM NORMAL 103 LOWEST SLP 29.37 ON 14
[REMARKS]
#FINAL-10-20#