000
CXUS54 KOUN 010810
CF6FDR
PRELIMINARY LOCAL CLIMATOLOGICAL DATA (WS FORM: F-6)
STATION: FREDERICK MUNICIPAL
MONTH: JULY
YEAR: 2022
LATITUDE: 34 21 N
LONGITUDE: 98 59 W
TEMPERATURE IN F: :PCPN: SNOW: WIND :SUNSHINE: SKY :PK WND
================================================================================
1 2 3 4 5 6A 6B 7 8 9 10 11 12 13 14 15 16 17 18
12Z AVG MX 2MIN
DY MAX MIN AVG DEP HDD CDD WTR SNW DPTH SPD SPD DIR MIN PSBL S-S WX SPD DR
================================================================================
1 101 81 91 7 0 26 0.00 0.0 0 11.7 22 140 M M 0 25 150
2 103 72 88 4 0 23 0.00 0.0 0 9.8 20 120 M M 0 24 140
3 101 74 88 4 0 23 T 0.0 0 10.8 35 140 M M 0 8 40 140
4 102 73 88 4 0 23 0.00 M M 11.6 26 160 M M 0 31 180
5 104 77 91 7 0 26 0.00 M M 14.7 25 180 M M 0 31 170
6 106 78 92 8 0 27 0.00 M M 14.4 24 180 M M 0 31 140
7 108 79 94 10 0 29 0.00 M M 12.7 21 150 M M 0 26 150
8 109 77 93 9 0 28 M M M 6.4 12 160 M M 1 M M
9 110 74 92 8 0 27 M M M 9.1 17 60 M M 0 3 21 60
10 104 74 89 4 0 24 0.00 M M 8.0 17 80 M M 0 23 60
11 105 73 89 4 0 24 0.00 M M 9.3 20 90 M M 0 28 80
12 102 73 88 3 0 23 M M M 9.2 18 90 M M 0 23 90
13 90 74 82 -3 0 17 M M M 11.7 15 70 M M 0 M M
14 M M M M M M M M M M M M M M M M M
15 M M M M M M 0.00 M M M M M M M M M M
16 105 73 89 4 0 24 0.00 M M M M M M M M M M
17 109 77 93 8 0 28 0.00 M M M M M M M M M M
18 108 79 94 8 0 29 0.00 M M 9.5 17 50 M M 0 22 40
19 114 76 95 9 0 30 0.00 M M 12.1 25 250 M M 0 30 230
20 109 90 100 14 0 35 T M M 15.0 30 240 M M 0 3 37 240
21 95 83 89 3 0 24 T M M 9.8 22 120 M M 4 26 190
22 94 69 82 -4 0 17 0.48 M M 12.3 26 170 M M 2 38 33 170
23 103 75 89 3 0 24 0.00 M M 12.8 22 160 M M 2 29 160
24 103 76 90 4 0 25 0.00 M M 11.3 21 170 M M 1 26 220
25 105 77 91 5 0 26 0.00 0.0 M 11.2 21 180 M M 1 26 180
26 105 78 92 6 0 27 0.00 0.0 M 12.0 22 190 M M 1 28 160
27 107 78 93 7 0 28 0.00 0.0 M 11.5 22 210 M M 0 28 170
28 105 80 93 7 0 28 0.02 M M 11.6 23 30 M M 3 38 30 10
29 99 76 88 2 0 23 0.00 M M 13.2 26 100 M M 1 31 60
30 97 75 86 0 0 21 T M M 11.5 24 10 M M 1 27 10
31 106 78 92 6 0 27 0.00 M M 11.6 21 150 M M 1 25 170
================================================================================
SM 3009 2219 0 736 0.50 0.0 304.8 M 18
================================================================================
AV103.8 76.5 11.3 FASTST M M 1 MAX(MPH)
MISC ----> 35 140 40 140
================================================================================
NOTES:
# LAST OF SEVERAL OCCURRENCES
COLUMN 17 PEAK WIND IN M.P.H.
PRELIMINARY LOCAL CLIMATOLOGICAL DATA (WS FORM: F-6) , PAGE 2
STATION: FREDERICK MUNICIPAL
MONTH: JULY
YEAR: 2022
LATITUDE: 34 21 N
LONGITUDE: 98 59 W
[TEMPERATURE DATA] [PRECIPITATION DATA] SYMBOLS USED IN COLUMN 16
AVERAGE MONTHLY: 90.1 TOTAL FOR MONTH: 0.50 1 = FOG OR MIST
DPTR FM NORMAL: 4.9 DPTR FM NORMAL: M 2 = FOG REDUCING VISIBILITY
HIGHEST: 114 ON 19 GRTST 24HR 0.48 ON 22-23 TO 1/4 MILE OR LESS
LOWEST: 69 ON 22 3 = THUNDER
SNOW, ICE PELLETS, HAIL 4 = ICE PELLETS
TOTAL MONTH: 0.0 INCH 5 = HAIL
GRTST 24HR 0.0 6 = FREEZING RAIN OR DRIZZLE
GRTST DEPTH: 0 7 = DUSTSTORM OR SANDSTORM:
VSBY 1/2 MILE OR LESS
8 = SMOKE OR HAZE
[NO. OF DAYS WITH] [WEATHER - DAYS WITH] 9 = BLOWING SNOW
X = TORNADO
MAX 32 OR BELOW: 0 0.01 INCH OR MORE: 2
MAX 90 OR ABOVE: 29 0.10 INCH OR MORE: 1
MIN 32 OR BELOW: 0 0.50 INCH OR MORE: 0
MIN 0 OR BELOW: 0 1.00 INCH OR MORE: 0
[HDD (BASE 65) ]
TOTAL THIS MO. 0 CLEAR (SCALE 0-3) 26
DPTR FM NORMAL 0 PTCLDY (SCALE 4-7) 1
TOTAL FM JUL 1 0 CLOUDY (SCALE 8-10) 4
DPTR FM NORMAL 0
[CDD (BASE 65) ]
TOTAL THIS MO. 736
DPTR FM NORMAL 112 [PRESSURE DATA]
TOTAL FM JAN 1 1814 HIGHEST SLP M ON M
DPTR FM NORMAL 370 LOWEST SLP 29.59 ON 19
[REMARKS]
#FINAL-07-22#