000
CXUS53 KLMK 010710
CF6FFT
PRELIMINARY LOCAL CLIMATOLOGICAL DATA (WS FORM: F-6)
STATION: FRANKFORT KY
MONTH: JULY
YEAR: 2021
LATITUDE: 38 10 N
LONGITUDE: 84 54 W
TEMPERATURE IN F: :PCPN: SNOW: WIND :SUNSHINE: SKY :PK WND
================================================================================
1 2 3 4 5 6A 6B 7 8 9 10 11 12 13 14 15 16 17 18
12Z AVG MX 2MIN
DY MAX MIN AVG DEP HDD CDD WTR SNW DPTH SPD SPD DIR MIN PSBL S-S WX SPD DR
================================================================================
1 76 69 73 -4 0 8 0.94 M M 2.0 13 190 M M 8 13 18 200
2 80 59 70 -7 0 5 0.00 M M 5.5 15 360 M M 3 1 22 10
3 81 55 68 -9 0 3 0.00 M M 2.5 10 300 M M 1 14 320
4 87 62 75 -2 0 10 0.00 M M 3.3 13 270 M M 4 17 260
5 90 67 79 2 0 14 0.00 M M 1.6 9 240 M M 1 18 14 240
6 92 70 81 4 0 16 0.45 M M 1.5 29 190 M M 1 13 42 190
7 88 68 78 1 0 13 0.04 M M 6.5 22 170 M M 2 1 30 170
8 87 71 79 2 0 14 0.79 M M 6.2 23 310 M M 7 13 42 320
9 82 67 75 -2 0 10 0.00 M M 5.5 12 330 M M 4 13 17 330
10 86 65 76 -1 0 11 0.43 M M 5.5 18 220 M M 5 1238 28 190
11 82 69 76 -1 0 11 0.62 M M 7.5 17 210 M M 7 1 25 240
12 85 72 79 2 0 14 T M M 9.2 17 190 M M 6 24 190
13 81 70 76 -1 0 11 0.01 M M 9.4 20 200 M M 4 27 200
14 86 70 78 1 0 13 0.00 M M 4.5 10 230 M M 5 14 210
15 88 68 78 1 0 13 0.13 M M 6.7 17 230 M M 1 8 29 230
16 87 71 79 2 0 14 1.68 M M 5.9 20 290 M M 2 138 33 280
17 85 70 78 1 0 13 0.59 M M 5.3 18 190 M M 6 13 26 180
18 84 68 76 -1 0 11 0.00 M M 6.3 6 80 M M 2 1 19 60
19 86 64 75 -2 0 10 0.00 M M 4.5 14 50 M M 1 20 30
20 87 63 75 -2 0 10 0.00 M M 3.6 9 360 M M 1 18 16 10
21 87 64 76 -1 0 11 0.00 M M 3.3 10 340 M M 0 18 15 340
22 84 63 74 -3 0 9 0.00 M M 3.4 9 40 M M 1 18 13 10
23 86 59 73 -4 0 8 0.00 M M 2.1 10 130 M M 0 14 120
24 87 61 74 -3 0 9 T M M 3.8 12 210 M M 0 1 15 220
25 91 73 82 5 0 17 T M M 4.2 12 230 M M 2 18 16 240
26 94 73 84 7 0 19 0.00 M M 3.8 12 340 M M 2 1 16 350
27 92 66 79 2 0 14 0.00 M M 3.1 12 350 M M 0 16 340
28 90 64 77 0 0 12 0.00 M M 2.4 9 280 M M 0 1 15 310
29 89 68 79 2 0 14 0.00 M M 6.4 15 220 M M 1 18 22 210
30 85 71 78 1 0 13 0.19 M M 3.9 12 290 M M 5 138 17 280
31 79 63 71 -6 0 6 0.01 M M 3.0 13 290 M M 5 18 20 300
================================================================================
SM 2664 2063 0 356 5.88 M 142.4 M 87
================================================================================
AV 85.9 66.5 4.6 FASTST M M 3 MAX(MPH)
MISC ----> 29 190 # 42 190
================================================================================
NOTES:
# LAST OF SEVERAL OCCURRENCES
COLUMN 17 PEAK WIND IN M.P.H.
PRELIMINARY LOCAL CLIMATOLOGICAL DATA (WS FORM: F-6) , PAGE 2
STATION: FRANKFORT KY
MONTH: JULY
YEAR: 2021
LATITUDE: 38 10 N
LONGITUDE: 84 54 W
[TEMPERATURE DATA] [PRECIPITATION DATA] SYMBOLS USED IN COLUMN 16
AVERAGE MONTHLY: 76.2 TOTAL FOR MONTH: 5.88 1 = FOG OR MIST
DPTR FM NORMAL: -1.0 DPTR FM NORMAL: 1.19 2 = FOG REDUCING VISIBILITY
HIGHEST: 94 ON 26 GRTST 24HR 2.27 ON 16-17 TO 1/4 MILE OR LESS
LOWEST: 55 ON 3 3 = THUNDER
SNOW, ICE PELLETS, HAIL 4 = ICE PELLETS
TOTAL MONTH: M 5 = HAIL
GRTST 24HR M ON M 6 = FREEZING RAIN OR DRIZZLE
GRTST DEPTH: M ON M 7 = DUSTSTORM OR SANDSTORM:
VSBY 1/2 MILE OR LESS
8 = SMOKE OR HAZE
[NO. OF DAYS WITH] [WEATHER - DAYS WITH] 9 = BLOWING SNOW
X = TORNADO
MAX 32 OR BELOW: 0 0.01 INCH OR MORE: 12
MAX 90 OR ABOVE: 6 0.10 INCH OR MORE: 9
MIN 32 OR BELOW: 0 0.50 INCH OR MORE: 5
MIN 0 OR BELOW: 0 1.00 INCH OR MORE: 1
[HDD (BASE 65) ]
TOTAL THIS MO. 0 CLEAR (SCALE 0-3) 19
DPTR FM NORMAL 0 PTCLDY (SCALE 4-7) 12
TOTAL FM JUL 1 0 CLOUDY (SCALE 8-10) 0
DPTR FM NORMAL 0
[CDD (BASE 65) ]
TOTAL THIS MO. 356
DPTR FM NORMAL -22 [PRESSURE DATA]
TOTAL FM JAN 1 769 HIGHEST SLP M ON M
DPTR FM NORMAL -17 LOWEST SLP 29.79 ON 11
[REMARKS]
#FINAL-07-21#