000
CXUS55 KLMK 020252
CLMFFT
CLIMATE REPORT
NATIONAL WEATHER SERVICE LOUISVILLE KY
1052 PM EDT TUE AUG 01 2023
...................................
...THE FRANKFORT KY CLIMATE SUMMARY FOR THE MONTH OF JULY 2023...
CLIMATE NORMAL PERIOD 1991 TO 2020
CLIMATE RECORD PERIOD 1895 TO 2023
WEATHER OBSERVED NORMAL DEPART LAST YEAR`S
VALUE DATE(S) VALUE FROM VALUE DATE(S)
NORMAL
................................................................
TEMPERATURE (F)
RECORD
HIGH 111 07/15/1936
LOW 48 07/23/1947
07/02/1937
07/01/1937
HIGHEST 93 07/28 MM MM 98 07/05
07/06
LOWEST 57 07/10 MM MM 62 07/13
07/15
07/30
AVG. MAXIMUM 86.1 87.6 -1.5 87.9
AVG. MINIMUM 67.1 66.8 0.3 69.1
MEAN 76.6 77.2 -0.6 78.5
DAYS MAX >= 90 6 9.9 -3.9 11
DAYS MAX <= 32 0 0.0 0.0 0
DAYS MIN <= 32 0 0.0 0.0 0
DAYS MIN <= 0 0 0.0 0.0 0
PRECIPITATION (INCHES)
RECORD
MAXIMUM 11.02 2015
MINIMUM 0.18 1930
TOTALS 3.67 4.69 -1.02 5.54
DAILY AVG. 0.12 0.15 -0.03 0.18
DAYS >= .01 9 11.9 -2.9 12
DAYS >= .10 6 7.6 -1.6 11
DAYS >= .50 5 3.6 1.4 5
DAYS >= 1.00 0 1.5 -1.5 1
GREATEST
24 HR. TOTAL 0.89 07/01 TO 07/02
DEGREE DAYS
HEATING TOTAL 0 0 0 0
SINCE 7/1 0 0 0 MM
COOLING TOTAL 369 378 -9 426
SINCE 1/1 615 786 -171 MM
................................................................
WIND (MPH)
AVERAGE WIND SPEED 5.1
HIGHEST WIND SPEED/DIRECTION 28/180 DATE 07/24
HIGHEST GUST SPEED/DIRECTION 39/180 DATE 07/24
SKY COVER
POSSIBLE SUNSHINE (PERCENT) MM
AVERAGE SKY COVER 0.25
NUMBER OF DAYS FAIR 24
NUMBER OF DAYS PC 6
NUMBER OF DAYS CLOUDY 1
AVERAGE RH (PERCENT) 75
WEATHER CONDITIONS. NUMBER OF DAYS WITH
THUNDERSTORM 11 MIXED PRECIP 0
HEAVY RAIN 6 RAIN 4
LIGHT RAIN 11 FREEZING RAIN 0
LT FREEZING RAIN 0 HAIL 0
HEAVY SNOW 0 SNOW 0
LIGHT SNOW 0 SLEET 0
FOG 17 FOG W/VIS <= 1/4 MILE 0
HAZE 5
- INDICATES NEGATIVE NUMBERS.
R INDICATES RECORD WAS SET OR TIED.
MM INDICATES DATA IS MISSING.
T INDICATES TRACE AMOUNT.
$$