000
CXUS53 KMKX 010910
CF6FLD
PRELIMINARY LOCAL CLIMATOLOGICAL DATA (WS FORM: F-6)
STATION: FOND_DU_LAC WI
MONTH: DECEMBER
YEAR: 2022
LATITUDE: 43 46 N
LONGITUDE: 88 29 W
TEMPERATURE IN F: :PCPN: SNOW: WIND :SUNSHINE: SKY :PK WND
================================================================================
1 2 3 4 5 6A 6B 7 8 9 10 11 12 13 14 15 16 17 18
12Z AVG MX 2MIN
DY MAX MIN AVG DEP HDD CDD WTR SNW DPTH SPD SPD DIR MIN PSBL S-S WX SPD DR
================================================================================
1 35 14 25 -5 40 0 0.00 M M 11.4 22 180 M M 3 31 190
2 47 30 39 9 26 0 0.00 M M 13.3 25 280 M M 6 37 280
3 44 16 30 0 35 0 0.01 M M 14.9 31 290 M M 3 1 42 300
4 37 18 28 -1 37 0 0.00 M M 11.6 18 210 M M 0 29 210
5 35 30 33 4 32 0 T M M 7.5 20 190 M M 7 1 28 220
6 36 28 32 4 33 0 T M M 5.6 15 40 M M 9 1 19 30
7 34 28 31 3 34 0 0.00 M M 4.8 15 20 M M 10 12 18 30
8 36 27 32 4 33 0 0.00 M M 6.2 14 100 M M 8 19 100
9 36 30 33 6 32 0 T M M 9.2 18 80 M M 10 1 26 80
10 37 34 36 9 29 0 T M M 5.0 13 120 M M 10 1 18 130
11 37 33 35 8 30 0 0.00 M M 5.9 10 30 M M 10 1 13 30
12 37 32 35 9 30 0 0.00 M M 6.0 17 110 M M 10 24 110
13 37 35 36 10 29 0 T M M 14.8 25 120 M M 10 34 100
14 40 34 37 11 28 0 0.41 M M 18.3 26 120 M M 10 1 41 120
15 35 29 32 7 33 0 0.29 M M 12.5 20 200 M M 10 1 27 190
16 29 24 27 2 38 0 T M M 13.3 23 210 M M 10 1 33 200
17 26 23 25 0 40 0 T M M 10.0 16 280 M M 10 1 26 280
18 23 10 17 -7 48 0 T M M 10.9 18 280 M M 10 1 26 280
19 23 9 16 -8 49 0 T M M 5.2 13 180 M M 9 1 16 180
20 26 2 14 -10 51 0 T M M 9.5 16 290 M M 5 1 24 190
21 23 -3 10 -13 55 0 T M M 4.4 10 290 M M 5 1 14 300
22 31 -6 13 -10 52 0 0.05 M M 13.3 30 290 M M 10 1 41 290
23 2 -9 -3 -26 68 0 T M M 22.2 32 280 M M 7 1 46 280
24 9 2 6 -17 59 0 0.00 M M 17.7 29 290 M M 3 189 40 280
25 8 -1 4 -18 61 0 0.00 M M 8.9 22 280 M M 0 32 290
26 18 1 10 -12 55 0 0.00 M M 4.9 12 320 M M 4 14 310
27 24 4 14 -8 51 0 0.00 M M 13.4 23 180 M M 2 30 190
28 41 24 33 11 32 0 0.00 M M 16.1 22 180 M M 0 32 190
29 56 39 48 27 17 0 0.00 M M 12.0 25 200 M M 6 34 180
30 55 24 40 19 25 0 0.00 M M 9.9 22 220 M M 8 34 220
31 35 23 29 8 36 0 0.03 M M 4.1 13 150 M M 8 1 17 150
================================================================================
SM 992 584 1218 0 0.79 M 322.8 M 213
================================================================================
AV 32.0 18.8 10.4 FASTST M M 7 MAX(MPH)
MISC ----> 32 280 46 280
================================================================================
NOTES:
# LAST OF SEVERAL OCCURRENCES
COLUMN 17 PEAK WIND IN M.P.H.
PRELIMINARY LOCAL CLIMATOLOGICAL DATA (WS FORM: F-6) , PAGE 2
STATION: FOND_DU_LAC WI
MONTH: DECEMBER
YEAR: 2022
LATITUDE: 43 46 N
LONGITUDE: 88 29 W
[TEMPERATURE DATA] [PRECIPITATION DATA] SYMBOLS USED IN COLUMN 16
AVERAGE MONTHLY: 25.4 TOTAL FOR MONTH: 0.79 1 = FOG OR MIST
DPTR FM NORMAL: 0.3 DPTR FM NORMAL: -0.13 2 = FOG REDUCING VISIBILITY
HIGHEST: 56 ON 29 GRTST 24HR 0.70 ON 14-15 TO 1/4 MILE OR LESS
LOWEST: -9 ON 23 3 = THUNDER
SNOW, ICE PELLETS, HAIL 4 = ICE PELLETS
TOTAL MONTH: M 5 = HAIL
GRTST 24HR M ON M 6 = FREEZING RAIN OR DRIZZLE
GRTST DEPTH: M ON M 7 = DUSTSTORM OR SANDSTORM:
VSBY 1/2 MILE OR LESS
8 = SMOKE OR HAZE
[NO. OF DAYS WITH] [WEATHER - DAYS WITH] 9 = BLOWING SNOW
X = TORNADO
MAX 32 OR BELOW: 12 0.01 INCH OR MORE: 5
MAX 90 OR ABOVE: 0 0.10 INCH OR MORE: 2
MIN 32 OR BELOW: 26 0.50 INCH OR MORE: 0
MIN 0 OR BELOW: 4 1.00 INCH OR MORE: 0
[HDD (BASE 65) ]
TOTAL THIS MO. 1218 CLEAR (SCALE 0-3) 6
DPTR FM NORMAL -17 PTCLDY (SCALE 4-7) 9
TOTAL FM JUL 1 2573 CLOUDY (SCALE 8-10) 16
DPTR FM NORMAL -177
[CDD (BASE 65) ]
TOTAL THIS MO. 0
DPTR FM NORMAL 0 [PRESSURE DATA]
TOTAL FM JAN 1 739 HIGHEST SLP 30.56 ON 21
DPTR FM NORMAL 156 LOWEST SLP 29.37 ON 15
[REMARKS]
#FINAL-12-22#