000
CXUS53 KMKX 010810
CF6FLD
PRELIMINARY LOCAL CLIMATOLOGICAL DATA (WS FORM: F-6)
STATION: FOND_DU_LAC WI
MONTH: JULY
YEAR: 2023
LATITUDE: 43 46 N
LONGITUDE: 88 29 W
TEMPERATURE IN F: :PCPN: SNOW: WIND :SUNSHINE: SKY :PK WND
================================================================================
1 2 3 4 5 6A 6B 7 8 9 10 11 12 13 14 15 16 17 18
12Z AVG MX 2MIN
DY MAX MIN AVG DEP HDD CDD WTR SNW DPTH SPD SPD DIR MIN PSBL S-S WX SPD DR
================================================================================
1 87 66 77 6 0 12 0.00 M M 2.9 10 340 M M 2 15 340
2 85 62 74 3 0 9 0.00 M M 7.7 15 20 M M 0 22 10
3 90 58 74 3 0 9 0.00 M M 4.1 13 140 M M 0 1 18 280
4 92 65 79 8 0 14 0.00 M M 5.5 14 230 M M 1 19 240
5 88 68 78 7 0 13 1.36 M M 6.0 22 250 M M 4 123 32 240
6 79 62 71 0 0 6 0.00 M M 7.1 17 60 M M 6 23 80
7 78 53 66 -5 0 1 T M M 4.1 12 130 M M 4 15 160
8 82 62 72 1 0 7 0.04 M M 5.5 13 140 M M 5 18 150
9 83 57 70 -1 0 5 0.00 M M 4.3 12 230 M M 1 1 19 300
10 90 65 78 7 0 13 0.00 M M 12.2 22 200 M M 0 34 210
11 79 63 71 -1 0 6 0.00 M M 8.1 17 310 M M 2 3 25 290
12 74 57 66 -6 0 1 0.84 M M 7.7 17 140 M M 6 13 23 150
13 76 60 68 -4 0 3 0.00 M M 4.9 12 180 M M 8 3 15 190
14 86 62 74 2 0 9 0.04 M M 8.1 17 240 M M 2 13 25 230
15 83 63 73 1 0 8 0.02 M M 7.2 16 310 M M 1 18 23 320
16 80 61 71 -1 0 6 0.24 M M 8.0 20 310 M M 4 138 26 310
17 76 56 66 -6 0 1 0.00 M M 7.1 15 320 M M 3 21 280
18 80 53 67 -5 0 2 0.00 M M 4.0 10 220 M M 2 16 230
19 84 57 71 -1 0 6 0.00 M M 5.8 16 180 M M 1 22 180
20 80 63 72 0 0 7 0.00 M M 12.0 22 290 M M 4 3 29 290
21 84 57 71 -1 0 6 T M M 4.7 14 30 M M 2 19 340
22 84 59 72 0 0 7 0.04 M M 4.1 23 270 M M 3 3 35 250
23 85 58 72 0 0 7 0.00 M M 4.8 12 230 M M 1 18 17 230
24 85 59 72 0 0 7 0.00 M M 4.0 12 280 M M 0 18 17 290
25 91 64 78 7 0 13 0.00 M M 6.6 15 190 M M 1 18 20 200
26 87 67 77 6 0 12 0.76 M M 7.9 35 310 M M 4 138 49 310
27 93 65 79 8 0 14 0.66 M M 6.8 36 330 M M 1 13 47 330
28 89 68 79 8 0 14 0.74 M M 8.1 35 80 M M 2 13 44 70
29 82 67 75 4 0 10 T M M 6.1 14 320 M M 2 17 310
30 80 59 70 -1 0 5 0.00 M M 4.8 16 330 M M 1 21 310
31 80 55 68 -3 0 3 0.00 M M 2.6 9 10 M M 0 13 340
================================================================================
SM 2592 1891 0 236 4.74 M 192.8 M 73
================================================================================
AV 83.6 61.0 6.2 FASTST M M 2 MAX(MPH)
MISC ----> 36 330 49 310
================================================================================
NOTES:
# LAST OF SEVERAL OCCURRENCES
COLUMN 17 PEAK WIND IN M.P.H.
PRELIMINARY LOCAL CLIMATOLOGICAL DATA (WS FORM: F-6) , PAGE 2
STATION: FOND_DU_LAC WI
MONTH: JULY
YEAR: 2023
LATITUDE: 43 46 N
LONGITUDE: 88 29 W
[TEMPERATURE DATA] [PRECIPITATION DATA] SYMBOLS USED IN COLUMN 16
AVERAGE MONTHLY: 72.3 TOTAL FOR MONTH: 4.74 1 = FOG OR MIST
DPTR FM NORMAL: 1.0 DPTR FM NORMAL: 1.34 2 = FOG REDUCING VISIBILITY
HIGHEST: 93 ON 27 GRTST 24HR 1.36 ON 5- 5 TO 1/4 MILE OR LESS
LOWEST: 53 ON 18, 7 3 = THUNDER
SNOW, ICE PELLETS, HAIL 4 = ICE PELLETS
TOTAL MONTH: M 5 = HAIL
GRTST 24HR M ON M 6 = FREEZING RAIN OR DRIZZLE
GRTST DEPTH: M ON M 7 = DUSTSTORM OR SANDSTORM:
VSBY 1/2 MILE OR LESS
8 = SMOKE OR HAZE
[NO. OF DAYS WITH] [WEATHER - DAYS WITH] 9 = BLOWING SNOW
X = TORNADO
MAX 32 OR BELOW: 0 0.01 INCH OR MORE: 10
MAX 90 OR ABOVE: 5 0.10 INCH OR MORE: 6
MIN 32 OR BELOW: 0 0.50 INCH OR MORE: 5
MIN 0 OR BELOW: 0 1.00 INCH OR MORE: 1
[HDD (BASE 65) ]
TOTAL THIS MO. 0 CLEAR (SCALE 0-3) 22
DPTR FM NORMAL -11 PTCLDY (SCALE 4-7) 9
TOTAL FM JUL 1 0 CLOUDY (SCALE 8-10) 0
DPTR FM NORMAL -1
[CDD (BASE 65) ]
TOTAL THIS MO. 236
DPTR FM NORMAL 29 [PRESSURE DATA]
TOTAL FM JAN 1 412 HIGHEST SLP M ON M
DPTR FM NORMAL 47 LOWEST SLP 29.71 ON 26
[REMARKS]
#FINAL-07-23#