000
CXUS55 KFGZ 040456
CLMFLG
CLIMATE REPORT
NATIONAL WEATHER SERVICE FLAGSTAFF AZ
956 PM MST MON JUL 03 2023
...................................
...THE FLAGSTAFF AZ AIRPORT CLIMATE SUMMARY FOR THE MONTH OF JUNE 2023...
CLIMATE NORMAL PERIOD 1991 TO 2020
CLIMATE RECORD PERIOD 1898 TO 2023
WEATHER OBSERVED NORMAL DEPART LAST YEAR`S
VALUE DATE(S) VALUE FROM VALUE DATE(S)
NORMAL
................................................................
TEMPERATURE (F)
RECORD
HIGH 96 06/28/2013
LOW 22 06/02/1955
06/02/1951
HIGHEST 85 06/30 87 06/10
06/11
LOWEST 29 06/24 30 06/01
AVG. MAXIMUM 74.8 79.1 -4.3 79.8
AVG. MINIMUM 39.8 42.5 -2.7 45.8
MEAN 57.3 60.8 -3.5 62.8
DAYS MAX >= 90 0 0.9 -0.9 0
DAYS MAX <= 32 0 0.0 0.0 0
DAYS MIN <= 32 3 1.9 1.1 2
DAYS MIN <= 0 0 0.0 0.0 0
PRECIPITATION (INCHES)
RECORD
MAXIMUM 2.92 1955
MINIMUM 0.00 2014
TOTALS 0.43 0.30 0.13 0.88
DAILY AVG. 0.01 0.01 -0.00 0.03
DAYS >= .01 3 2.2 0.8 8
DAYS >= .10 1 0.8 0.2 4
DAYS >= .50 0 0.1 -0.1 0
DAYS >= 1.00 0 0.0 0.0 0
GREATEST
24 HR. TOTAL 0.37 06/03 TO 06/04 0.35
SNOWFALL (INCHES)
RECORDS
TOTAL 0.5 1907
TOTALS 0.0 0.0 0.0
SINCE 7/1 163.1 90.1 73.0 56.2
SNOWDEPTH AVG. 0 0
GREATEST
SNOW DEPTH 0 0.0
24 HR TOTAL 0.0 0.0
DEGREE DAYS
HEATING TOTAL 227 148 79 91
SINCE 7/1 7069 6746 323 MM
COOLING TOTAL 2 22 -20 35
SINCE 1/1 2 23 -21 MM
................................................................
WIND (MPH)
AVERAGE WIND SPEED 8.1
HIGHEST WIND SPEED/DIRECTION 31/220 DATE 06/19
31/210 06/27
31/220 06/28
HIGHEST GUST SPEED/DIRECTION 44/230 DATE 06/18
SKY COVER
POSSIBLE SUNSHINE (PERCENT) MM
AVERAGE SKY COVER 0.10
NUMBER OF DAYS FAIR 27
NUMBER OF DAYS PC 3
NUMBER OF DAYS CLOUDY 0
AVERAGE RH (PERCENT) 38
WEATHER CONDITIONS. NUMBER OF DAYS WITH
THUNDERSTORM 3 MIXED PRECIP 0
HEAVY RAIN 1 RAIN 2
LIGHT RAIN 4 FREEZING RAIN 0
LT FREEZING RAIN 0 HAIL 0
HEAVY SNOW 0 SNOW 0
LIGHT SNOW 0 SLEET 0
FOG 1 FOG W/VIS <= 1/4 MILE 0
HAZE 6
- INDICATES NEGATIVE NUMBERS.
R INDICATES RECORD WAS SET OR TIED.
MM INDICATES DATA IS MISSING.
T INDICATES TRACE AMOUNT.
$$