000
CXUS52 KMFL 011030
CF6FLL
PRELIMINARY LOCAL CLIMATOLOGICAL DATA (WS FORM: F-6)
STATION: FORT LAUDERDALE
MONTH: JULY
YEAR: 2021
LATITUDE: 26 4 N
LONGITUDE: 80 9 W
TEMPERATURE IN F: :PCPN: SNOW: WIND :SUNSHINE: SKY :PK WND
================================================================================
1 2 3 4 5 6A 6B 7 8 9 10 11 12 13 14 15 16 17 18
12Z AVG MX 2MIN
DY MAX MIN AVG DEP HDD CDD WTR SNW DPTH SPD SPD DIR MIN PSBL S-S WX SPD DR
================================================================================
1 83 70 77 -6 0 12 1.27 0.0 0 5.1 18 180 M M 7 13 23 180
2 91 72 82 -1 0 17 0.02 0.0 0 5.0 16 140 M M 6 3 23 140
3 96 76 86 3 0 21 0.16 M M 6.9 15 130 M M 6 22 240
4 89 80 85 2 0 20 0.00 0.0 0 7.7 16 130 M M 5 20 130
5 90 75 83 -1 0 18 0.53 0.0 0 9.0 37 180 M M 7 13 47 170
6 87 76 82 -2 0 17 0.24 0.0 M 14.3 24 130 M M 9 13 29 150
7 88 80 84 0 0 19 0.12 0.0 0 10.3 21 140 M M 9 1 27 150
8 91 77 84 0 0 19 T 0.0 M 7.2 22 140 M M 7 3 28 140
9 90 76 83 -1 0 18 0.02 0.0 0 8.5 17 330 M M 6 25 320
10 88 76 82 -2 0 17 T 0.0 0 6.2 22 100 M M 7 3 30 140
11 88 76 82 -2 0 17 0.46 0.0 0 10.5 31 120 M M 6 138 36 120
12 85 71 78 -6 0 13 1.26 0.0 0 11.0 24 40 M M 8 13 33 50
13 87 76 82 -2 0 17 0.30 0.0 0 12.7 25 160 M M 8 13 31 160
14 88 76 82 -2 0 17 T 0.0 0 8.7 20 90 M M 8 26 70
15 88 78 83 -1 0 18 0.29 0.0 0 12.1 21 90 M M 4 1 28 100
16 88 80 84 0 0 19 T 0.0 0 12.0 18 120 M M 4 24 100
17 88 78 83 -1 0 18 0.27 0.0 0 9.7 20 100 M M 6 1 23 100
18 88 80 84 0 0 19 T 0.0 0 10.9 20 100 M M 5 23 130
19 89 82 86 2 0 21 T 0.0 0 10.3 17 120 M M 4 24 120
20 90 77 84 0 0 19 0.60 0.0 0 6.9 23 130 M M 6 13 28 150
21 91 74 83 -1 0 18 0.00 0.0 0 7.2 15 130 M M 6 3 M M
22 92 76 84 0 0 19 0.00 M M 6.4 16 120 M M 4 19 120
23 91 75 83 -1 0 18 0.62 M M 5.9 23 260 M M 5 1238 33 280
24 91 79 85 1 0 20 0.07 M M 5.4 23 130 M M 5 3 27 130
25 88 78 83 -1 0 18 0.18 M M 4.6 10 160 M M 5 21 240
26 90 79 85 1 0 20 T 0.0 0 6.2 16 130 M M 6 M M
27 90 75 83 -1 0 18 0.30 0.0 0 5.7 17 260 M M 5 13 21 150
28 90 75 83 -1 0 18 1.82 M M 2.3 12 120 M M 4 13 25 0
29 91 77 84 0 0 19 0.55 0.0 0 4.7 15 130 M M 6 3 18 310
30 92 76 84 0 0 19 0.00 M M 5.9 13 140 M M 5 M M
31 92 79 86 2 0 21 0.00 0.0 0 7.2 16 130 M M 4 22 130
================================================================================
SM 2770 2375 0 564 9.08 0.0 246.5 M 183
================================================================================
AV 89.4 76.6 8.0 FASTST M M 6 MAX(MPH)
MISC ----> 37 180 47 170
================================================================================
NOTES:
# LAST OF SEVERAL OCCURRENCES
COLUMN 17 PEAK WIND IN M.P.H.
PRELIMINARY LOCAL CLIMATOLOGICAL DATA (WS FORM: F-6) , PAGE 2
STATION: FORT LAUDERDALE
MONTH: JULY
YEAR: 2021
LATITUDE: 26 4 N
LONGITUDE: 80 9 W
[TEMPERATURE DATA] [PRECIPITATION DATA] SYMBOLS USED IN COLUMN 16
AVERAGE MONTHLY: 83.0 TOTAL FOR MONTH: 9.08 1 = FOG OR MIST
DPTR FM NORMAL: -0.8 DPTR FM NORMAL: 3.67 2 = FOG REDUCING VISIBILITY
HIGHEST: 96 ON 3 GRTST 24HR 1.82 ON 28-28 TO 1/4 MILE OR LESS
LOWEST: 70 ON 1 3 = THUNDER
SNOW, ICE PELLETS, HAIL 4 = ICE PELLETS
TOTAL MONTH: 0.0 INCH 5 = HAIL
GRTST 24HR 0.0 6 = FREEZING RAIN OR DRIZZLE
GRTST DEPTH: 0 7 = DUSTSTORM OR SANDSTORM:
VSBY 1/2 MILE OR LESS
8 = SMOKE OR HAZE
[NO. OF DAYS WITH] [WEATHER - DAYS WITH] 9 = BLOWING SNOW
X = TORNADO
MAX 32 OR BELOW: 0 0.01 INCH OR MORE: 19
MAX 90 OR ABOVE: 16 0.10 INCH OR MORE: 16
MIN 32 OR BELOW: 0 0.50 INCH OR MORE: 7
MIN 0 OR BELOW: 0 1.00 INCH OR MORE: 3
[HDD (BASE 65) ]
TOTAL THIS MO. 0 CLEAR (SCALE 0-3) 0
DPTR FM NORMAL 0 PTCLDY (SCALE 4-7) 28
TOTAL FM JUL 1 0 CLOUDY (SCALE 8-10) 3
DPTR FM NORMAL 0
[CDD (BASE 65) ]
TOTAL THIS MO. 564
DPTR FM NORMAL -19 [PRESSURE DATA]
TOTAL FM JAN 1 2683 HIGHEST SLP M ON M
DPTR FM NORMAL 202 LOWEST SLP 29.91 ON 2
[REMARKS]
#FINAL-07-21#